{"id":4263,"date":"2020-04-01T15:34:09","date_gmt":"2020-04-01T13:34:09","guid":{"rendered":"https:\/\/www.upm.es\/recursosidi\/?page_id=4263"},"modified":"2020-04-14T10:17:15","modified_gmt":"2020-04-14T08:17:15","slug":"informacion-adicional-sobre-proteccion-datos","status":"publish","type":"page","link":"https:\/\/www.upm.es\/recursosidi\/informacion-adicional-sobre-proteccion-datos\/","title":{"rendered":"Informaci\u00f3n adicional sobre protecci\u00f3n de datos"},"content":{"rendered":"<ul>\n<li><strong>\u00bfQui\u00e9n es el responsable del tratamiento de sus datos?<\/strong>\n<ul>\n<li><strong>Identidad: <\/strong>Universidad Polit\u00e9cnica de Madrid<\/li>\n<li><strong>Direcci\u00f3n Postal: <\/strong>C\/Ramiro de Maeztu n\u00ba7. 28040 Madrid<\/li>\n<li><strong>Tel\u00e9fono\/ correo electr\u00f3nico:\u00a0 <\/strong>91 067 06 50 \/ <span rel=\"80310f30ac312531bc3118319e313b3191313a31a4312f3173313a31b6312631c2312731b4311c31af311231b7311731a6312231ac311230a5313131ae312730b4314331\" class=\"cryptex \" style=\"\"><span class=\"CryptexImg ctx-ZogQX8MxbZa084ccQ_SyERfykBTvQNiA4EfIcGDCOg\"><\/span><\/span><\/li>\n<li><strong>Contacto Delegado Protecci\u00f3n de Datos: <\/strong><span rel=\"80310f30a9313231c8311a319e312a3193313131aa313c3173312831ae312c31bb31353181311d31b631183184311931b031\" class=\"cryptex \" style=\"\"><span class=\"CryptexImg ctxtQkQjR5_HpW-OVze3T7VWlFnudeQejy8tbErtO8ISDk\"><\/span><\/span><\/li>\n<\/ul>\n<\/li>\n<li><strong>\u00bfCon qu\u00e9 finalidad se tratan sus datos personales?<\/strong>\n<ul>\n<li>Sus datos personales se tratan con la finalidad de gestionar su participaci\u00f3n en la plataforma desarrollada para recoger demandas de tecnolog\u00edas por parte de terceros con el fin de que la UPM pueda responder a las preguntas planteadas en relaci\u00f3n a la crisis de COVID-19.<\/li>\n<\/ul>\n<\/li>\n<li><strong>\u00bfPor cu\u00e1nto tiempo conservaremos sus datos? <\/strong>\n<ul>\n<li>Los datos personales se conservar\u00e1n durante el tiempo necesario para cumplir con la finalidad para la que se recabaron y para determinar las posibles responsabilidades que se pudieran derivar de dicha finalidad y del tratamiento de los datos, adem\u00e1s de los periodos establecidos en la normativa de archivos y documentaci\u00f3n.<\/li>\n<\/ul>\n<\/li>\n<li><strong>\u00bfCu\u00e1l es la legitimaci\u00f3n para el tratamiento de sus datos?<\/strong>\n<ul>\n<li>Las bases legales que legitiman el tratamiento son las recogidas en el Reglamento (UE) 2016\/679: Art\u00edculo 6.1.a) el interesado dio su consentimiento para el tratamiento de sus datos personales para uno o varios fines espec\u00edficos.<br \/>\nArt\u00edculo 6.1.b) Tratamiento necesario para la ejecuci\u00f3n de un contrato en el que el interesado es parte.<\/li>\n<\/ul>\n<\/li>\n<li><strong>\u00bfTiene Ud. la obligaci\u00f3n de facilitar estos datos personales y cu\u00e1les son las consecuencias de no hacerlo?<\/strong>\n<ul>\n<li>Los datos solicitados son los estrictamente necesarios para llevar a cabo el tratamiento, motivo por el que no ser\u00e1 posible realizarlo si no los facilita.<\/li>\n<\/ul>\n<\/li>\n<li><strong>\u00bfA qu\u00e9 destinatarios se comunicar\u00e1n sus datos?<\/strong>\n<ul>\n<li>Sus datos no ser\u00e1n comunicados a otros destinatarios, salvo que sean solicitados por una autoridad p\u00fablica y estemos obligados a dicha comunicaci\u00f3n en cumplimiento de una obligaci\u00f3n legal.<\/li>\n<\/ul>\n<\/li>\n<li><strong>\u00bfCu\u00e1les son sus derechos en relaci\u00f3n con los datos facilitados?\u00a0\u00a0<\/strong>\n<ul>\n<li>En relaci\u00f3n a los datos facilitados tiene derecho a acceder, rectificar, solicitar la cancelaci\u00f3n y supresi\u00f3n y a oponerse o a limitar el tratamiento de los mismos, en los t\u00e9rminos establecidos legalmente.<\/li>\n<li>Puede obtener m\u00e1s informaci\u00f3n sobre el ejercicio de estos derechos contactando con el Delegado de Protecci\u00f3n de Datos de la UPM.<\/li>\n<li>Asimismo, y en el supuesto de que no obtenga satisfacci\u00f3n en el ejercicio de sus derechos, podr\u00e1 presentar una reclamaci\u00f3n ante la Agencia Espa\u00f1ola de Protecci\u00f3n de Datos: <a href=\"https:\/\/www.aepd.es\/es\" target=\"_blank\" rel=\"noopener noreferrer\">https:\/\/www.aepd.es\/es<\/a><\/li>\n<\/ul>\n<\/li>\n<\/ul>\n","protected":false},"excerpt":{"rendered":"<p>\u00bfQui\u00e9n es el responsable del tratamiento de sus datos? Identidad: Universidad Polit\u00e9cnica de Madrid Direcci\u00f3n Postal: C\/Ramiro de Maeztu n\u00ba7. 28040 Madrid Tel\u00e9fono\/ correo electr\u00f3nico:\u00a0&hellip;<\/p>\n","protected":false},"author":1,"featured_media":0,"parent":0,"menu_order":0,"comment_status":"closed","ping_status":"closed","template":"","meta":{"_acf_changed":false,"footnotes":""},"acf":[],"_links":{"self":[{"href":"https:\/\/www.upm.es\/recursosidi\/wp-json\/wp\/v2\/pages\/4263"}],"collection":[{"href":"https:\/\/www.upm.es\/recursosidi\/wp-json\/wp\/v2\/pages"}],"about":[{"href":"https:\/\/www.upm.es\/recursosidi\/wp-json\/wp\/v2\/types\/page"}],"author":[{"embeddable":true,"href":"https:\/\/www.upm.es\/recursosidi\/wp-json\/wp\/v2\/users\/1"}],"replies":[{"embeddable":true,"href":"https:\/\/www.upm.es\/recursosidi\/wp-json\/wp\/v2\/comments?post=4263"}],"version-history":[{"count":0,"href":"https:\/\/www.upm.es\/recursosidi\/wp-json\/wp\/v2\/pages\/4263\/revisions"}],"wp:attachment":[{"href":"https:\/\/www.upm.es\/recursosidi\/wp-json\/wp\/v2\/media?parent=4263"}],"curies":[{"name":"wp","href":"https:\/\/api.w.org\/{rel}","templated":true}]}}