{"id":10193,"date":"2022-07-27T12:25:31","date_gmt":"2022-07-27T10:25:31","guid":{"rendered":"https:\/\/www.upm.es\/recursosidi\/offers-resources\/sin categor\u00eda\/analisis-de-oxigeno-hidrogeno-y-nitrogeno\/"},"modified":"2022-07-27T12:25:37","modified_gmt":"2022-07-27T10:25:37","slug":"analisis-de-oxigeno-hidrogeno-y-nitrogeno","status":"publish","type":"product","link":"https:\/\/www.upm.es\/recursosidi\/offers-resources\/servicios-cientifico-tecnologico\/servicios-servicios-cientifico-tecnologico\/analisis-de-oxigeno-hidrogeno-y-nitrogeno\/","title":{"rendered":"An\u00e1lisis de ox\u00edgeno, hidrogeno y nitr\u00f3geno."},"content":{"rendered":"<h2><strong>An&aacute;lisis de hidr&oacute;geno, ox&iacute;geno y nitr&oacute;geno en materiales inorg&aacute;nicos.<\/strong><\/h2>\n<p>Este servicio permite realizar medidas en acero, metales refractarios y otros materiales inorganicos.<\/p>\n<hr \/>\n<h4>Descripci&oacute;n de los servicios que se ofrecen<\/h4>\n<p>Analizador de hidr&oacute;geno, ox&iacute;geno y nitr&oacute;geno total en materiales inorg&aacute;nicos por el m&eacute;todo de fusi&oacute;n en gas inerte usando helio o arg&oacute;n como gas portador. Permite realizar medidas en acero, metales refractarios y otros materiales inorganicos. En la actualidad, el equipo se encuentra calibrado para hacer medidas en muestras de acero y circonio usando arg&oacute;n como gas portador.<br \/><!-- Recuerda que estas tarifas ser\u00e1n las oficiales aprobadas en Consejo de Direcci\u00f3n y Consejo Social. --><\/p>\n<hr \/>\n<h4>Necesidades demandadas y aplicaciones<\/h4>\n<p>La medida precisa del contenido de hidr&oacute;geno es clave para investigar el fen&oacute;meno de la fragilizaci&oacute;n que produce este elemento en los materiales estructurales, lo que es de gran inter&eacute;s en la econom&iacute;a del hidr&oacute;geno.<\/p>\n<p>La medida precisa del contenido de hidr&oacute;geno es clave para investigar el fen&oacute;meno de la fragilizaci&oacute;n que produce este elemento en los materiales. Es de particular inter&eacute;s en la medida del contenido de hidrogeno en aceros, o en aleaciones de circonio, donde uno de los mecanismos de degradacion es la formacion de hidruros de circonio.<\/p>\n<hr \/>\n<h4>Sector o &aacute;rea de aplicaci&oacute;n<\/h4>\n<p>Este servicio es de inter&eacute;s para empresas y centros de investigaci&oacute;n que trabajen con materiales estructurales o bien tengan inter&eacute;s en el area de Ciencia de Materiales.<\/p>\n<hr \/>\n<h4>Competencias diferenciales<\/h4>\n<p>El equipo utilizado, un analizador LECO OHN836, permite medir el contenido de hidr&oacute;geno en metales refractarios. Esta es una caracter&iacute;stica diferencial, porque la mayor&iacute;a de los analizadores disponibles no permite realizar medidas en materiales de alto punto de fusi&oacute;n, como por ejemplo el circonio.<\/p>\n<hr \/>\n<h4>Referencias previas de prestaci&oacute;n<\/h4>\n<p>El servicio ha sido utilizado por miembros del CIME para la medida del contenido de hidr&oacute;geno en aleaciones de circonio para el proyecto europeo EURAD &#8211; European Joint Programme on Radioactive Waste Management (<a href=\"https:\/\/www.ejp-eurad.eu\">https:\/\/www.ejp-eurad.eu<\/a>, Grant Agreement number: 847593 &mdash; EURAD &mdash; NFRP-2018).<\/p>\n<hr \/>\n<h4>Descripci&oacute;n del equipamiento<\/h4>\n<p>El equipo (LECO OHN836) est&aacute; alojado en el Centro de Investigaci&oacute;n en Materiales Estructurales (CIME), ubicado en el Departamento de Ciencia de Materiales de la Escuela T&eacute;cnica Superior de Ingenieros de Caminos, Canales y Puertos de la UPM.<\/p>\n<p>El procedimiento experimental consiste en colocar una muestra previamente pesada en un crisol de grafito que se calienta en un horno de impluso para liberar los gases contenidos en la muestra. El ox&iacute;geno reacciona con el crisol de grafito para formar CO y CO<sub>2<\/sub>. El gas portador (en este caso helio o arg&oacute;n de alta pureza) empuja los gases liberados a trav&eacute;s de un controlador de flujo m&aacute;sico y de una serie de detectores. El CO y CO<sub>2<\/sub> se detectan utilizando un sensor de infrarrojo no dispersivo (NDIR). Luego, el gas fluye a trav&eacute;s de un reactivo a alta temperatura donde el CO se oxida para formar CO<sub>2<\/sub> y el H<sub>2<\/sub> se oxida para formar H<sub>2<\/sub>O. El gas contin&uacute;a a trav&eacute;s de otro conjunto de c&eacute;lulas NDIR donde se detectan el H<sub>2<\/sub>O y el CO<sub>2<\/sub>. Finalmente, ambos se eliminan de la corriente de gas portador, dejando el analito final, el nitr&oacute;geno, como &uacute;nica impureza. &Eacute;ste se detecta mediante un sensor de conductividad t&eacute;rmica (TC).<\/p>\n<p><img fetchpriority=\"high\" decoding=\"async\" src=\"\/recursosidi\/wp-content\/uploads_kairos\/ficha_420\/IMG1649344490188\" alt=\"\" width=\"678\" height=\"661\" \/><\/p>\n<hr \/>\n<h4>Solicitud del servicio<\/h4>\n<p>Las solicitudes de uso del equipo se dirigir&aacute;n al correo electr&oacute;nico del CIME (<span rel=\"7b313830a5313831a731323164312831a6311531b3310e31c2311a31ac311230be313831\" class=\"cryptex \" style=\"\"><span class=\"CryptexImg ctxmhuIgr4FVexJjhqMbCH0MW_mRbcx8xLZc_X5izV_sMg\"><\/span><\/span>). Para ello deber&aacute; rellenarse el archivo excel &#8220;Hoja_solicitud_analisis_ONH.xlsx&#8221; (que puede descargarse en la secci&oacute;n de Documentaci&oacute;n), indicando los datos del peticionario y las caracter&iacute;sticas de las muestras y medidas a realizar. El archivo debidamente cumplimentado se adjuntar&aacute; al correo electr&oacute;nico de petici&oacute;n del servicio.<\/p>\n<p>La solicitud ser&aacute; valorada por el Responsable T&eacute;cnico del servicio, que emitir&aacute; un presupuesto (incluyendo el plazo estimado para la realizaci&oacute;n de los ensayos) y lo remitir&aacute; al peticionario. En el caso de que sea necesaria alguna aclaraci&oacute;n, el personal t&eacute;cnico se pondr&aacute; en contacto con el peticionario.<\/p>\n<p>Si el peticionario est&aacute; de acuerdo con los t&eacute;rminos del presupuesto, deber&aacute; enviar una orden de pedido al correo electr&oacute;nico del CIME (<span rel=\"7b313830a5313831a731323164312831a6311531b3310e31c2311a31ac311230be313831\" class=\"cryptex \" style=\"\"><span class=\"CryptexImg ctxmhuIgr4FVexJjhqMbCH0MW_mRbcx8xLZc_X5izV_sMg\"><\/span><\/span>) que se ocupar&aacute; de tramitar el convenio con la Oficina de Transferencia de Tecnolog&iacute;a (OTT) de la UPM. A continuaci&oacute;n,el peticionario deber&aacute; enviar las muestras adecuadamente etiquetadas a direcci&oacute;n del CIME: ETSI Caminos, Departamento de Ciencia de Materiales, c\/ Profesor Aranguren, 3. 28040 Madrid, a la atenci&oacute;n de D. Miguel Crist&oacute;bal Beneyto. Una vez terminadas se enviar&aacute; el informe de resultados por correo electr&oacute;nico al peticionario.<\/p>\n<div class=\"pdfprnt-buttons pdfprnt-buttons-product pdfprnt-bottom-left\"><a href=\"https:\/\/www.upm.es\/recursosidi\/wp-json\/wp\/v2\/product\/10193?print=pdf\" class=\"pdfprnt-button pdfprnt-button-pdf\" target=\"_blank\"><span class=\"pdfprnt-button-title pdfprnt-button-pdf-title\">Descargar ficha<\/span><\/a><\/div>","protected":false},"excerpt":{"rendered":"<p>Analizador de tres sustancias (hidr\u00f3geno, ox\u00edgeno y nitr\u00f3geno) total en materiales inorg\u00e1nicos por el m\u00e9todo de fusi\u00f3n en gas inerte usando helio o arg\u00f3n como gas portador.<\/p>\n","protected":false},"featured_media":10190,"template":"","meta":{"_acf_changed":false},"product_cat":[2395],"product_tag":[2343,4512,2858,4702],"comunidades-upm":[],"quien":[],"mapa":[{"term_id":2405,"name":"Ciencia para la ingenier\u00eda y la arquitectura","slug":"ciencia-para-ingenieria-y-arquitectura","term_group":0,"term_taxonomy_id":2405,"taxonomy":"mapa","description":"","parent":0,"count":127,"filter":"raw","term_order":"7"},{"term_id":135,"name":"Industria, materiales y econom\u00eda circular","slug":"industria-materiales-economia_circular","term_group":0,"term_taxonomy_id":135,"taxonomy":"mapa","description":"","parent":0,"count":165,"filter":"raw","term_order":"13"}],"disponibilidad":[{"term_id":205,"name":"Consultar disponibilidad","slug":"consultar","term_group":0,"term_taxonomy_id":205,"taxonomy":"disponibilidad","description":"","parent":0,"count":290,"filter":"raw","term_order":"0"}],"donde":[{"term_id":1566,"name":"Advanced Structural Materials and Nanomaterials","slug":"en_advanced-structural-materials-and-nanomaterials","term_group":0,"term_taxonomy_id":1566,"taxonomy":"donde","description":"Llevamos m&aacute;s de 20 a&ntilde;os desarrollando numerosas t&eacute;cnicas experimentales con las que podemos estudiar y caracterizar casi cualquier tipo de material y geometr&iacute;a en una variedad muy amplia de condiciones de servicio.\n&nbsp;\nNuestras l&iacute;neas de investigaci&oacute;n se pueden resumir en:\n&nbsp;\n\nMateriales compuestos\nMateriales para la seguridad\nBiomateriales estructurales\nIntegridad y seguridad estructural\nMateriales para la construcci&oacute;n\nNanomateriales\n","parent":0,"count":22,"filter":"raw","term_order":"0"},{"term_id":606,"name":"Centro de Investigaci\u00f3n en Materiales Estructurales (CIME)","slug":"centro-de-investigacion-en-materiales-estructurales-cime","term_group":0,"term_taxonomy_id":606,"taxonomy":"donde","description":"","parent":0,"count":42,"filter":"raw","term_order":"0"},{"term_id":342,"name":"Materiales Estructurales Avanzados y Nanomateriales","slug":"materiales-estructurales-avanzados-y-nanomateriales","term_group":0,"term_taxonomy_id":342,"taxonomy":"donde","description":"Llevamos m&aacute;s de 20 a&ntilde;os desarrollando numerosas t&eacute;cnicas experimentales con las que podemos estudiar y caracterizar casi cualquier tipo de material y geometr&iacute;a en una variedad muy amplia de condiciones de servicio.\n&nbsp;\nNuestras l&iacute;neas de investigaci&oacute;n se pueden resumir en:\n&nbsp;\n\nMateriales compuestos\nMateriales para la seguridad\nBiomateriales estructurales\nIntegridad y seguridad estructural\nMateriales para la construcci&oacute;n\nNanomateriales\n","parent":0,"count":32,"filter":"raw","term_order":"0"},{"term_id":1828,"name":"RESEARCH CENTRE STRUCTURAL MATERIALS (CIME)","slug":"en_research-centre-structural-materials-cime","term_group":0,"term_taxonomy_id":1828,"taxonomy":"donde","description":"","parent":0,"count":37,"filter":"raw","term_order":"0"}],"infraestructura":[],"ods":[{"term_id":2255,"name":"Energ\u00eda Asequible y no Contaminante","slug":"energia-asequible-y-no-contaminante","term_group":0,"term_taxonomy_id":2255,"taxonomy":"ods","description":"","parent":0,"count":34,"filter":"raw","term_order":"0"},{"term_id":2247,"name":"Industria, Innovaci\u00f3n e Infraestructura","slug":"industria-innovacion-e-infraestructura","term_group":0,"term_taxonomy_id":2247,"taxonomy":"ods","description":"","parent":0,"count":171,"filter":"raw","term_order":"0"}],"origen":[{"term_id":196,"name":"Infraestructuras, Instalaci\u00f3n, Equipo","slug":"infraestructuras","term_group":0,"term_taxonomy_id":196,"taxonomy":"origen","description":"","parent":0,"count":180,"filter":"raw","term_order":"0"}],"familia_tax":false,"quien_tax":false,"donde_tax":false,"year":"2022-01-01","contacto":"Escuela T\u00e9cnica Superior de Ingenieros de Caminos, Canales y Puertos. Calle Profesor Aranguren, 3; 28040 Madrid","telefono":"910674307","pagina_web":"https:\/\/cime.upm.es\/","email":"info.cime@upm.es","id_ficha_portal":"420","video":"","adjuntos":false,"adjuntos_portal":"https:\/\/www.upm.es\/recursosidi\/wp-content\/uploads_kairos\/ficha_420\/ficha_420_doc_19.xlsx","inf":false,"departamento":"","acf":[],"lang":"es","translation":{"es":10193,"en":10197},"_links":{"self":[{"href":"https:\/\/www.upm.es\/recursosidi\/wp-json\/wp\/v2\/product\/10193"}],"collection":[{"href":"https:\/\/www.upm.es\/recursosidi\/wp-json\/wp\/v2\/product"}],"about":[{"href":"https:\/\/www.upm.es\/recursosidi\/wp-json\/wp\/v2\/types\/product"}],"wp:featuredmedia":[{"embeddable":true,"href":"https:\/\/www.upm.es\/recursosidi\/wp-json\/wp\/v2\/media\/10190"}],"wp:attachment":[{"href":"https:\/\/www.upm.es\/recursosidi\/wp-json\/wp\/v2\/media?parent=10193"}],"wp:term":[{"taxonomy":"product_cat","embeddable":true,"href":"https:\/\/www.upm.es\/recursosidi\/wp-json\/wp\/v2\/product_cat?post=10193"},{"taxonomy":"product_tag","embeddable":true,"href":"https:\/\/www.upm.es\/recursosidi\/wp-json\/wp\/v2\/product_tag?post=10193"},{"taxonomy":"comunidad_upm","embeddable":true,"href":"https:\/\/www.upm.es\/recursosidi\/wp-json\/wp\/v2\/comunidades-upm?post=10193"},{"taxonomy":"quien","embeddable":true,"href":"https:\/\/www.upm.es\/recursosidi\/wp-json\/wp\/v2\/quien?post=10193"},{"taxonomy":"mapa","embeddable":true,"href":"https:\/\/www.upm.es\/recursosidi\/wp-json\/wp\/v2\/mapa?post=10193"},{"taxonomy":"disponibilidad","embeddable":true,"href":"https:\/\/www.upm.es\/recursosidi\/wp-json\/wp\/v2\/disponibilidad?post=10193"},{"taxonomy":"donde","embeddable":true,"href":"https:\/\/www.upm.es\/recursosidi\/wp-json\/wp\/v2\/donde?post=10193"},{"taxonomy":"infraestructura","embeddable":true,"href":"https:\/\/www.upm.es\/recursosidi\/wp-json\/wp\/v2\/infraestructura?post=10193"},{"taxonomy":"ods","embeddable":true,"href":"https:\/\/www.upm.es\/recursosidi\/wp-json\/wp\/v2\/ods?post=10193"},{"taxonomy":"origen","embeddable":true,"href":"https:\/\/www.upm.es\/recursosidi\/wp-json\/wp\/v2\/origen?post=10193"}],"curies":[{"name":"wp","href":"https:\/\/api.w.org\/{rel}","templated":true}]}}