{"id":10216,"date":"2022-07-27T12:26:58","date_gmt":"2022-07-27T10:26:58","guid":{"rendered":"https:\/\/www.upm.es\/recursosidi\/offers-resources\/sin categor\u00eda\/caracterizacion-de-nanomateriales-mediante-dls\/"},"modified":"2022-07-27T12:27:10","modified_gmt":"2022-07-27T10:27:10","slug":"caracterizacion-de-nanomateriales-mediante-dls","status":"publish","type":"product","link":"https:\/\/www.upm.es\/recursosidi\/offers-resources\/servicios-cientifico-tecnologico\/servicios-servicios-cientifico-tecnologico\/caracterizacion-de-nanomateriales-mediante-dls\/","title":{"rendered":"Caracterizaci\u00f3n de nanomateriales mediante DLS"},"content":{"rendered":"<p>&nbsp;<\/p>\n<h4>Descripci&oacute;n de los servicios que se ofrecen <!-- y tarifas --><\/h4>\n<p>Caracterizaci&oacute;n de nanomateriales mediante Dispersi&oacute;n de Luz Din&aacute;mica (DLS) . El servicio incluye formaci&oacute;n b&aacute;sica para el uso del aparato.<br \/><!-- Recuerda que estas tarifas ser\u00e1n las oficiales aprobadas en Consejo de Direcci\u00f3n y Consejo Social. --><\/p>\n<hr \/>\n<h4>Necesidades demandadas y aplicaciones<\/h4>\n<p>Medida de tama&ntilde;o, concentraci&oacute;n y carga superficial de nanomateriales dispersos en soluciones coloidales. Estos materiales est&aacute;n siendo utilizados para terapias diagn&oacute;sticas de enfermedades oftalmol&oacute;gicas y sist&eacute;micas adem&aacute;s de para terapias antitumorales de hipertermia basada en nanopart&iacute;culas &oacute;pticas y magn&eacute;ticas. Estudios de biofuncionalizaci&oacute;n de nanopart&iacute;culas, screening y detecci&oacute;n in-vitro.<\/p>\n<hr \/>\n<h4>Sector o &aacute;rea de aplicaci&oacute;n<\/h4>\n<p>Salud, Biomedicina, Energ&iacute;as renovables, Materiales.<\/p>\n<hr \/>\n<h4>Competencias diferenciales<\/h4>\n<p>Alta resoluci&oacute;n en la medida del tama&ntilde;o de part&iacute;cula. Medida de muestras muy peque&ntilde;as (3 microlitros). Medida simult&aacute;nea de tama&ntilde;o y potencial Z. Incorpora autotitrador para medir el efecto del pH. El equipo es de f&aacute;cil manejo y cuenta con una interfaz de usuario enormemente intuitiva. Soporte y formaci&oacute;n por parte de personal t&eacute;cnico y cient&iacute;fico.<\/p>\n<hr \/>\n<h4>Descripci&oacute;n del equipamiento<\/h4>\n<p>Equipo de medida de concentraci&oacute;n, di&aacute;metro hidrodin&aacute;mico y potenzial Z de disoluciones coloidales.<\/p>\n<hr \/>\n<h4>Solicitud del servicio<\/h4>\n<p>Env&iacute;o de solicitud por correo electr&oacute;nico que contendr&aacute; una memoria en la que se incluya un resumen de los objetivos de la investigaci&oacute;n, el dise&ntilde;o experimental, el tiempo estimado de uso del equipo, el cronograma deseado, la justificaci&oacute;n de las capacidades del usuario, y la justificaci&oacute;n de la obtenci&oacute;n de los recursos econ&oacute;micos necesarios para la realizaci&oacute;n del experimento. La memoria ir&aacute; acompa&ntilde;ada de la aprobaci&oacute;n de un Comit&eacute; de Etica oficial, en caso de que sea necesario.<br \/>La viabilidad de las solicitudes y su organizaci&oacute;n temporal ser&aacute; evaluada por una comisi&oacute;n presidida por el responsable cient&iacute;fico del servicio CT, Miguel Holgado Bola&ntilde;os, l&iacute;der del Grupo de &Oacute;ptica, Fot&oacute;nica y Biofot&oacute;nica (GOFB) del Centro de Tecnolog&iacute;a Biom&eacute;dica (CTB).<\/p>\n<div class=\"pdfprnt-buttons pdfprnt-buttons-product pdfprnt-bottom-left\"><a href=\"https:\/\/www.upm.es\/recursosidi\/wp-json\/wp\/v2\/product\/10216?print=pdf\" class=\"pdfprnt-button pdfprnt-button-pdf\" target=\"_blank\"><span class=\"pdfprnt-button-title pdfprnt-button-pdf-title\">Descargar ficha<\/span><\/a><\/div>","protected":false},"excerpt":{"rendered":"<p>Caracterizaci\u00f3n de nanomateriales mediante Dispersi\u00f3n de Luz Din\u00e1mica (DLS) . El servicio incluye formaci\u00f3n b\u00e1sica para el uso del aparato.<\/p>\n","protected":false},"featured_media":10214,"template":"","meta":{"_acf_changed":false},"product_cat":[2395],"product_tag":[4633,4634,2870,4635],"comunidades-upm":[],"quien":[],"mapa":[{"term_id":137,"name":"Bioeconom\u00eda, Biotecnolog\u00eda y Sistemas Alimentarios","slug":"bioeconomia-biotecnologia-sistemas_alimentarios","term_group":0,"term_taxonomy_id":137,"taxonomy":"mapa","description":"","parent":0,"count":45,"filter":"raw","term_order":"6"},{"term_id":2405,"name":"Ciencia para la ingenier\u00eda y la arquitectura","slug":"ciencia-para-ingenieria-y-arquitectura","term_group":0,"term_taxonomy_id":2405,"taxonomy":"mapa","description":"","parent":0,"count":127,"filter":"raw","term_order":"7"}],"disponibilidad":[{"term_id":205,"name":"Consultar disponibilidad","slug":"consultar","term_group":0,"term_taxonomy_id":205,"taxonomy":"disponibilidad","description":"","parent":0,"count":290,"filter":"raw","term_order":"0"}],"donde":[{"term_id":1780,"name":"Center for Biomedical Technology","slug":"en_center-for-biomedical-technology","term_group":0,"term_taxonomy_id":1780,"taxonomy":"donde","description":"","parent":0,"count":56,"filter":"raw","term_order":"0"},{"term_id":556,"name":"Centro de Tecnolog\u00eda Biom\u00e9dica (CTB)","slug":"centro-de-tecnologia-biomedica-ctb","term_group":0,"term_taxonomy_id":556,"taxonomy":"donde","description":"","parent":0,"count":84,"filter":"raw","term_order":"0"}],"infraestructura":[],"ods":[{"term_id":2267,"name":"Educaci\u00f3n de Calidad","slug":"educacion-de-calidad","term_group":0,"term_taxonomy_id":2267,"taxonomy":"ods","description":"","parent":0,"count":14,"filter":"raw","term_order":"0"},{"term_id":2247,"name":"Industria, Innovaci\u00f3n e Infraestructura","slug":"industria-innovacion-e-infraestructura","term_group":0,"term_taxonomy_id":2247,"taxonomy":"ods","description":"","parent":0,"count":171,"filter":"raw","term_order":"0"}],"origen":[{"term_id":196,"name":"Infraestructuras, Instalaci\u00f3n, Equipo","slug":"infraestructuras","term_group":0,"term_taxonomy_id":196,"taxonomy":"origen","description":"","parent":0,"count":180,"filter":"raw","term_order":"0"}],"familia_tax":false,"quien_tax":false,"donde_tax":false,"year":"2022-01-01","contacto":"Centro de Tecnolog\u00eda Biom\u00e9dica (CTB) Campus Montegancedo de la Universidad Polit\u00e9cnica de Madrid Crta. M-40, Km 38 28223 Pozuelo de Alarc\u00f3n","telefono":"910679312","pagina_web":"https:\/\/www.ctb.upm.es\/","email":"direccion.ctb@ctb.upm.es","id_ficha_portal":"359","video":"","adjuntos":false,"adjuntos_portal":"","inf":false,"departamento":"","acf":[],"lang":"es","translation":{"es":10216,"en":10219},"_links":{"self":[{"href":"https:\/\/www.upm.es\/recursosidi\/wp-json\/wp\/v2\/product\/10216"}],"collection":[{"href":"https:\/\/www.upm.es\/recursosidi\/wp-json\/wp\/v2\/product"}],"about":[{"href":"https:\/\/www.upm.es\/recursosidi\/wp-json\/wp\/v2\/types\/product"}],"wp:featuredmedia":[{"embeddable":true,"href":"https:\/\/www.upm.es\/recursosidi\/wp-json\/wp\/v2\/media\/10214"}],"wp:attachment":[{"href":"https:\/\/www.upm.es\/recursosidi\/wp-json\/wp\/v2\/media?parent=10216"}],"wp:term":[{"taxonomy":"product_cat","embeddable":true,"href":"https:\/\/www.upm.es\/recursosidi\/wp-json\/wp\/v2\/product_cat?post=10216"},{"taxonomy":"product_tag","embeddable":true,"href":"https:\/\/www.upm.es\/recursosidi\/wp-json\/wp\/v2\/product_tag?post=10216"},{"taxonomy":"comunidad_upm","embeddable":true,"href":"https:\/\/www.upm.es\/recursosidi\/wp-json\/wp\/v2\/comunidades-upm?post=10216"},{"taxonomy":"quien","embeddable":true,"href":"https:\/\/www.upm.es\/recursosidi\/wp-json\/wp\/v2\/quien?post=10216"},{"taxonomy":"mapa","embeddable":true,"href":"https:\/\/www.upm.es\/recursosidi\/wp-json\/wp\/v2\/mapa?post=10216"},{"taxonomy":"disponibilidad","embeddable":true,"href":"https:\/\/www.upm.es\/recursosidi\/wp-json\/wp\/v2\/disponibilidad?post=10216"},{"taxonomy":"donde","embeddable":true,"href":"https:\/\/www.upm.es\/recursosidi\/wp-json\/wp\/v2\/donde?post=10216"},{"taxonomy":"infraestructura","embeddable":true,"href":"https:\/\/www.upm.es\/recursosidi\/wp-json\/wp\/v2\/infraestructura?post=10216"},{"taxonomy":"ods","embeddable":true,"href":"https:\/\/www.upm.es\/recursosidi\/wp-json\/wp\/v2\/ods?post=10216"},{"taxonomy":"origen","embeddable":true,"href":"https:\/\/www.upm.es\/recursosidi\/wp-json\/wp\/v2\/origen?post=10216"}],"curies":[{"name":"wp","href":"https:\/\/api.w.org\/{rel}","templated":true}]}}