{"id":10221,"date":"2022-07-27T12:27:25","date_gmt":"2022-07-27T10:27:25","guid":{"rendered":"https:\/\/www.upm.es\/recursosidi\/offers-resources\/sin categor\u00eda\/consultoria-integral-de-sistemas-de-pila-de-combustible-y-produccion-de-hidrogeno-mediante-electrolisis-en-el-ambito-maritimo\/"},"modified":"2022-07-27T12:27:33","modified_gmt":"2022-07-27T10:27:33","slug":"consultoria-integral-de-sistemas-de-pila-de-combustible-y-produccion-de-hidrogeno-mediante-electrolisis-en-el-ambito-maritimo","status":"publish","type":"product","link":"https:\/\/www.upm.es\/recursosidi\/offers-resources\/servicios-cientifico-tecnologico\/servicios-servicios-cientifico-tecnologico\/consultoria-integral-de-sistemas-de-pila-de-combustible-y-produccion-de-hidrogeno-mediante-electrolisis-en-el-ambito-maritimo\/","title":{"rendered":"Consultor\u00eda integral de sistemas de pila de combustible y producci\u00f3n de hidr\u00f3geno mediante electr\u00f3lisis en el \u00e1mbito mar\u00edtimo."},"content":{"rendered":"<h4>Consultor&iacute;a tecno-econ&oacute;mica y asesor&iacute;a t&eacute;cnica para la implementaci&oacute;n de pilas de combustible y electrolizadores en el &aacute;mbito mar&iacute;timo.<\/h4>\n<hr \/>\n<h4>Descripci&oacute;n de los servicios que se ofrecen <!-- y tarifas --><\/h4>\n<p>Servicios de consultor&iacute;a y asesor&iacute;a t&eacute;cnica para la implementaci&oacute;n en el &aacute;mbito mar&iacute;timo de sistemas de producci&oacute;n de energ&iacute;a basados en pilas de combustible y de producci&oacute;n de hidr&oacute;geno basados en electr&oacute;lisis de agua de mar y de metanol. Estos servicios abarcan estudios tanto de viabilidad t&eacute;cnica como econ&oacute;mica para la toma de decisiones, que pueden complementarse con trabajos de asesor&iacute;a t&eacute;cnica para la ejecuci&oacute;n de los proyectos de implementaci&oacute;n.<!-- Recuerda que estas tarifas ser\u00e1n las oficiales aprobadas en Consejo de Direcci\u00f3n y Consejo Social. --><\/p>\n<hr \/>\n<h4>Necesidades demandadas y aplicaciones<\/h4>\n<p>De acuerdo con la Organizaci&oacute;n Mar&iacute;tima Internacional (OMI), el transporte mar&iacute;timo fue responsable del 2,89% en 2018 de las emisiones antropog&eacute;nicas globales. Con el objetivo de contribuir a los esfuerzos mundiales para combatir el cambio clim&aacute;tico abordando las emisiones de gases de efecto invernadero (GEI), la OMI adopt&oacute; en 2018 la &ldquo;<em>Estrategia inicial de la OMI sobre la reducci&oacute;n de las emisiones de GEI de los barcos<\/em>&rdquo;, adoptando los siguientes niveles de ambici&oacute;n relacionados con una l&iacute;nea base de emisiones de 2008: reducir las emisiones de CO<sub>2<\/sub> por trabajo de transporte en al menos un 40% para 2030 y reducir las emisiones anuales totales de GEI en al menos 50 % para 2050.<\/p>\n<p>Para cumplir con los objetivos de la OMI, la tecnolog&iacute;a de Pilas de Combustible ha sido identificada como una de las m&aacute;s prometedoras. Sin embargo, la aplicaci&oacute;n de esta tecnolog&iacute;a en el &aacute;mbito naval es todav&iacute;a muy reciente. Las oficinas de dise&ntilde;o naval, astilleros y armadores no cuentan con la experiencia y conocimientos necesarios para la identificaci&oacute;n de la tecnolog&iacute;a m&aacute;s adecuada en cada caso y su aplicaci&oacute;n eficaz. En este sentido PiCoHiMA ofrece servicios de consultor&iacute;a para cubrir este vac&iacute;o y permitir al sector mar&iacute;timo aplicar dicha tecnolog&iacute;a correctamente de la forma m&aacute;s adecuada.<\/p>\n<p>Por otro lado, la b&uacute;squeda de combustibles alternativos a los hidrocarburos o la producci&oacute;n de hidrocarburos con un balance nulo de producci&oacute;n de gases de efecto invernadero hace que la tecnolog&iacute;a de electr&oacute;lisis a partir de fuentes de energ&iacute;a renovable sea muy prometedora. En este sentido, PiCoHiMA investiga la producci&oacute;n de hidr&oacute;geno a partir de agua de mar y de metanol por electr&oacute;lisis en entornos marinos utilizando fuentes de energ&iacute;a renovables. PiCoHiMA ofrece su experiencia en este campo a empresas para acometer proyectos de este tipo asegurando una base de conocimiento s&oacute;lida.<\/p>\n<hr \/>\n<h4>Sector o &aacute;rea de aplicaci&oacute;n<\/h4>\n<ul>\n<li>Construcci&oacute;n naval &ndash; sistemas de propulsi&oacute;n y generaci&oacute;n el&eacute;ctrica a bordo<\/li>\n<li>Producci&oacute;n de combustibles alternativos<\/li>\n<\/ul>\n<hr \/>\n<h4>Competencias diferenciales<\/h4>\n<p>El constante trabajo de investigaci&oacute;n propio del grupo hace que sus soluciones discurran a la par que el estado del arte de la tecnolog&iacute;a y, por la misma raz&oacute;n, PiCoHiMA es capaz de desarrollar y probar soluciones innovadoras adaptadas a las necesidades del potencial cliente.<\/p>\n<hr \/>\n<h4>Referencias previas de prestaci&oacute;n<\/h4>\n<p>Las referencias previas obligan a mantener una estricta confidencialidad.<\/p>\n<hr \/>\n<h4>Descripci&oacute;n del equipamiento<\/h4>\n<p>El servicio de consultor&iacute;a se basa fundamentalmente en el equipo humano de PiCoHiMA. Este equipo est&aacute; formado por profesionales con un alto nivel de formaci&oacute;n multidisciplinar que cubre todos los &aacute;mbitos del conocimiento implicados, entre los que se encuentran Catedr&aacute;ticos de Universidad, Profesores Titulares de Universidad y Profesores universitarios e Investigadores en general.<\/p>\n<p>Para poder realizar las tareas de este servicio, el equipo humano de PiCoHiMA cuenta con avanzadas herramientas de software:<\/p>\n<ul>\n<li>Dise&ntilde;o y simulaci&oacute;n: Rhinoceros, AutoCAD, SolidWorks, CATIA, ANSYS<\/li>\n<li>Arquitectura Naval: MAXSURF, MARS<\/li>\n<li>CFD: OpenFOAM<\/li>\n<li>Ingenier&iacute;a: MATLAB, SIMULINK<\/li>\n<li>Termodin&aacute;mica: REFPROP<\/li>\n<li>Pilas de combustible: Aero-Marine DMFC Designer&reg;, MedPEM&reg;<\/li>\n<\/ul>\n<hr \/>\n<h4>Solicitud del servicio<\/h4>\n<p>Para solicitar este servicio, p&oacute;ngase en contacto con la Investigadora Responsable del Grupo Profesora Teresa J. Leo a trav&eacute;s de su correo electr&oacute;nico (<a href=\"mailto:<span rel=\"68311330cb312531b2310d31c5311c317d313231ac31353183313d319d311c31a1310a30b7312b31be311a30b6313431\" class=\"cryptex \" style=\"\"><span class=\"CryptexImg ctxAojb-zeokJkjn1I7AVOMcb5VS1ULE0e8lJQKV4Bnzos\"><\/span><\/span>\"><span rel=\"68311330cb312531b2310d31c5311c317d313231ac31353183313d319d311c31a1310a30b7312b31be311a30b6313431\" class=\"cryptex \" style=\"\"><span class=\"CryptexImg ctxAojb-zeokJkjn1I7AVOMcb5VS1ULE0e8lJQKV4Bnzos\"><\/span><\/span><\/a>) o a trav&eacute;s del formulario de contacto en la web de PiCoHiMA(<a href=\"https:\/\/blogs.upm.es\/picohima\/\">https:\/\/blogs.upm.es\/picohima\/<\/a>).<\/p>\n<div class=\"pdfprnt-buttons pdfprnt-buttons-product pdfprnt-bottom-left\"><a href=\"https:\/\/www.upm.es\/recursosidi\/wp-json\/wp\/v2\/product\/10221?print=pdf\" class=\"pdfprnt-button pdfprnt-button-pdf\" target=\"_blank\"><span class=\"pdfprnt-button-title pdfprnt-button-pdf-title\">Descargar ficha<\/span><\/a><\/div>","protected":false},"excerpt":{"rendered":"<p>Servicio de consultor\u00eda y asesor\u00eda t\u00e9cnica para la implementaci\u00f3n en el \u00e1mbito mar\u00edtimo de sistemas de producci\u00f3n de energ\u00eda basados en pilas de combustible y de producci\u00f3n de hidr\u00f3geno basados en electr\u00f3lisis de agua de mar y de metanol.<\/p>\n","protected":false},"featured_media":10220,"template":"","meta":{"_acf_changed":false},"product_cat":[2395],"product_tag":[4593,4592,4648,4647,4512,4513,4511],"comunidades-upm":[],"quien":[],"mapa":[{"term_id":133,"name":"Clima, Energ\u00eda y Movilidad","slug":"clima-energia-movilidad","term_group":0,"term_taxonomy_id":133,"taxonomy":"mapa","description":"","parent":0,"count":129,"filter":"raw","term_order":"9"}],"disponibilidad":[{"term_id":204,"name":"Disponible","slug":"disponible","term_group":0,"term_taxonomy_id":204,"taxonomy":"disponibilidad","description":"","parent":0,"count":110,"filter":"raw","term_order":"0"}],"donde":[{"term_id":1880,"name":"Fuel Cells, Hydrogen Technology and Alternative Engines","slug":"en_fuel-cells-hydrogen-technology-and-alternative-engines","term_group":0,"term_taxonomy_id":1880,"taxonomy":"donde","description":"","parent":0,"count":11,"filter":"raw","term_order":"0"},{"term_id":660,"name":"Pilas de Combustible, Tecnolog\u00eda del Hidr\u00f3geno y Motores Alternativos","slug":"pilas-de-combustible-tecnologia-del-hidrogeno-y-motores-alternativos","term_group":0,"term_taxonomy_id":660,"taxonomy":"donde","description":"","parent":0,"count":11,"filter":"raw","term_order":"0"}],"infraestructura":[],"ods":[{"term_id":2255,"name":"Energ\u00eda Asequible y no Contaminante","slug":"energia-asequible-y-no-contaminante","term_group":0,"term_taxonomy_id":2255,"taxonomy":"ods","description":"","parent":0,"count":34,"filter":"raw","term_order":"0"}],"origen":[{"term_id":196,"name":"Infraestructuras, Instalaci\u00f3n, Equipo","slug":"infraestructuras","term_group":0,"term_taxonomy_id":196,"taxonomy":"origen","description":"","parent":0,"count":180,"filter":"raw","term_order":"0"}],"familia_tax":false,"quien_tax":false,"donde_tax":false,"year":"2017-01-01","contacto":"Escuela T\u00e9cnica Superior de Ingenieros Navales; Avenida de la Memoria, 4; 28040, Madrid; Espa\u00f1a","telefono":"910676267","pagina_web":"https:\/\/blogs.upm.es\/picohima\/en\/ ","email":"teresa.leo.mena@upm.es","id_ficha_portal":"384","video":"","adjuntos":false,"adjuntos_portal":"","inf":false,"departamento":"","acf":[],"lang":"es","translation":{"es":10221,"en":10223},"_links":{"self":[{"href":"https:\/\/www.upm.es\/recursosidi\/wp-json\/wp\/v2\/product\/10221"}],"collection":[{"href":"https:\/\/www.upm.es\/recursosidi\/wp-json\/wp\/v2\/product"}],"about":[{"href":"https:\/\/www.upm.es\/recursosidi\/wp-json\/wp\/v2\/types\/product"}],"wp:featuredmedia":[{"embeddable":true,"href":"https:\/\/www.upm.es\/recursosidi\/wp-json\/wp\/v2\/media\/10220"}],"wp:attachment":[{"href":"https:\/\/www.upm.es\/recursosidi\/wp-json\/wp\/v2\/media?parent=10221"}],"wp:term":[{"taxonomy":"product_cat","embeddable":true,"href":"https:\/\/www.upm.es\/recursosidi\/wp-json\/wp\/v2\/product_cat?post=10221"},{"taxonomy":"product_tag","embeddable":true,"href":"https:\/\/www.upm.es\/recursosidi\/wp-json\/wp\/v2\/product_tag?post=10221"},{"taxonomy":"comunidad_upm","embeddable":true,"href":"https:\/\/www.upm.es\/recursosidi\/wp-json\/wp\/v2\/comunidades-upm?post=10221"},{"taxonomy":"quien","embeddable":true,"href":"https:\/\/www.upm.es\/recursosidi\/wp-json\/wp\/v2\/quien?post=10221"},{"taxonomy":"mapa","embeddable":true,"href":"https:\/\/www.upm.es\/recursosidi\/wp-json\/wp\/v2\/mapa?post=10221"},{"taxonomy":"disponibilidad","embeddable":true,"href":"https:\/\/www.upm.es\/recursosidi\/wp-json\/wp\/v2\/disponibilidad?post=10221"},{"taxonomy":"donde","embeddable":true,"href":"https:\/\/www.upm.es\/recursosidi\/wp-json\/wp\/v2\/donde?post=10221"},{"taxonomy":"infraestructura","embeddable":true,"href":"https:\/\/www.upm.es\/recursosidi\/wp-json\/wp\/v2\/infraestructura?post=10221"},{"taxonomy":"ods","embeddable":true,"href":"https:\/\/www.upm.es\/recursosidi\/wp-json\/wp\/v2\/ods?post=10221"},{"taxonomy":"origen","embeddable":true,"href":"https:\/\/www.upm.es\/recursosidi\/wp-json\/wp\/v2\/origen?post=10221"}],"curies":[{"name":"wp","href":"https:\/\/api.w.org\/{rel}","templated":true}]}}