{"id":10392,"date":"2022-07-27T12:38:51","date_gmt":"2022-07-27T10:38:51","guid":{"rendered":"https:\/\/www.upm.es\/recursosidi\/offers-resources\/sin categor\u00eda\/servicio-de-analisis-quimico-de-otras-determinaciones\/"},"modified":"2022-07-27T12:39:28","modified_gmt":"2022-07-27T10:39:28","slug":"servicio-de-analisis-quimico-de-otras-determinaciones","status":"publish","type":"product","link":"https:\/\/www.upm.es\/recursosidi\/offers-resources\/servicios-cientifico-tecnologico\/servicios-servicios-cientifico-tecnologico\/servicio-de-analisis-quimico-de-otras-determinaciones\/","title":{"rendered":"Servicio de An\u00e1lisis Qu\u00edmico de otras determinaciones"},"content":{"rendered":"<h4>Otras determinaciones anal&iacute;ticas en otras matrices <!--  tarifado --><\/h4>\n<p>La utilizaci&oacute;n de diferentes equipos y t&eacute;cnicas permiten cuantificar el Carbono total en muestras s&oacute;lidas (0,5 &#8211; 1 g) y l&iacute;quidas (extractos de suelos, aguas y lixiviados), adem&aacute;s de diferentes especies de Nitr&oacute;geno en muestras s&oacute;lidas (total) o l&iacute;quidas (nitrato, amonio o total combinado) en extractos de suelos, aguas y lixiviados.<\/p>\n<hr \/>\n<h4>Descripci&oacute;n de los servicios que se ofrecen <!-- y tarifas --><\/h4>\n<p>Determinaciones en extractos de suelos, aguas y lixiviados:<\/p>\n<ul>\n<li>Determinaci&oacute;n de NO<sub>3<\/sub><sup>&#8211;<\/sup>, NH<sub>4<\/sub><sup>+<\/sup> mediante espectroscopia de Inyecci&oacute;n en Flujo (Keeney and Nelson, 1982)<\/li>\n<li>Determinaci&oacute;n de carbono org&aacute;nico e inorg&aacute;nico total (TOC) (Detector de IR)<\/li>\n<li>Determinaci&oacute;n de nitr&oacute;geno total combinado (TN<sub>b<\/sub>) (Detector de Quimioluminiscencia)<\/li>\n<\/ul>\n<p>Determinaciones en macromuestras s&oacute;lidas de suelos, sustratos, plantas y alimentos:<\/p>\n<ul>\n<li>Determinaci&oacute;n de <em>Carbono <\/em>(Detector IR)<\/li>\n<li>Determinaci&oacute;n de Nitr&oacute;geno total (Detector Conductividad T&eacute;rmica) por el m&eacute;todo Dumas.<\/li>\n<\/ul>\n<p>Determinaciones en fertilizantes:<\/p>\n<ul>\n<li>Determinaci&oacute;n de nitr&oacute;geno total (m&eacute;todo Kjeldhal &oacute; m&eacute;todo Dumas)<\/li>\n<li>Determinaci&oacute;n del f&oacute;sforo total (Gravimetr&iacute;a) &oacute; f&oacute;sforo asimilable (m&eacute;todo Olsen)<\/li>\n<li>Determinaci&oacute;n del contenido en Potasio, Calcio y Magnesio.<\/li>\n<li>Determinaci&oacute;n de micronutrientes: Hierro, Manganeso, Cobre y Zinc.<\/li>\n<\/ul>\n<hr \/>\n<h4>Necesidades demandadas y aplicaciones<\/h4>\n<p>Gestores y mantenedores de espacios verdes (jardines, campos de golf y otros espacios deportivos) y otras personas o empresas que realizan una gesti&oacute;n sostenible del suelo.<\/p>\n<p>Grupos de investigaci&oacute;n.<\/p>\n<hr \/>\n<h4>Sector o &aacute;rea de aplicaci&oacute;n<\/h4>\n<p>Agricultura, alimentaci&oacute;n<\/p>\n<hr \/>\n<hr \/>\n<h4>D&oacute;nde se ubica<\/h4>\n<p>Los laboratorios est&aacute;n ubicados en la primera planta del Edificio Agr&iacute;colas de la Escuela T&eacute;cnica Superior de Ingenier&iacute;a Agron&oacute;mica, Alimentaria y de Biosistemas.<\/p>\n<p>Para el an&aacute;lisis del contenido en nitrato en extractos de suelos, aguas y lixiviados se dispone de una analizador de flujo segmentado de la marca Alliance modelo Futura, mientras que para la determinaci&oacute;n del contenido en ion amonio dispone de un Espectrofot&oacute;metro de Inyecci&oacute;n en Flujo Perkin-Elmer FIAS-400 junto con un espectrofot&oacute;metro Perkin-Elmer Lambda 25.<\/p>\n<p>Para las determinaciones de Carbono total (TOC) y Nit&oacute;geno total combinado (TN<sub>b<\/sub>) en extractos de suelos se utiliza un equipo Analytik Jena Multi CN 3100.<\/p>\n<p>Para las determinaciones de Carbono total y Nitr&oacute;geno total en macromuestras de suelos se utiliza un equipo Leco Trumac CN.<\/p>\n<hr \/>\n<div class=\"pdfprnt-buttons pdfprnt-buttons-product pdfprnt-bottom-left\"><a href=\"https:\/\/www.upm.es\/recursosidi\/wp-json\/wp\/v2\/product\/10392?print=pdf\" class=\"pdfprnt-button pdfprnt-button-pdf\" target=\"_blank\"><span class=\"pdfprnt-button-title pdfprnt-button-pdf-title\">Descargar ficha<\/span><\/a><\/div>","protected":false},"excerpt":{"rendered":"<p>Estas determinaciones permiten cuantificar el carbono total y diferentes especies nitrogenadas en diferentes matrices.<\/p>\n","protected":false},"featured_media":10390,"template":"","meta":{"_acf_changed":false},"product_cat":[2395],"product_tag":[2654,2651,2657,2662,2661,2663,2653,2655,2574,2664,2658,2656],"comunidades-upm":[],"quien":[],"mapa":[{"term_id":139,"name":"Agricultura, silvicultura, recursos naturales, usos de la tierra y crecimiento azul","slug":"agricultura-silvicultura-recursos_naturales-usos_tierra-crecimiento_azul","term_group":0,"term_taxonomy_id":139,"taxonomy":"mapa","description":"","parent":0,"count":43,"filter":"raw","term_order":"2"}],"disponibilidad":[{"term_id":204,"name":"Disponible","slug":"disponible","term_group":0,"term_taxonomy_id":204,"taxonomy":"disponibilidad","description":"","parent":0,"count":110,"filter":"raw","term_order":"0"}],"donde":[{"term_id":42,"name":"UPM","slug":"upm","term_group":0,"term_taxonomy_id":42,"taxonomy":"donde","description":"Universidad Polit\u00e9cnica de Madrid\r\nHTML \"Lorem ipsum dolor sit amet, consectetur adipiscing elit, sed do eiusmod tempor incididunt ut labore et dolore magna aliqua. Ut enim ad minim veniam, quis nostrud exercitation ullamco laboris nisi ut aliquip ex ea commodo consequat. Duis aute irure dolor in reprehenderit in voluptate velit esse cillum dolore eu fugiat nulla pariatur. Excepteur sint occaecat cupidatat non proident, sunt in culpa qui officia deserunt mollit anim id est laborum.\"","parent":0,"count":146,"filter":"raw","term_order":"0"}],"infraestructura":[],"ods":[{"term_id":2231,"name":"Acci\u00f3n por el Clima","slug":"accion-por-el-clima","term_group":0,"term_taxonomy_id":2231,"taxonomy":"ods","description":"","parent":0,"count":67,"filter":"raw","term_order":"0"},{"term_id":2259,"name":"Agua Limpia y Saneamiento","slug":"agua-limpia-y-saneamiento","term_group":0,"term_taxonomy_id":2259,"taxonomy":"ods","description":"","parent":0,"count":11,"filter":"raw","term_order":"0"}],"origen":[{"term_id":196,"name":"Infraestructuras, Instalaci\u00f3n, Equipo","slug":"infraestructuras","term_group":0,"term_taxonomy_id":196,"taxonomy":"origen","description":"","parent":0,"count":180,"filter":"raw","term_order":"0"}],"familia_tax":false,"quien_tax":false,"donde_tax":false,"year":"2012-01-01","contacto":"Laboratorio de Qu\u00edmica Agr\u00edcola y T\u00e9cnicas Anal\u00edticas Instrumentales. E.T.S. de Ingenier\u00eda Agron\u00f3mica, Alimentaria y de Biosistemas - Edificio Agr\u00edcolas. Avda Puerta de Hierro, 2. 28040 Madrid","telefono":"913363715","pagina_web":"https:\/\/www.agrisost.org\/participantes\/lab-212-laboratorio-edafologia-tecnicas-analiticas-instrumentales\/","email":"estrella.revenga@upm.es","id_ficha_portal":"181","video":"","adjuntos":false,"adjuntos_portal":"","inf":false,"departamento":"","acf":[],"lang":"es","translation":{"es":10392,"en":10405},"_links":{"self":[{"href":"https:\/\/www.upm.es\/recursosidi\/wp-json\/wp\/v2\/product\/10392"}],"collection":[{"href":"https:\/\/www.upm.es\/recursosidi\/wp-json\/wp\/v2\/product"}],"about":[{"href":"https:\/\/www.upm.es\/recursosidi\/wp-json\/wp\/v2\/types\/product"}],"wp:featuredmedia":[{"embeddable":true,"href":"https:\/\/www.upm.es\/recursosidi\/wp-json\/wp\/v2\/media\/10390"}],"wp:attachment":[{"href":"https:\/\/www.upm.es\/recursosidi\/wp-json\/wp\/v2\/media?parent=10392"}],"wp:term":[{"taxonomy":"product_cat","embeddable":true,"href":"https:\/\/www.upm.es\/recursosidi\/wp-json\/wp\/v2\/product_cat?post=10392"},{"taxonomy":"product_tag","embeddable":true,"href":"https:\/\/www.upm.es\/recursosidi\/wp-json\/wp\/v2\/product_tag?post=10392"},{"taxonomy":"comunidad_upm","embeddable":true,"href":"https:\/\/www.upm.es\/recursosidi\/wp-json\/wp\/v2\/comunidades-upm?post=10392"},{"taxonomy":"quien","embeddable":true,"href":"https:\/\/www.upm.es\/recursosidi\/wp-json\/wp\/v2\/quien?post=10392"},{"taxonomy":"mapa","embeddable":true,"href":"https:\/\/www.upm.es\/recursosidi\/wp-json\/wp\/v2\/mapa?post=10392"},{"taxonomy":"disponibilidad","embeddable":true,"href":"https:\/\/www.upm.es\/recursosidi\/wp-json\/wp\/v2\/disponibilidad?post=10392"},{"taxonomy":"donde","embeddable":true,"href":"https:\/\/www.upm.es\/recursosidi\/wp-json\/wp\/v2\/donde?post=10392"},{"taxonomy":"infraestructura","embeddable":true,"href":"https:\/\/www.upm.es\/recursosidi\/wp-json\/wp\/v2\/infraestructura?post=10392"},{"taxonomy":"ods","embeddable":true,"href":"https:\/\/www.upm.es\/recursosidi\/wp-json\/wp\/v2\/ods?post=10392"},{"taxonomy":"origen","embeddable":true,"href":"https:\/\/www.upm.es\/recursosidi\/wp-json\/wp\/v2\/origen?post=10392"}],"curies":[{"name":"wp","href":"https:\/\/api.w.org\/{rel}","templated":true}]}}