{"id":10488,"date":"2022-07-27T12:45:31","date_gmt":"2022-07-27T10:45:31","guid":{"rendered":"https:\/\/www.upm.es\/recursosidi\/offers-resources\/sin categor\u00eda\/servicio-de-fabricacion-aditiva-industrial-impresion-3d-industrial\/"},"modified":"2022-07-27T12:45:37","modified_gmt":"2022-07-27T10:45:37","slug":"servicio-de-fabricacion-aditiva-industrial-impresion-3d-industrial","status":"publish","type":"product","link":"https:\/\/www.upm.es\/recursosidi\/offers-resources\/servicios-cientifico-tecnologico\/servicios-servicios-cientifico-tecnologico\/servicio-de-fabricacion-aditiva-industrial-impresion-3d-industrial\/","title":{"rendered":"Servicio de Fabricaci\u00f3n Aditiva Industrial\/Impresi\u00f3n 3D Industrial"},"content":{"rendered":"<h2>Servicio de Fabricaci&oacute;n Aditiva Industrial\/Impresi&oacute;n 3D Industrial<\/h2>\n<h4><strong>Descripci&oacute;n<\/strong><\/h4>\n<p>Servicios especializados de fabricaci&oacute;n aditiva\/impresi&oacute;n 3D en plasticos con orientaci&oacute;n industrial a la que proximamnet se sumar&aacute; fabricaci&oacute;n aditiva met&aacute;lica<\/p>\n<p>La impresora <strong>Stratasys Fortus 450m<\/strong>c de tecnolog&iacute;a FDM (&ldquo;Fused Deposition Modeling&rdquo; o &ldquo;Modelado por Deposici&oacute;n Fundida&rdquo;) permite la fabricacion de prototipos exactos, &uacute;tiles de fabricaci&oacute;n resistentes o piezas de uso final bajo proyecto. La tecnolog&iacute;a FDM utiliza los mismos materiales termopl&aacute;sticos probados y validados que se pueden encontrar en los procesos de fabricaci&oacute;n tradicionales. Desde herramientas de mordaza blanda hasta componentes espaciales con capacidad ESD, lo que la convierte en una solucion v&aacute;lida para la fabricaci&oacute;n aditiva en plasticos con capacidad de produccion industrial.<\/p>\n<h4><strong>Necesidades demandadas<\/strong><\/h4>\n<p>Se&nbsp; ofrece a las <strong>unidades I+D, laboratorios y start-ups<\/strong> asociadas a la UPM la posibilidad, as&iacute; como a empresas privadas, la posibilidad de <strong>validar<\/strong> sus <strong>resultados de investigaci&oacute;n<\/strong> mediante la fabricaci&oacute;n de piezas o sistemas-prototipo f&iacute;sicos, incluyendo pre-series seg&uacute;n las especificaciones y planos que establezca el cliente.<\/p>\n<h4><strong>Ubicaci&oacute;n<\/strong><\/h4>\n<p>El servicio es ofrecido por el Servicio Cientifico de Construcci&oacute;n de Prototipios I+D del Laboratorio de Ingenier&iacute;a de Fabricaci&oacute;n (IF). Las instalaciones se encuentran en la Escuela T&eacute;cnica Superior de Ingenieros Industriales. C\/ Jose Guti&eacute;rrez Abascal 2. 28006 Madrid.<\/p>\n<h4><strong>Solicitud del servicio<\/strong><\/h4>\n<p>La solicitud del servicio se realizar&aacute; poniendose en contacto con <em>a traves de la web&nbsp;<\/em> <a href=\"http:\/\/fabricacion.industriales.upm.es\/fabricacion-prototipos\/\">fabricacion.industriales.upm.es<\/a>. Al solicitante se le solicitar&aacute; la informaci&oacute;n t&eacute;cnica y cient&iacute;fica que permita evaluar las piezas a fabricar.<\/p>\n<div class=\"pdfprnt-buttons pdfprnt-buttons-product pdfprnt-bottom-left\"><a href=\"https:\/\/www.upm.es\/recursosidi\/wp-json\/wp\/v2\/product\/10488?print=pdf\" class=\"pdfprnt-button pdfprnt-button-pdf\" target=\"_blank\"><span class=\"pdfprnt-button-title pdfprnt-button-pdf-title\">Descargar ficha<\/span><\/a><\/div>","protected":false},"excerpt":{"rendered":"<p>Servicios de fabricaci\u00f3n aditiva industrial con m\u00e1quinas profesionales  Stratasys Fortus 450mc y Ultimaker S5 para la fabricaci\u00f3n de piezas pl\u00e1sticas a las que pr\u00f3ximanente se sumaran m\u00e1quinas de fabricaci\u00f3n aditiva met\u00e1lica<\/p>\n","protected":false},"featured_media":10486,"template":"","meta":{"_acf_changed":false},"product_cat":[2395],"product_tag":[4655,2643,3548,4656],"comunidades-upm":[],"quien":[],"mapa":[{"term_id":135,"name":"Industria, materiales y econom\u00eda circular","slug":"industria-materiales-economia_circular","term_group":0,"term_taxonomy_id":135,"taxonomy":"mapa","description":"","parent":0,"count":165,"filter":"raw","term_order":"13"}],"disponibilidad":[{"term_id":204,"name":"Disponible","slug":"disponible","term_group":0,"term_taxonomy_id":204,"taxonomy":"disponibilidad","description":"","parent":0,"count":110,"filter":"raw","term_order":"0"}],"donde":[{"term_id":378,"name":"Ingenier\u00eda de Fabricaci\u00f3n","slug":"ingenieria-de-fabricacion","term_group":0,"term_taxonomy_id":378,"taxonomy":"donde","description":"","parent":0,"count":21,"filter":"raw","term_order":"0"},{"term_id":1602,"name":"manufacturing engineering","slug":"en_manufacturing-engineering","term_group":0,"term_taxonomy_id":1602,"taxonomy":"donde","description":"","parent":0,"count":18,"filter":"raw","term_order":"0"}],"infraestructura":[],"ods":[{"term_id":2247,"name":"Industria, Innovaci\u00f3n e Infraestructura","slug":"industria-innovacion-e-infraestructura","term_group":0,"term_taxonomy_id":2247,"taxonomy":"ods","description":"","parent":0,"count":171,"filter":"raw","term_order":"0"}],"origen":[{"term_id":196,"name":"Infraestructuras, Instalaci\u00f3n, Equipo","slug":"infraestructuras","term_group":0,"term_taxonomy_id":196,"taxonomy":"origen","description":"","parent":0,"count":180,"filter":"raw","term_order":"0"}],"familia_tax":false,"quien_tax":false,"donde_tax":false,"year":"2022-01-01","contacto":"GRUPO DE INVESTIGACI\u00d3N INGENIER\u00cdA DE FABRICACI\u00d3N. E.T.S. DE INGENIEROS INDUSTRIALES (DEPARTAMENTO DE INGENIER\u00cdA MEC\u00c1NICA). Calle de Jos\u00e9 Guti\u00e9rrez Abascal, 2, 28006 Madrid.","telefono":"910677212","pagina_web":"http:\/\/fabricacion.industriales.upm.es\/fabricacion-aditiva-industrial\/","email":"jc.hernandez@upm.es","id_ficha_portal":"417","video":"","adjuntos":false,"adjuntos_portal":"","inf":false,"departamento":"","acf":[],"lang":"es","translation":{"es":10488,"en":10491},"_links":{"self":[{"href":"https:\/\/www.upm.es\/recursosidi\/wp-json\/wp\/v2\/product\/10488"}],"collection":[{"href":"https:\/\/www.upm.es\/recursosidi\/wp-json\/wp\/v2\/product"}],"about":[{"href":"https:\/\/www.upm.es\/recursosidi\/wp-json\/wp\/v2\/types\/product"}],"wp:featuredmedia":[{"embeddable":true,"href":"https:\/\/www.upm.es\/recursosidi\/wp-json\/wp\/v2\/media\/10486"}],"wp:attachment":[{"href":"https:\/\/www.upm.es\/recursosidi\/wp-json\/wp\/v2\/media?parent=10488"}],"wp:term":[{"taxonomy":"product_cat","embeddable":true,"href":"https:\/\/www.upm.es\/recursosidi\/wp-json\/wp\/v2\/product_cat?post=10488"},{"taxonomy":"product_tag","embeddable":true,"href":"https:\/\/www.upm.es\/recursosidi\/wp-json\/wp\/v2\/product_tag?post=10488"},{"taxonomy":"comunidad_upm","embeddable":true,"href":"https:\/\/www.upm.es\/recursosidi\/wp-json\/wp\/v2\/comunidades-upm?post=10488"},{"taxonomy":"quien","embeddable":true,"href":"https:\/\/www.upm.es\/recursosidi\/wp-json\/wp\/v2\/quien?post=10488"},{"taxonomy":"mapa","embeddable":true,"href":"https:\/\/www.upm.es\/recursosidi\/wp-json\/wp\/v2\/mapa?post=10488"},{"taxonomy":"disponibilidad","embeddable":true,"href":"https:\/\/www.upm.es\/recursosidi\/wp-json\/wp\/v2\/disponibilidad?post=10488"},{"taxonomy":"donde","embeddable":true,"href":"https:\/\/www.upm.es\/recursosidi\/wp-json\/wp\/v2\/donde?post=10488"},{"taxonomy":"infraestructura","embeddable":true,"href":"https:\/\/www.upm.es\/recursosidi\/wp-json\/wp\/v2\/infraestructura?post=10488"},{"taxonomy":"ods","embeddable":true,"href":"https:\/\/www.upm.es\/recursosidi\/wp-json\/wp\/v2\/ods?post=10488"},{"taxonomy":"origen","embeddable":true,"href":"https:\/\/www.upm.es\/recursosidi\/wp-json\/wp\/v2\/origen?post=10488"}],"curies":[{"name":"wp","href":"https:\/\/api.w.org\/{rel}","templated":true}]}}