{"id":10505,"date":"2022-07-27T12:45:59","date_gmt":"2022-07-27T10:45:59","guid":{"rendered":"https:\/\/www.upm.es\/recursosidi\/offers-resources\/sin categor\u00eda\/rdi-prototype-production-service-technical-work\/"},"modified":"2022-07-27T12:46:10","modified_gmt":"2022-07-27T10:46:10","slug":"rdi-prototype-production-service-technical-work","status":"publish","type":"product","link":"https:\/\/www.upm.es\/recursosidi\/en\/offers-resources\/technological-scientific-services\/services-technological-scientific-services\/rdi-prototype-production-service-technical-work\/","title":{"rendered":"R&amp;D&amp;i prototype production service. Technical work"},"content":{"rendered":"<h2>\n                <strong>Specialist engineering and technical services <br \/>\n                <\/strong><br \/>\n            <\/h2>\n<p>\n                <strong>Description<\/strong>\n            <\/p>\n<p>Specialist services carried out by machining and automation engineers and senior technicians. The human team available encompasses a comprehensive offer of skills in <em>turnkey production of prototypes, moulds, and individual or sets of tooling made in metal or plastic that are fully operationally functional<\/em>. The following are amongst the services that can be signed up to:<\/p>\n<ul>\n<li>3D computer design of pieces and sets from specifications<\/li>\n<li>Analysis using CAD tools<\/li>\n<li>Detailed production process planning<\/li>\n<li>Tool design<\/li>\n<li>Materials planning. Suppliers and supplies management<\/li>\n<li>Development of CNC machining programs<\/li>\n<li>Machining simulation<\/li>\n<li>Mechanical production using CNC or conventional machinery, including tooling<\/li>\n<li>Assembly and adjustment: mechanical and electric<\/li>\n<li>Pneumatic or hydraulic automation<\/li>\n<li>Control systems integration<\/li>\n<li>Verification of dimensional quality<\/li>\n<li>Usability testing<\/li>\n<li>Final adjustments and delivery<\/li>\n<\/ul>\n<p>\n                <strong>Needs requested<br \/>\n                <\/strong>\n            <\/p>\n<p>\n                <strong>R&amp;D units, laboratories and start-ups<\/strong> associated with the UPM, along with private companies, are offered the chance to <strong>validate<\/strong> their <strong>research results<\/strong> with the production of physical prototype pieces or systems, including pre-series, according to the client\u00bfs specifications and plans.<\/p>\n<p>\n                <strong>References from University Research Groups and R&amp;D Centres:<br \/>\n                <\/strong>\n            <\/p>\n<ul>\n<li>CIEMAT<\/li>\n<li>Solar Energy Institute (IES)<\/li>\n<li>Automatics. HTSIE-UPM<\/li>\n<li>Electronics. HTSIE-UPM<\/li>\n<li>Thermal Engines. HTSIE-UPM<\/li>\n<li>Automotive Research Institute (INSIA)<\/li>\n<li>Central Electrotechnics Laboratory. HTSIE-UPM<\/li>\n<li>Nuclear Engineering. HTSIE-UPM<\/li>\n<li>Graphic Engineering. HTSIE-UPM<\/li>\n<li>Fluid mechanics. HTSIE-UPM<\/li>\n<li>Material Resistance. HTSIE-UPM<\/li>\n<li>Metallurgy. HTSIE-UPM<\/li>\n<li>Machines and Mechanisms Laboratory. HTSIE-UPM<\/li>\n<li>Physics Department. HTS for Roads, Canals and Ports. UPM<\/li>\n<\/ul>\n<p>\n                <strong>Company References<\/strong>\n            <\/p>\n<ul>\n<li>SIEMENS<\/li>\n<li>RENAULT<\/li>\n<li>New Technologies Global System (NTGS)<\/li>\n<li>Inspiralia R&amp;D<\/li>\n<li>Betia Ingenier\u00eda<\/li>\n<li>Mecanizados Pedrera<\/li>\n<li>INDUSHER<\/li>\n<li>Solfocus Spain<\/li>\n<\/ul>\n<p>\n                <strong>Location<\/strong>\n            <\/p>\n<p>The service is offered by the Manufacturing Engineering (ME) Laboratory which belongs to the Community of Madrid Laboratories Network. The facilities are at the Higher Technical School for Industrial Engineers. C\/ Jose Guti\u00e9rrez Abascal 2. 28006 Madrid.<\/p>\n<p>\n                <strong>Request for service<\/strong>\n            <\/p>\n<p>A<strong> request<\/strong> for service can be made by contacting the officer <em><br \/>\n                    <strong>Dr. Juan Carlos Hern\u00e1ndez<\/strong><br \/>\n                <\/em> via the e-mail <a href='mailto:<span rel=\"8a313630bb312b315f312031bf313a31c6312531ae311331bb31223176314231a73136316a310e31aa31\" class=\"cryptex \" style=\"\"><span class=\"CryptexImg ctxl2j5PQDlq5G8_DQaM85wkp2z0KOtanP1kN1SONNalHk\"><\/span><\/span>'><span rel=\"8a313630bb312b315f312031bf313a31c6312531ae311331bb31223176314231a73136316a310e31aa31\" class=\"cryptex \" style=\"\"><span class=\"CryptexImg ctxl2j5PQDlq5G8_DQaM85wkp2z0KOtanP1kN1SONNalHk\"><\/span><\/span><\/a>. The applicant will be asked for technical and scientific information to enable assessment of the system to be made and the work needed identified, along with the technical and human resources needed to carry it out. The rates for other technical services are published on this web site and on the Universidad Polit\u00e9cnica de Madrid\u00bfs web site under the heading &#8216;Prototype Production Services&#8217; <a href='\/www.upm.es\/Investigacion\/estructuras\/ServiciosCientificos'>https:\/\/www.upm.es\/Investigacion\/estructuras\/ServiciosCientificos<\/a> .<\/p>\n<div class=\"pdfprnt-buttons pdfprnt-buttons-product pdfprnt-bottom-left\"><a href=\"https:\/\/www.upm.es\/recursosidi\/wp-json\/wp\/v2\/product\/10505?print=pdf\" class=\"pdfprnt-button pdfprnt-button-pdf\" target=\"_blank\"><span class=\"pdfprnt-button-title pdfprnt-button-pdf-title\">Descargar ficha<\/span><\/a><\/div>","protected":false},"excerpt":{"rendered":"<p>Work by technical staff specialising in prototype design, production and testing<\/p>\n","protected":false},"featured_media":10504,"template":"","meta":{"_acf_changed":false},"product_cat":[2403],"product_tag":[7827,7614,7822],"comunidades-upm":[],"quien":[],"mapa":[{"term_id":75,"name":"Industry, Materials and Circular Economy","slug":"industry-materials-circular_economy","term_group":0,"term_taxonomy_id":75,"taxonomy":"mapa","description":"","parent":0,"count":87,"filter":"raw","term_order":"14"}],"disponibilidad":[{"term_id":204,"name":"Disponible","slug":"disponible","term_group":0,"term_taxonomy_id":204,"taxonomy":"disponibilidad","description":"","parent":0,"count":110,"filter":"raw","term_order":"0"}],"donde":[{"term_id":378,"name":"Ingenier\u00eda de Fabricaci\u00f3n","slug":"ingenieria-de-fabricacion","term_group":0,"term_taxonomy_id":378,"taxonomy":"donde","description":"","parent":0,"count":21,"filter":"raw","term_order":"0"},{"term_id":1602,"name":"manufacturing engineering","slug":"en_manufacturing-engineering","term_group":0,"term_taxonomy_id":1602,"taxonomy":"donde","description":"","parent":0,"count":18,"filter":"raw","term_order":"0"}],"infraestructura":[],"ods":[{"term_id":2249,"name":"Industry, Innovation and Infrastructure","slug":"industry-innovation-and-infrastructure","term_group":0,"term_taxonomy_id":2249,"taxonomy":"ods","description":"","parent":0,"count":129,"filter":"raw","term_order":"0"}],"origen":[{"term_id":196,"name":"Infraestructuras, Instalaci\u00f3n, Equipo","slug":"infraestructuras","term_group":0,"term_taxonomy_id":196,"taxonomy":"origen","description":"","parent":0,"count":180,"filter":"raw","term_order":"0"}],"familia_tax":false,"quien_tax":false,"donde_tax":false,"year":"2010-01-01","contacto":"GRUPO DE INVESTIGACI\u00d3N INGENIER\u00cdA DE FABRICACI\u00d3N. E.T.S. DE INGENIEROS INDUSTRIALES (DEPARTAMENTO DE INGENIER\u00cdA MEC\u00c1NICA). Calle de Jos\u00e9 Guti\u00e9rrez Abascal, 2, 28006 Madrid.","telefono":"910677212","pagina_web":"http:\/\/fabricacion.industriales.upm.es\/fabricacion-prototipos\/","email":"jc.hernandez@upm.es","id_ficha_portal":"203","video":"","adjuntos":false,"adjuntos_portal":"","inf":false,"departamento":"","acf":[],"lang":"en","translation":{"en":10505,"es":10493},"_links":{"self":[{"href":"https:\/\/www.upm.es\/recursosidi\/wp-json\/wp\/v2\/product\/10505"}],"collection":[{"href":"https:\/\/www.upm.es\/recursosidi\/wp-json\/wp\/v2\/product"}],"about":[{"href":"https:\/\/www.upm.es\/recursosidi\/wp-json\/wp\/v2\/types\/product"}],"wp:featuredmedia":[{"embeddable":true,"href":"https:\/\/www.upm.es\/recursosidi\/wp-json\/wp\/v2\/media\/10504"}],"wp:attachment":[{"href":"https:\/\/www.upm.es\/recursosidi\/wp-json\/wp\/v2\/media?parent=10505"}],"wp:term":[{"taxonomy":"product_cat","embeddable":true,"href":"https:\/\/www.upm.es\/recursosidi\/wp-json\/wp\/v2\/product_cat?post=10505"},{"taxonomy":"product_tag","embeddable":true,"href":"https:\/\/www.upm.es\/recursosidi\/wp-json\/wp\/v2\/product_tag?post=10505"},{"taxonomy":"comunidad_upm","embeddable":true,"href":"https:\/\/www.upm.es\/recursosidi\/wp-json\/wp\/v2\/comunidades-upm?post=10505"},{"taxonomy":"quien","embeddable":true,"href":"https:\/\/www.upm.es\/recursosidi\/wp-json\/wp\/v2\/quien?post=10505"},{"taxonomy":"mapa","embeddable":true,"href":"https:\/\/www.upm.es\/recursosidi\/wp-json\/wp\/v2\/mapa?post=10505"},{"taxonomy":"disponibilidad","embeddable":true,"href":"https:\/\/www.upm.es\/recursosidi\/wp-json\/wp\/v2\/disponibilidad?post=10505"},{"taxonomy":"donde","embeddable":true,"href":"https:\/\/www.upm.es\/recursosidi\/wp-json\/wp\/v2\/donde?post=10505"},{"taxonomy":"infraestructura","embeddable":true,"href":"https:\/\/www.upm.es\/recursosidi\/wp-json\/wp\/v2\/infraestructura?post=10505"},{"taxonomy":"ods","embeddable":true,"href":"https:\/\/www.upm.es\/recursosidi\/wp-json\/wp\/v2\/ods?post=10505"},{"taxonomy":"origen","embeddable":true,"href":"https:\/\/www.upm.es\/recursosidi\/wp-json\/wp\/v2\/origen?post=10505"}],"curies":[{"name":"wp","href":"https:\/\/api.w.org\/{rel}","templated":true}]}}