{"id":10522,"date":"2022-07-27T12:46:53","date_gmt":"2022-07-27T10:46:53","guid":{"rendered":"https:\/\/www.upm.es\/recursosidi\/offers-resources\/sin categor\u00eda\/servicio-de-imagen-del-centro-de-tecnologia-biomedica-sim-ctb\/"},"modified":"2022-07-27T12:46:58","modified_gmt":"2022-07-27T10:46:58","slug":"servicio-de-imagen-del-centro-de-tecnologia-biomedica-sim-ctb","status":"publish","type":"product","link":"https:\/\/www.upm.es\/recursosidi\/offers-resources\/servicios-cientifico-tecnologico\/servicios-servicios-cientifico-tecnologico\/servicio-de-imagen-del-centro-de-tecnologia-biomedica-sim-ctb\/","title":{"rendered":"SERVICIO DE IMAGEN DEL CENTRO DE TECNOLOG\u00cdA BIOM\u00c9DICA (SIM-CTB)"},"content":{"rendered":"<p>SERVICIO DE IMAGEN DEL CENTRO DE TECNOLOG&Iacute;A BIOM&Eacute;DICA (SIM-CTB)<!--  tarifado --><\/p>\n<p>El SIM-CTB cuenta con numerosos microscopios con sistemas de imagen muy diferentes con capacidad y experiencia para observar c&eacute;lulas, tejidos y &oacute;rganos en entornos fisiol&oacute;gicos<\/p>\n<hr \/>\n<h4>Descripci&oacute;n de los servicios que se ofrecen <!-- y tarifas --><\/h4>\n<p>El SIM-CTB est&aacute; formado en la actualidad por 4 sistemas de microscop&iacute;a diferentes:<\/p>\n<p>&#8211; Microscopio electr&oacute;nico de barrido con ca&ntilde;&oacute;n de iones (FIB-SEM, Zeiss Cross Beam 540)<\/p>\n<p>&#8211; Microscopio electr&oacute;nico de transmisi&oacute;n (TEM, Jeol 1011)<\/p>\n<p>&#8211; Microscopio confocal (MiC, Zeiss LSM 710)<\/p>\n<p>&#8211; Microscopio de fuerza at&oacute;mica (AFM, Nanotec Nanolife).<\/p>\n<p><!-- Recuerda que estas tarifas ser\u00e1n las oficiales aprobadas en Consejo de Direcci\u00f3n y Consejo Social. --><\/p>\n<hr \/>\n<h4>Necesidades demandadas y aplicaciones<\/h4>\n<p>Los equipos incluidos en el SIM-CTB est&aacute;n disponibles para realizar estudios completos por imagen de espec&iacute;menes vivos o muestras fijadas de tejidos, organoides, cultivos celulares 2D\/3D y de diferentes materiales (pol&iacute;meros, geles, etc). Por tanto, estos equipos son &oacute;ptimos para realizar an&aacute;lisis de las interacciones de las muestras biol&oacute;gicas con nanomateriales y biomateriales estructurados. A modo de ejemplo, este equipamiento se est&aacute; utilizando en la actualidad para realizar estudios ex vivo de la estructura de corteza cerebral o en an&aacute;lisis de procesos pl&aacute;sticos de la estructura y actividad celular de la corteza en cerebros afectados con diferentes patolog&iacute;as, como por ejemplo el estudio de modelos murinos de la enfermedad de Alzheimer o de Parkinson.<\/p>\n<hr \/>\n<h4>Sector o &aacute;rea de aplicaci&oacute;n<\/h4>\n<p>Investigaci&oacute;n en MEDICINA, BIOLOG&Iacute;A, CIENCIA DE MATERIALES, NANOMEDICINA, F&Iacute;SICA, QU&Iacute;MICA<\/p>\n<hr \/>\n<h4>Competencias diferenciales<\/h4>\n<p>El car&aacute;cter innovador de este servicio se asienta en la posibilidad de adquirir im&aacute;genes de alt&iacute;sima resoluci&oacute;n en localizaciones superficiales y profundas en muestras biol&oacute;gicas, incluyendo tejidos o cultivos celulares 2D\/3D y su interacci&oacute;n con diferentes biomateriales.<\/p>\n<hr \/>\n<h4>Referencias previas de prestaci&oacute;n<\/h4>\n<p>Actualmente todos los equipos presentan una gran demanda de uso en el &aacute;rea de la Neurociencia y la Bioingenier&iacute;a para reconstrucci&oacute;n y reemplazo de tejidos y &oacute;rganos da&ntilde;ados. Los equipos est&aacute;n siendo utilizados en la actualidad especialmente por usuarios de centros de I+D con alta relevancia en el &aacute;mbito de la neurociencia y tambi&eacute;n del &aacute;mbito biotecnol&oacute;gico y biom&eacute;dico.<\/p>\n<p>Los proyectos Human Brain Project (HBP) y Cajal Blue Brain (CBB) se desarrollan en el CTB. En estos proyectos y mediante t&eacute;cnicas anat&oacute;micas de vanguardia que hacen uso del SIM-CTB (MiC y FIB\/SEM), se ha hecho posible la construcci&oacute;n de un mapa detallado de las conexiones sin&aacute;pticas del cerebro. En ambos casos, se utilizan los equipos del SIM-CTB con el objetivo de crear un modelo anat&oacute;mico a escala micro y nanom&eacute;trica del cerebro de los mam&iacute;feros.<\/p>\n<hr \/>\n<h4>Descripci&oacute;n del equipamiento<\/h4>\n<p>Los datos m&aacute;s relevantes de los equipos incluidos en esta instalaci&oacute;n son los siguientes:<\/p>\n<p><strong>&#8211; <u>FIB\/SEM<\/u><\/strong><\/p>\n<p><em>Descripci&oacute;n: <\/em>Zeiss Cross Beam 540 Microscopio Electr&oacute;nico de Barrido de Emisi&oacute;n de Campo con Ca&ntilde;&oacute;n de Iones Focalizados.<\/p>\n<p><em>Ubicaci&oacute;n: <\/em>30m<sup>2<\/sup>, Planta &ndash;1 dentro del &aacute;rea del Laboratorio Cajal de Circuitos Neuronales, 35A.S1.004.0, Edificio CTB, Campus Montegancedo UPM<\/p>\n<p><em>Financiaci&oacute;n:<\/em> 2016 Proyecto Cajal Blue Brain (800k&euro;), Proyecto Human Brain (130k&euro;)<\/p>\n<p><em>Servicios ofrecidos: <\/em>Adquisici&oacute;n de im&aacute;genes secuenciales de microscopia electr&oacute;nica.<\/p>\n<p>Para m&aacute;s informaci&oacute;n sobre la solicitud y condiciones de uso de este servicio visitar la p&aacute;gina web del CTB en el enlace: http:\/\/www.ctb.upm.es\/core-facilities\/<\/p>\n<p><strong>&nbsp;&#8211;<u> TEM<\/u><\/strong><\/p>\n<p><em>Descripci&oacute;n:<\/em> Microscopio electr&oacute;nico de transmisi&oacute;n Jeol 1011 (100 Kv) equipado con una c&aacute;mara Gatan-Orius<em> <\/em>de 11 Mpx.<\/p>\n<p><em>Ubicaci&oacute;n: <\/em>30m<sup>2<\/sup>, Planta &ndash;2 dentro del &aacute;rea del Laboratorio Cajal de Circuitos Neuronales, 35A.S2.030.0, Edificio CTB, Campus Montegancedo UPM<\/p>\n<p><em>Financiaci&oacute;n: <\/em>2010 Proyecto Cajal Blue Brain (350k&euro;)<\/p>\n<p><em>Servicios ofrecidos: <\/em>Adquisici&oacute;n de im&aacute;genes<\/p>\n<p>Para m&aacute;s informaci&oacute;n sobre la solicitud y condiciones de uso de este servicio visitar la p&aacute;gina web del CTB en el enlace: http:\/\/www.ctb.upm.es\/core-facilities\/<\/p>\n<p><strong>&#8211; <u>MiC<\/u><\/strong><\/p>\n<p><em>Descripci&oacute;n:<\/em> Microscopio Confocal Zeiss LSM 710 equipado con: 5 l&aacute;seres (405, 488, 543, 594, 633nm), sistemas AOTF y AOBS y 2 detectores espectrales GaAsP, sobre un microscopio invertido Zeiss Axio Observer Z1 motorizado. L&aacute;mpara de fluorescencia de vapor de mercurio y cubos de filtros para DAPI (445\/50nm), GFP (525\/50) y Cy 3 (605\/70).<\/p>\n<p><em>Ubicaci&oacute;n:<\/em> 30m<sup>2<\/sup>, Planta &ndash;1 dentro del &aacute;rea del Laboratorio Cajal de Circuitos Neuronales, 35A.S1.020.0, Edificio CTB, Campus Montegancedo UPM<\/p>\n<p><em>Financiaci&oacute;n:<\/em> 2010 Proyecto Cajal Blue Brain (250k&euro;)<\/p>\n<p><em>Servicios ofrecidos: <\/em>Adquisici&oacute;n de im&aacute;genes<\/p>\n<p>Para m&aacute;s informaci&oacute;n sobre la solicitud y condiciones de uso de este servicio visitar la p&aacute;gina web del CTB en el enlace: http:\/\/www.ctb.upm.es\/core-facilities\/<\/p>\n<p><strong>&#8211; <u>AFM<\/u><\/strong><\/p>\n<p><em>Descripci&oacute;n:<\/em> Microscopio de fuerza at&oacute;mica Nanotec Nanolife&reg; con 8 piezoel&eacute;ctricos independientes, control Dulcinea&reg;, software WSxM, celda l&iacute;quida y posicionador XY. AFM en modo contacto (jumping, litogr&aacute;fico, din&aacute;mico (modulaci&oacute;n de amplitud, frecuencia de resonancia, modulaci&oacute;n de frecuencia); medidas espectrosc&oacute;picas de 2 (FZ), 3 (3d-Modes) y 4 (General Spectroscopy Imaging incluyendo Force Volume) dimensiones; medidas de larga distancia con m&eacute;todo de doble pasada (retrace) y plano (plane scan). Correcci&oacute;n autom&aacute;tica de drift.<\/p>\n<p><em>Ubicaci&oacute;n: <\/em>30m<sup>2<\/sup>, Planta &ndash;2 dentro del &aacute;rea del Laboratorio Biomateriales e Ingenier&iacute;a Regenerativa, 35A.S2.007.0, Edificio CTB, Campus Montegancedo UPM<\/p>\n<p><em>Financiaci&oacute;n: <\/em>2010 Proyecto Fundaci&oacute;n Marcelino Bot&iacute;n (220k&euro;)<\/p>\n<p><em>Servicios ofrecidos: <\/em>Adquisici&oacute;n de im&aacute;genes<\/p>\n<p>Para m&aacute;s informaci&oacute;n sobre la solicitud y condiciones de uso de este servicio visitar la p&aacute;gina web del CTB en el enlace: http:\/\/www.ctb.upm.es\/core-facilities\/<\/p>\n<p><strong><em>&#8211; <\/em><\/strong><strong><u>Equipos auxiliares<\/u><\/strong><\/p>\n<p>El SIM-CTB cuenta con un laboratorio completo de histolog&iacute;a equipado con todos los medios necesarios para procesamiento de tejidos biol&oacute;gicos.<\/p>\n<hr \/>\n<h4>Solicitud del servicio<\/h4>\n<p>Para m&aacute;s informaci&oacute;n sobre la solicitud y condiciones de uso de este servicio visitar la p&aacute;gina web del CTB en el enlace: http:\/\/www.ctb.upm.es\/core-facilities\/<\/p>\n<hr \/>\n<div class=\"pdfprnt-buttons pdfprnt-buttons-product pdfprnt-bottom-left\"><a href=\"https:\/\/www.upm.es\/recursosidi\/wp-json\/wp\/v2\/product\/10522?print=pdf\" class=\"pdfprnt-button pdfprnt-button-pdf\" target=\"_blank\"><span class=\"pdfprnt-button-title pdfprnt-button-pdf-title\">Descargar ficha<\/span><\/a><\/div>","protected":false},"excerpt":{"rendered":"<p>El SIM-CTB cuenta en la actualidad con numerosos microscopios entre los que destacan los siguiente equipos: Microscopio electr\u00f3nico de barrido con ca\u00f1\u00f3n de iones, Microscopio electr\u00f3nico de transmisi\u00f3n, Microscopio confocal y Microscopio de fuerza at\u00f3mica.<\/p>\n","protected":false},"featured_media":10518,"template":"","meta":{"_acf_changed":false},"product_cat":[2395],"product_tag":[2535,2563,3689,3690,3688,3687],"comunidades-upm":[],"quien":[],"mapa":[{"term_id":122,"name":"Salud y bienestar","slug":"salud-y-bienestar","term_group":0,"term_taxonomy_id":122,"taxonomy":"mapa","description":"","parent":0,"count":105,"filter":"raw","term_order":"17"}],"disponibilidad":[{"term_id":205,"name":"Consultar disponibilidad","slug":"consultar","term_group":0,"term_taxonomy_id":205,"taxonomy":"disponibilidad","description":"","parent":0,"count":290,"filter":"raw","term_order":"0"}],"donde":[{"term_id":1566,"name":"Advanced Structural Materials and Nanomaterials","slug":"en_advanced-structural-materials-and-nanomaterials","term_group":0,"term_taxonomy_id":1566,"taxonomy":"donde","description":"Llevamos m&aacute;s de 20 a&ntilde;os desarrollando numerosas t&eacute;cnicas experimentales con las que podemos estudiar y caracterizar casi cualquier tipo de material y geometr&iacute;a en una variedad muy amplia de condiciones de servicio.\n&nbsp;\nNuestras l&iacute;neas de investigaci&oacute;n se pueden resumir en:\n&nbsp;\n\nMateriales compuestos\nMateriales para la seguridad\nBiomateriales estructurales\nIntegridad y seguridad estructural\nMateriales para la construcci&oacute;n\nNanomateriales\n","parent":0,"count":22,"filter":"raw","term_order":"0"},{"term_id":1780,"name":"Center for Biomedical Technology","slug":"en_center-for-biomedical-technology","term_group":0,"term_taxonomy_id":1780,"taxonomy":"donde","description":"","parent":0,"count":56,"filter":"raw","term_order":"0"},{"term_id":556,"name":"Centro de Tecnolog\u00eda Biom\u00e9dica (CTB)","slug":"centro-de-tecnologia-biomedica-ctb","term_group":0,"term_taxonomy_id":556,"taxonomy":"donde","description":"","parent":0,"count":84,"filter":"raw","term_order":"0"},{"term_id":342,"name":"Materiales Estructurales Avanzados y Nanomateriales","slug":"materiales-estructurales-avanzados-y-nanomateriales","term_group":0,"term_taxonomy_id":342,"taxonomy":"donde","description":"Llevamos m&aacute;s de 20 a&ntilde;os desarrollando numerosas t&eacute;cnicas experimentales con las que podemos estudiar y caracterizar casi cualquier tipo de material y geometr&iacute;a en una variedad muy amplia de condiciones de servicio.\n&nbsp;\nNuestras l&iacute;neas de investigaci&oacute;n se pueden resumir en:\n&nbsp;\n\nMateriales compuestos\nMateriales para la seguridad\nBiomateriales estructurales\nIntegridad y seguridad estructural\nMateriales para la construcci&oacute;n\nNanomateriales\n","parent":0,"count":32,"filter":"raw","term_order":"0"}],"infraestructura":[],"ods":[{"term_id":2271,"name":"Salud y Bienestar","slug":"salud-y-bienestar","term_group":0,"term_taxonomy_id":2271,"taxonomy":"ods","description":"","parent":0,"count":59,"filter":"raw","term_order":"0"}],"origen":[{"term_id":196,"name":"Infraestructuras, Instalaci\u00f3n, Equipo","slug":"infraestructuras","term_group":0,"term_taxonomy_id":196,"taxonomy":"origen","description":"","parent":0,"count":180,"filter":"raw","term_order":"0"}],"familia_tax":false,"quien_tax":false,"donde_tax":false,"year":"2015-01-01","contacto":"Centro de Tecnolog\u00eda Biom\u00e9dica\r\nUniversidad Polit\u00e9cnica de Madrid, \r\nCampus de Montegancedo, \r\nPozuelo de Alarc\u00f3n, 28223, Madrid","telefono":"910679262","pagina_web":"http:\/\/www.ctb.upm.es\/core-facilities\/","email":"direccion.ctb@ctb.upm.es","id_ficha_portal":"306","video":"","adjuntos":false,"adjuntos_portal":"","inf":false,"departamento":"","acf":[],"lang":"es","translation":{"es":10522,"en":10527},"_links":{"self":[{"href":"https:\/\/www.upm.es\/recursosidi\/wp-json\/wp\/v2\/product\/10522"}],"collection":[{"href":"https:\/\/www.upm.es\/recursosidi\/wp-json\/wp\/v2\/product"}],"about":[{"href":"https:\/\/www.upm.es\/recursosidi\/wp-json\/wp\/v2\/types\/product"}],"wp:featuredmedia":[{"embeddable":true,"href":"https:\/\/www.upm.es\/recursosidi\/wp-json\/wp\/v2\/media\/10518"}],"wp:attachment":[{"href":"https:\/\/www.upm.es\/recursosidi\/wp-json\/wp\/v2\/media?parent=10522"}],"wp:term":[{"taxonomy":"product_cat","embeddable":true,"href":"https:\/\/www.upm.es\/recursosidi\/wp-json\/wp\/v2\/product_cat?post=10522"},{"taxonomy":"product_tag","embeddable":true,"href":"https:\/\/www.upm.es\/recursosidi\/wp-json\/wp\/v2\/product_tag?post=10522"},{"taxonomy":"comunidad_upm","embeddable":true,"href":"https:\/\/www.upm.es\/recursosidi\/wp-json\/wp\/v2\/comunidades-upm?post=10522"},{"taxonomy":"quien","embeddable":true,"href":"https:\/\/www.upm.es\/recursosidi\/wp-json\/wp\/v2\/quien?post=10522"},{"taxonomy":"mapa","embeddable":true,"href":"https:\/\/www.upm.es\/recursosidi\/wp-json\/wp\/v2\/mapa?post=10522"},{"taxonomy":"disponibilidad","embeddable":true,"href":"https:\/\/www.upm.es\/recursosidi\/wp-json\/wp\/v2\/disponibilidad?post=10522"},{"taxonomy":"donde","embeddable":true,"href":"https:\/\/www.upm.es\/recursosidi\/wp-json\/wp\/v2\/donde?post=10522"},{"taxonomy":"infraestructura","embeddable":true,"href":"https:\/\/www.upm.es\/recursosidi\/wp-json\/wp\/v2\/infraestructura?post=10522"},{"taxonomy":"ods","embeddable":true,"href":"https:\/\/www.upm.es\/recursosidi\/wp-json\/wp\/v2\/ods?post=10522"},{"taxonomy":"origen","embeddable":true,"href":"https:\/\/www.upm.es\/recursosidi\/wp-json\/wp\/v2\/origen?post=10522"}],"curies":[{"name":"wp","href":"https:\/\/api.w.org\/{rel}","templated":true}]}}