{"id":10529,"date":"2022-07-27T12:47:01","date_gmt":"2022-07-27T10:47:01","guid":{"rendered":"https:\/\/www.upm.es\/recursosidi\/offers-resources\/sin categor\u00eda\/servicio-de-inspeccion-analisis-mediante-sistema-vision\/"},"modified":"2022-07-27T12:47:12","modified_gmt":"2022-07-27T10:47:12","slug":"servicio-de-inspeccion-analisis-mediante-sistema-vision","status":"publish","type":"product","link":"https:\/\/www.upm.es\/recursosidi\/offers-resources\/servicios-cientifico-tecnologico\/servicios-servicios-cientifico-tecnologico\/servicio-de-inspeccion-analisis-mediante-sistema-vision\/","title":{"rendered":"Servicio de inspecci\u00f3n\/an\u00e1lisis mediante sistema visi\u00f3n"},"content":{"rendered":"<h2><strong>Servicio de inspecci&oacute;n\/an&aacute;lisis piezas por microscopia<\/strong><\/h2>\n<p><strong>Descripci&oacute;n <\/strong><\/p>\n<p>An&aacute;lisis, inspeccion y verificacion de piezas y herramientas por microscopia 3D.<\/p>\n<p><strong>Necesidades demandadas<br \/><\/strong><\/p>\n<p>Se&nbsp; ofrece a las <strong>unidades I+D, laboratorios y start-ups<\/strong> asociadas a la UPM la posibilidad, as&iacute; como a empresas priivadas, la posibilidad de <strong>validar<\/strong> sus <strong>resultados de investigaci&oacute;n<\/strong> mediante la fabricaci&oacute;n de piezas o sistemas-prototipo f&iacute;sicos, incluyendo pre-series seg&uacute;n las especificaciones y planos que establezca el cliente.<\/p>\n<p><strong>Referencias de Grupos de Investigaci&oacute;n Universitarios y Centros I+D:<br \/><\/strong><\/p>\n<ul>\n<li>Fluidomec&aacute;nica. ETSII-UPM<\/li>\n<li>Resistencia de Materiales. ETSII-UPM<\/li>\n<li>Metalurgia. ETSII-UPM<\/li>\n<li>Laboratorio de M&aacute;quinas y Mecanismos. ETSII-UPM<\/li>\n<li>Dpto.F&iacute;sica. ETS Caminos, Canales y Puertos. UPM<\/li>\n<\/ul>\n<p><strong>Referencias Empresas<\/strong><\/p>\n<ul>\n<li>New Technologies Global System (NTGS)<\/li>\n<li>Inspiralia I+D<\/li>\n<li>Betia Ingenier&iacute;a<\/li>\n<li>Mecanizados Pedrera<\/li>\n<\/ul>\n<p><strong>Ubicaci&oacute;n<\/strong><\/p>\n<p>El servicio es ofrecido por el Laboratorio de Ingenier&iacute;a de Fabricaci&oacute;n (IF), pertenecinet a la Red de Laboratorio de la Comunidad de Madrid.&nbsp; Las instalaciones se encuentran en la Escuela T&eacute;cnica Superior de Ingenieros Industriales. C\/ Jose Guti&eacute;rrez Abascal 2. 28006 Madrid.<\/p>\n<p><strong>Solicitud del servicio<\/strong><\/p>\n<p>La<strong> solicitud<\/strong> del servicio se realizar&aacute; poniendose en contacto con el responsable del servicio Dr. Juan Carlor Hernandez a trav&eacute;s del correo <a href=\"mailto:<span rel=\"89313430a6310e315e312f319a312331a1310c31b1311f319d31443193313b31bc3125317f313331c431\" class=\"cryptex \" style=\"\"><span class=\"CryptexImg ctxl2j5PQDlq5G8_DQaM85wkp2z0KOtanP1kN1SONNalHk\"><\/span><\/span>\"><span rel=\"89313430a6310e315e312f319a312331a1310c31b1311f319d31443193313b31bc3125317f313331c431\" class=\"cryptex \" style=\"\"><span class=\"CryptexImg ctxl2j5PQDlq5G8_DQaM85wkp2z0KOtanP1kN1SONNalHk\"><\/span><\/span><\/a>. Al solicitante se le solicitar&aacute; la informaci&oacute;n t&eacute;cnica y cient&iacute;fica que permita evaluar el sistema a fabricar e identificar las tareas necesarias, as&iacute; como los medios t&eacute;cnicos y humanos necesarios para su ejecuci&oacute;n. Las tarifas del resto de los servicios est&aacute;n publicadas en esta misma web y en la p&aacute;gina de la Universidad Polit&eacute;cnica de Madrid en su apartado de &#8220;Servicios de Fabricacion de Prototipos&#8221; <a href=\"\/Investigacion\/estructuras\/ServiciosCientificos\">https:\/\/www.upm.es\/Investigacion\/estructuras\/ServiciosCientificos<\/a>.<\/p>\n<div class=\"pdfprnt-buttons pdfprnt-buttons-product pdfprnt-bottom-left\"><a href=\"https:\/\/www.upm.es\/recursosidi\/wp-json\/wp\/v2\/product\/10529?print=pdf\" class=\"pdfprnt-button pdfprnt-button-pdf\" target=\"_blank\"><span class=\"pdfprnt-button-title pdfprnt-button-pdf-title\">Descargar ficha<\/span><\/a><\/div>","protected":false},"excerpt":{"rendered":"<p>Microscopio Visio 200 GL con sistema de tratamiento digital de im\u00e1genes Tesa.<\/p>\n","protected":false},"featured_media":10528,"template":"","meta":{"_acf_changed":false},"product_cat":[2395],"product_tag":[2643,2563],"comunidades-upm":[],"quien":[],"mapa":[{"term_id":135,"name":"Industria, materiales y econom\u00eda circular","slug":"industria-materiales-economia_circular","term_group":0,"term_taxonomy_id":135,"taxonomy":"mapa","description":"","parent":0,"count":165,"filter":"raw","term_order":"13"}],"disponibilidad":[{"term_id":205,"name":"Consultar disponibilidad","slug":"consultar","term_group":0,"term_taxonomy_id":205,"taxonomy":"disponibilidad","description":"","parent":0,"count":290,"filter":"raw","term_order":"0"}],"donde":[{"term_id":378,"name":"Ingenier\u00eda de Fabricaci\u00f3n","slug":"ingenieria-de-fabricacion","term_group":0,"term_taxonomy_id":378,"taxonomy":"donde","description":"","parent":0,"count":21,"filter":"raw","term_order":"0"},{"term_id":1602,"name":"manufacturing engineering","slug":"en_manufacturing-engineering","term_group":0,"term_taxonomy_id":1602,"taxonomy":"donde","description":"","parent":0,"count":18,"filter":"raw","term_order":"0"}],"infraestructura":[],"ods":[{"term_id":2247,"name":"Industria, Innovaci\u00f3n e Infraestructura","slug":"industria-innovacion-e-infraestructura","term_group":0,"term_taxonomy_id":2247,"taxonomy":"ods","description":"","parent":0,"count":171,"filter":"raw","term_order":"0"}],"origen":[{"term_id":196,"name":"Infraestructuras, Instalaci\u00f3n, Equipo","slug":"infraestructuras","term_group":0,"term_taxonomy_id":196,"taxonomy":"origen","description":"","parent":0,"count":180,"filter":"raw","term_order":"0"}],"familia_tax":false,"quien_tax":false,"donde_tax":false,"year":"2017-01-01","contacto":"GRUPO DE INVESTIGACI\u00d3N INGENIER\u00cdA DE FABRICACI\u00d3N. E.T.S. DE INGENIEROS INDUSTRIALES (DEPARTAMENTO DE INGENIER\u00cdA MEC\u00c1NICA). Calle de Jos\u00e9 Guti\u00e9rrez Abascal, 2, 28006 Madrid.","telefono":"910677212","pagina_web":"http:\/\/fabricacion.industriales.upm.es\/fabricacion-prototipos\/","email":"jc.hernandez@upm.es","id_ficha_portal":"202","video":"https:\/\/www.youtube.com\/watch?v=nNhuqPBXJ1E&#038;feature=emb_logo","adjuntos":false,"adjuntos_portal":"","inf":false,"departamento":"","acf":[],"lang":"es","translation":{"es":10529,"en":10533},"_links":{"self":[{"href":"https:\/\/www.upm.es\/recursosidi\/wp-json\/wp\/v2\/product\/10529"}],"collection":[{"href":"https:\/\/www.upm.es\/recursosidi\/wp-json\/wp\/v2\/product"}],"about":[{"href":"https:\/\/www.upm.es\/recursosidi\/wp-json\/wp\/v2\/types\/product"}],"wp:featuredmedia":[{"embeddable":true,"href":"https:\/\/www.upm.es\/recursosidi\/wp-json\/wp\/v2\/media\/10528"}],"wp:attachment":[{"href":"https:\/\/www.upm.es\/recursosidi\/wp-json\/wp\/v2\/media?parent=10529"}],"wp:term":[{"taxonomy":"product_cat","embeddable":true,"href":"https:\/\/www.upm.es\/recursosidi\/wp-json\/wp\/v2\/product_cat?post=10529"},{"taxonomy":"product_tag","embeddable":true,"href":"https:\/\/www.upm.es\/recursosidi\/wp-json\/wp\/v2\/product_tag?post=10529"},{"taxonomy":"comunidad_upm","embeddable":true,"href":"https:\/\/www.upm.es\/recursosidi\/wp-json\/wp\/v2\/comunidades-upm?post=10529"},{"taxonomy":"quien","embeddable":true,"href":"https:\/\/www.upm.es\/recursosidi\/wp-json\/wp\/v2\/quien?post=10529"},{"taxonomy":"mapa","embeddable":true,"href":"https:\/\/www.upm.es\/recursosidi\/wp-json\/wp\/v2\/mapa?post=10529"},{"taxonomy":"disponibilidad","embeddable":true,"href":"https:\/\/www.upm.es\/recursosidi\/wp-json\/wp\/v2\/disponibilidad?post=10529"},{"taxonomy":"donde","embeddable":true,"href":"https:\/\/www.upm.es\/recursosidi\/wp-json\/wp\/v2\/donde?post=10529"},{"taxonomy":"infraestructura","embeddable":true,"href":"https:\/\/www.upm.es\/recursosidi\/wp-json\/wp\/v2\/infraestructura?post=10529"},{"taxonomy":"ods","embeddable":true,"href":"https:\/\/www.upm.es\/recursosidi\/wp-json\/wp\/v2\/ods?post=10529"},{"taxonomy":"origen","embeddable":true,"href":"https:\/\/www.upm.es\/recursosidi\/wp-json\/wp\/v2\/origen?post=10529"}],"curies":[{"name":"wp","href":"https:\/\/api.w.org\/{rel}","templated":true}]}}