{"id":10627,"date":"2022-07-27T12:53:50","date_gmt":"2022-07-27T10:53:50","guid":{"rendered":"https:\/\/www.upm.es\/recursosidi\/offers-resources\/sin categor\u00eda\/teledeteccion-y-cultivos-cubierta\/"},"modified":"2022-07-27T12:54:17","modified_gmt":"2022-07-27T10:54:17","slug":"teledeteccion-y-cultivos-cubierta","status":"publish","type":"product","link":"https:\/\/www.upm.es\/recursosidi\/offers-resources\/servicios-cientifico-tecnologico\/servicios-servicios-cientifico-tecnologico\/teledeteccion-y-cultivos-cubierta\/","title":{"rendered":"TELEDETECCI\u00d3N Y CULTIVOS CUBIERTA"},"content":{"rendered":"<h2 style=\"text-align: justify\">Teledetecci&oacute;n y cultivos cubierta para aumentar la eficiencia de uso de nitr&oacute;geno en cultivos herb&aacute;ceos<\/h2>\n<hr \/>\n<h4 style=\"text-align: justify\">Descripci&oacute;n de los servicios que se ofrecen <!-- y tarifas --><\/h4>\n<ol style=\"text-align: justify\">\n<li>Empleo de sensores remotos para ajustar la dosis de fertilizante nitrogenados<\/li>\n<li><em> <\/em>C&aacute;lculo de &iacute;ndices del estado nutricional del cultivo<\/li>\n<li><em> <\/em>Empleo de cultivos cubierta para disminuir la lixiviaci&oacute;n de nitratos y aumentar el NUE (nitrogen use efficiency)<\/li>\n<\/ol>\n<hr \/>\n<h4 style=\"text-align: justify\">Necesidades demandadas y aplicaciones<\/h4>\n<p style=\"text-align: justify\">La adaptaci&oacute;n del sector agrario al Pacto Verde Europeo obliga a mejorar la eficiencia del uso de recursos en los sistemas agrarios en la pr&oacute;xima d&eacute;cada (2030). Desde el Grupo de Investigaci&oacute;n AgSystems realizamos informes y consultor&iacute;as especializadas sobre uso eficiente de recursos en cultivos y acompa&ntilde;amos en el dise&ntilde;o y revisi&oacute;n de estudios de investigaci&oacute;n industrial orientados a construir soluciones innovaci&oacute;n, aportamos instalaciones, equipos y recursos humanos para el desarrollo de estudios y ensayos de productos, buscando siempre la mejor forma de proteger los resultados de investigaci&oacute;n.<\/p>\n<hr \/>\n<h4 style=\"text-align: justify\">Sector o &aacute;rea de aplicaci&oacute;n<\/h4>\n<p style=\"text-align: justify\">Empresas de fertilizantes de nitr&oacute;geno y fosfato; teledetecci&oacute;n<\/p>\n<hr \/>\n<h4 style=\"text-align: justify\">Competencias diferenciales<\/h4>\n<p style=\"text-align: justify\">El Grupo de Sistemas Agrarios (AgSystems) est&aacute; compuesto por 9 investigadores doctores, 3 investigadores en formaci&oacute;n y 1 t&eacute;cnicos y est&aacute; liderado por el Catedr&aacute;tico Miguel Quemada. Los servicios son realizados por personal espec&iacute;fico con alta cualificaci&oacute;n t&eacute;cnica e investigadora en el procesamiento de datos, aplicaci&oacute;n de sensores hiperespectrales y t&eacute;rmicos para la detecci&oacute;n de estr&eacute;s h&iacute;drico y nutricional en cultivos, sistemas de informaci&oacute;n geogr&aacute;fica (QGIS y ARCGIS) y an&aacute;lisis de im&aacute;genes, lo que garantiza una alta calidad en los servicios que ofrece el grupo.<\/p>\n<p style=\"text-align: justify\">Visita la web del grupo en: <a href=\"https:\/\/ceigram.upm.es\/grupos-de-investigacion\/grupo-sistemas-agrarios\/\">https:\/\/ceigram.upm.es\/grupos-de-investigacion\/grupo-sistemas-agrarios\/<\/a>.<\/p>\n<hr \/>\n<h4 style=\"text-align: justify\">Referencias previas de prestaci&oacute;n<\/h4>\n<p style=\"text-align: justify\">En los &uacute;ltimos 5 a&ntilde;os, el grupo ha participado 21 proyectos con empresas, fundaciones y asociaciones del sector de fertilizantes, semillas, hort&iacute;cola, asociaciones de productores y seguros agrarios; y dirigido 4 proyectos nacionales, 5 proyectos internacionales (<a href=\"https:\/\/www.solace-eu.net\/\">SolACE<\/a>, <a href=\"http:\/\/www.inms.international\/\">Towards INMS<\/a>, <a href=\"http:\/\/www.ceigram.upm.es\/blog\/2019\/02\/07\/climate-kic-journey-2019\/\">Climate-KIC<\/a>, <a href=\"https:\/\/macsur.eu\/\">MACSUR2<\/a>, <a href=\"https:\/\/cordis.europa.eu\/project\/id\/727284\/es\">DIVERSify<\/a>) y participado en dos regional (<a href=\"https:\/\/www.agrisost.org\/\">AGRISOST<\/a>) en los que se han utilizado las tecnolog&iacute;as descritas en esta oferta.<\/p>\n<p style=\"text-align: justify\"><strong>Empresas con las que ha trabajado el grupo: <\/strong>Symborg S.L.U&cedil; Eurochem Agro Iberia S.L.; Syngenta; Agroseguro; Fundaci&oacute;n Intermon Oxfam; Uni&oacute;n de Peque&ntilde;os Agricultores (UPA); Hisp&aacute;nica del Led S.L<strong>&nbsp;<\/strong><\/p>\n<p style=\"text-align: justify\"><strong>Centros p&uacute;blicos de investigaci&oacute;n colaboradores: <\/strong>INIA, Centro de Ciencias medioambientales-CSIC, Centro IFAPA (Junta de Andaluc&iacute;a), CSIC, U. Rey Juan Carlos o CIEMAT<\/p>\n<hr \/>\n<h4 style=\"text-align: justify\">Descripci&oacute;n del equipamiento<\/h4>\n<p style=\"text-align: justify\"><strong>Equipamiento de Sistemas Agrarios (GI-AgSytems) <\/strong><strong>para la detecci&oacute;n de estr&eacute;s h&iacute;drico y nutricional<\/strong>: Conjunto de equipos de medida de par&aacute;metros fisiol&oacute;gicos de cultivos y ambientales\/suelo, entre los que se pueden destacar los siguientes: Espectrorradi&oacute;metro de campo, rango de SVC 330-1100nm, para adquirir espectros en hojas, suelo y minerales, c&aacute;mara termogr&aacute;fica FLIR, c&aacute;mara multiespectral (Tetracam), sensor FDR de humedad del suelo (40) para la medici&oacute;n de medidas en hasta 12 sitios (incluidos registradores de datos y paneles solares), sensor port&aacute;til de humedad del suelo FDR (Diviner) para la adquisici&oacute;n de medidas hasta 1 m, equipo port&aacute;til para medir NDVI (Greenseeker), actividad de la clorofila (SPAD), antocianinas e &iacute;ndice de equilibrio de nitr&oacute;geno (Dualex), pluvi&oacute;metros de campo HOBO.<\/p>\n<hr \/>\n<h4 style=\"text-align: justify\">Solicitud del servicio<\/h4>\n<p style=\"text-align: justify\">La <strong>solicitud <\/strong>del servicio se realizar&aacute; poni&eacute;ndose en contacto con el responsable cient&iacute;fico <strong>Dr.<em> <\/em><\/strong><strong>Miguel Quemada S&aacute;enz-Badillos <\/strong>a trav&eacute;s del correo <a href=\"mailto:<span rel=\"85312930af312531b5312d31a73136317d311931a5312331b6312631ac31183193313431c03128316d310f31c731\" class=\"cryptex \" style=\"\"><span class=\"CryptexImg ctx32qjkEoQFtvOfLIvgr2QWS9u8-MMPIq8YejW04ginFY\"><\/span><\/span>\"><span rel=\"85312930af312531b5312d31a73136317d311931a5312331b6312631ac31183193313431c03128316d310f31c731\" class=\"cryptex \" style=\"\"><span class=\"CryptexImg ctx32qjkEoQFtvOfLIvgr2QWS9u8-MMPIq8YejW04ginFY\"><\/span><\/span><\/a> o con el Equipo de Gesti&oacute;n de Investigaci&oacute;n e Innovaci&oacute;n del CEIGRAM a trav&eacute;s del correo <a href=\"mailto:<span rel=\"85312930a5312131b7311f31b4312b31bc312a3095313231bc312e31a9311831b5310130c5312b31ac312830b9311f31\" class=\"cryptex \" style=\"\"><span class=\"CryptexImg ctxjA_b4RpR5RVqPON0xMCFZ_W3TXTESC8a_r71oHVn5LI\"><\/span><\/span>\"><span rel=\"85312930a5312131b7311f31b4312b31bc312a3095313231bc312e31a9311831b5310130c5312b31ac312830b9311f31\" class=\"cryptex \" style=\"\"><span class=\"CryptexImg ctxjA_b4RpR5RVqPON0xMCFZ_W3TXTESC8a_r71oHVn5LI\"><\/span><\/span><\/a><\/p>\n<hr \/>\n<div class=\"pdfprnt-buttons pdfprnt-buttons-product pdfprnt-bottom-left\"><a href=\"https:\/\/www.upm.es\/recursosidi\/wp-json\/wp\/v2\/product\/10627?print=pdf\" class=\"pdfprnt-button pdfprnt-button-pdf\" target=\"_blank\"><span class=\"pdfprnt-button-title pdfprnt-button-pdf-title\">Descargar ficha<\/span><\/a><\/div>","protected":false},"excerpt":{"rendered":"<p>Tecnolog\u00edas que permiten aumentar la eficiencia de uso de nitr\u00f3geno en cultivos herb\u00e1ceos, en concreto mediante el uso de teledetecci\u00f3n que permite mejorar el ajuste de la dosis de fertilizante (N) y la eficiencia de su uso o el uso de cultivos cubierta en sistemas de regad\u00edo.<\/p>\n","protected":false},"featured_media":10626,"template":"","meta":{"_acf_changed":false},"product_cat":[2395],"product_tag":[3785,3788,3787,3782,3781,3786,3783,3789,3780,3784],"comunidades-upm":[],"quien":[],"mapa":[{"term_id":139,"name":"Agricultura, silvicultura, recursos naturales, usos de la tierra y crecimiento azul","slug":"agricultura-silvicultura-recursos_naturales-usos_tierra-crecimiento_azul","term_group":0,"term_taxonomy_id":139,"taxonomy":"mapa","description":"","parent":0,"count":43,"filter":"raw","term_order":"2"},{"term_id":128,"name":"Espacio y Observaci\u00f3n de la Tierra","slug":"espacio-observacion_tierra","term_group":0,"term_taxonomy_id":128,"taxonomy":"mapa","description":"","parent":0,"count":19,"filter":"raw","term_order":"12"},{"term_id":126,"name":"Tecnolog\u00edas digitales, Inteligencia Artificial, ciberseguridad, 5G, rob\u00f3tica","slug":"tecnologias_digitales-ai-ciberseguridad-5g-robotica","term_group":0,"term_taxonomy_id":126,"taxonomy":"mapa","description":"","parent":0,"count":194,"filter":"raw","term_order":"23"}],"disponibilidad":[{"term_id":204,"name":"Disponible","slug":"disponible","term_group":0,"term_taxonomy_id":204,"taxonomy":"disponibilidad","description":"","parent":0,"count":110,"filter":"raw","term_order":"0"}],"donde":[{"term_id":1782,"name":"Agricultural Environmental Risk Management Research and Study Centre (CEIGRAM). Joint UPM-ENESA-AGROSEGURO Centre","slug":"en_agricultural-environmental-risk-management-research-and-study-centre-ceigram-joint-upm-enesa-agroseguro-centre","term_group":0,"term_taxonomy_id":1782,"taxonomy":"donde","description":"","parent":0,"count":9,"filter":"raw","term_order":"0"},{"term_id":1556,"name":"Agricultural Systems Group (AgSystems)","slug":"en_agricultural-systems-group-agsystems","term_group":0,"term_taxonomy_id":1556,"taxonomy":"donde","description":"Nuestra investigaci&oacute;n se centra en el estudio de sistemas agrarios y de cultivo y su relaci&oacute;n con el medio ambiente. El objetivo final es el dise&ntilde;o de estrategias o alternativas que permitan mantener la sostenibilidad de los sistemas de cultivo en las condiciones actuales y futuras. Para ello, nuestro grupo realiza proyectos de investigaci&oacute;n basados en ensayos de campo y en la utilizaci&oacute;n de modelos de simulaci&oacute;n matem&aacute;tica. \n&nbsp;\nLas principales <strong>l&iacute;neas de investigaci&oacute;n<\/strong> son:\n&nbsp;\n\nManejo de agua y nitr&oacute;geno en sistemas agrarios\nImpacto y adaptaciones al cambio y a la variabilidad clim&aacute;tica en sistemas de cultivo. Incertidumbres asociadas.\nModelizaci&oacute;n de sistemas agrarios\n","parent":0,"count":7,"filter":"raw","term_order":"0"},{"term_id":558,"name":"Centro de Estudios e Investigaci\u00f3n para la Gesti\u00f3n de Riesgos Agrarios y Medioambientales (CEIGRAM). Centro Mixto UPM-AGROSEGURO-ENESA","slug":"centro-de-estudios-e-investigacion-para-la-gestion-de-riesgos-agrarios-y-medioambientales-ceigram-centro-mixto-upm-agroseguro-enesa","term_group":0,"term_taxonomy_id":558,"taxonomy":"donde","description":"","parent":0,"count":12,"filter":"raw","term_order":"0"},{"term_id":332,"name":"Grupo de Sistemas Agrarios (AgSystems)","slug":"grupo-de-sistemas-agrarios-agsystems","term_group":0,"term_taxonomy_id":332,"taxonomy":"donde","description":"Nuestra investigaci&oacute;n se centra en el estudio de sistemas agrarios y de cultivo y su relaci&oacute;n con el medio ambiente. El objetivo final es el dise&ntilde;o de estrategias o alternativas que permitan mantener la sostenibilidad de los sistemas de cultivo en las condiciones actuales y futuras. Para ello, nuestro grupo realiza proyectos de investigaci&oacute;n basados en ensayos de campo y en la utilizaci&oacute;n de modelos de simulaci&oacute;n matem&aacute;tica. \n&nbsp;\nLas principales <strong>l&iacute;neas de investigaci&oacute;n<\/strong> son:\n&nbsp;\n\nManejo de agua y nitr&oacute;geno en sistemas agrarios\nImpacto y adaptaciones al cambio y a la variabilidad clim&aacute;tica en sistemas de cultivo. Incertidumbres asociadas.\nModelizaci&oacute;n de sistemas agrarios\n","parent":0,"count":9,"filter":"raw","term_order":"0"}],"infraestructura":[],"ods":[{"term_id":2231,"name":"Acci\u00f3n por el Clima","slug":"accion-por-el-clima","term_group":0,"term_taxonomy_id":2231,"taxonomy":"ods","description":"","parent":0,"count":67,"filter":"raw","term_order":"0"},{"term_id":2235,"name":"Producci\u00f3n y Consumo Responsables","slug":"produccion-y-consumo-responsables","term_group":0,"term_taxonomy_id":2235,"taxonomy":"ods","description":"","parent":0,"count":18,"filter":"raw","term_order":"0"}],"origen":[{"term_id":196,"name":"Infraestructuras, Instalaci\u00f3n, Equipo","slug":"infraestructuras","term_group":0,"term_taxonomy_id":196,"taxonomy":"origen","description":"","parent":0,"count":180,"filter":"raw","term_order":"0"}],"familia_tax":false,"quien_tax":false,"donde_tax":false,"year":"2015-01-01","contacto":"CEIGRAM C\/ Senda del Rey 13 Campus Sur de pr\u00e1cticas E.T.S. de Ingenier\u00eda Agron\u00f3mica, Alimentaria y de Biosistemas. Madrid 28040, Espa\u00f1a.","telefono":"910671079","pagina_web":"https:\/\/ceigram.upm.es\/oferta\/teledeteccion-y-cultivos-cubierta\/","email":"miguel.quemada@upm.es","id_ficha_portal":"319","video":"","adjuntos":false,"adjuntos_portal":"","inf":false,"departamento":"","acf":[],"lang":"es","translation":{"es":10627,"en":10629},"_links":{"self":[{"href":"https:\/\/www.upm.es\/recursosidi\/wp-json\/wp\/v2\/product\/10627"}],"collection":[{"href":"https:\/\/www.upm.es\/recursosidi\/wp-json\/wp\/v2\/product"}],"about":[{"href":"https:\/\/www.upm.es\/recursosidi\/wp-json\/wp\/v2\/types\/product"}],"wp:featuredmedia":[{"embeddable":true,"href":"https:\/\/www.upm.es\/recursosidi\/wp-json\/wp\/v2\/media\/10626"}],"wp:attachment":[{"href":"https:\/\/www.upm.es\/recursosidi\/wp-json\/wp\/v2\/media?parent=10627"}],"wp:term":[{"taxonomy":"product_cat","embeddable":true,"href":"https:\/\/www.upm.es\/recursosidi\/wp-json\/wp\/v2\/product_cat?post=10627"},{"taxonomy":"product_tag","embeddable":true,"href":"https:\/\/www.upm.es\/recursosidi\/wp-json\/wp\/v2\/product_tag?post=10627"},{"taxonomy":"comunidad_upm","embeddable":true,"href":"https:\/\/www.upm.es\/recursosidi\/wp-json\/wp\/v2\/comunidades-upm?post=10627"},{"taxonomy":"quien","embeddable":true,"href":"https:\/\/www.upm.es\/recursosidi\/wp-json\/wp\/v2\/quien?post=10627"},{"taxonomy":"mapa","embeddable":true,"href":"https:\/\/www.upm.es\/recursosidi\/wp-json\/wp\/v2\/mapa?post=10627"},{"taxonomy":"disponibilidad","embeddable":true,"href":"https:\/\/www.upm.es\/recursosidi\/wp-json\/wp\/v2\/disponibilidad?post=10627"},{"taxonomy":"donde","embeddable":true,"href":"https:\/\/www.upm.es\/recursosidi\/wp-json\/wp\/v2\/donde?post=10627"},{"taxonomy":"infraestructura","embeddable":true,"href":"https:\/\/www.upm.es\/recursosidi\/wp-json\/wp\/v2\/infraestructura?post=10627"},{"taxonomy":"ods","embeddable":true,"href":"https:\/\/www.upm.es\/recursosidi\/wp-json\/wp\/v2\/ods?post=10627"},{"taxonomy":"origen","embeddable":true,"href":"https:\/\/www.upm.es\/recursosidi\/wp-json\/wp\/v2\/origen?post=10627"}],"curies":[{"name":"wp","href":"https:\/\/api.w.org\/{rel}","templated":true}]}}