{"id":10651,"date":"2022-08-11T13:51:13","date_gmt":"2022-08-11T11:51:13","guid":{"rendered":"https:\/\/www.upm.es\/recursosidi\/offers-resources\/sin categor\u00eda\/quimovox-quimovox-chemographic-imaging-synthesis-tool\/"},"modified":"2026-04-21T03:40:26","modified_gmt":"2026-04-21T01:40:26","slug":"quimovox-quimovox-chemographic-imaging-synthesis-tool","status":"publish","type":"product","link":"https:\/\/www.upm.es\/recursosidi\/en\/offers-resources\/software-en\/quimovox-quimovox-chemographic-imaging-synthesis-tool\/","title":{"rendered":"(QuimoVox) &#8211; QuimoVox: \nChemographic imaging synthesis tool"},"content":{"rendered":"<h4><strong>Software description <\/strong><\/h4>\n<p>The main aim of QuimoVox is to help medical professionals to detect and diagnose diseases and dysfunctions in the vocal chords using graphic representation of the mucosal wave. The mucosal wave is understood to be the periodic pattern of movement made by the vocal chords during phonation.<br \/>\nThe pioneers in developing applications focussing on graphic representation and processing of the mucosal wave were the researchers from the Department of speech therapy and paediatric audiology at the Friedrich-Alexander de Erlangen University (Nuremberg). Their many works have been directed at direct representation, using a sequence of images delivered by a high speed digital camera. QuimoVox is an application that enables chemograms, one of the ways of representing the mucosal wave, to be produced using pre-recorded conventional video images. The application is also equipped with various image processing techniques, that the doctor may combine as they like to improve the quality of the available images.<br \/>\nThe combination of these two factors means the doctor can \u00bfplay\u00bf with the frames to get chemograms where this could not have been possible previously, due to the bad quality of the images, or sudden movements by the patient, that voided the operation.<br \/>\nThere is currently no commercial system available that makes chemograms from pre-recorded stroboscopic videos, and which allows the user to choose the image processing procedures to be used on the frames. On the contrary, most systems apply a pre-defined procedural sequence to the images that makes it impossible to get chemograms from low quality images.<br \/>\nQuimoVox has all these features and has, therefore, become a particularly interesting tool for medical professionals.<br \/>\nThe specific aims of the system are as follows:<br \/>\n1.\tMake a graphic representation of the mucosal wave using pre-recorded videos of the vocal chords.<br \/>\n2.\tImprove representations obtained using defective videos, or with bad image quality, using digital image processing techniques.<\/p>\n<h4><strong>Reference<\/strong><\/h4>\n<p>M-1532\/2010<\/p>\n<div class=\"pdfprnt-buttons pdfprnt-buttons-product pdfprnt-bottom-left\"><a href=\"https:\/\/www.upm.es\/recursosidi\/wp-json\/wp\/v2\/product\/10651?print=pdf\" class=\"pdfprnt-button pdfprnt-button-pdf\" target=\"_blank\"><span class=\"pdfprnt-button-title pdfprnt-button-pdf-title\">Descargar ficha<\/span><\/a><\/div>","protected":false},"excerpt":{"rendered":"<p>Software description The main aim of QuimoVox is to help medical professionals to detect and diagnose diseases and dysfunctions in the vocal chords using graphic&hellip;<\/p>\n","protected":false},"featured_media":0,"template":"","meta":{"_acf_changed":false},"product_cat":[7964],"product_tag":[],"comunidades-upm":[],"quien":[],"mapa":[{"term_id":122,"name":"Salud y bienestar","slug":"salud-y-bienestar","term_group":0,"term_taxonomy_id":122,"taxonomy":"mapa","description":"","parent":0,"count":105,"filter":"raw","term_order":"17"}],"disponibilidad":[],"donde":[{"term_id":1890,"name":"Bioengineering and Optoelectronics Research Group","slug":"en_bioengineering-and-optoelectronics-research-group","term_group":0,"term_taxonomy_id":1890,"taxonomy":"donde","description":"","parent":0,"count":2,"filter":"raw","term_order":"0"},{"term_id":1858,"name":"Multimedia and Acoustics Applications (GAMMA)","slug":"en_multimedia-and-acoustics-applications-gamma","term_group":0,"term_taxonomy_id":1858,"taxonomy":"donde","description":"","parent":0,"count":8,"filter":"raw","term_order":"0"},{"term_id":1818,"name":"Software and Multimedia Systems Technologies for Sustainability Research Centre (CITSEM)","slug":"en_software-and-multimedia-systems-technologies-for-sustainability-research-centre-citsem","term_group":0,"term_taxonomy_id":1818,"taxonomy":"donde","description":"","parent":0,"count":10,"filter":"raw","term_order":"0"}],"infraestructura":[],"ods":[],"origen":[{"term_id":186,"name":"Software","slug":"software-en","term_group":0,"term_taxonomy_id":186,"taxonomy":"origen","description":"","parent":0,"count":131,"filter":"raw","term_order":"0"}],"familia_tax":false,"quien_tax":false,"donde_tax":false,"year":"","contacto":"<strong>Main researchers: <\/strong><ul><li>JUAN IGNACIO GODINO LLORENTE <blockquote><strong>ignacio.godino@upm.es<\/strong><\/blockquote><\/li><li>RUBEN FRAILE MU\u00d1OZ <blockquote><strong>r.fraile@upm.es<\/strong><\/blockquote><\/li><li>VICTOR JOSE OSMA RUIZ <blockquote><strong>v.osma@upm.es<\/strong><\/blockquote><\/li><li>JUANA MARIA GUTIERREZ ARRIOLA <blockquote><strong>juana.gutierrez.arriola@upm.es<\/strong><\/blockquote><\/li><\/ul><strong>Other UPM researchers: <\/strong><ul><li>Nicol\u00e1s S\u00e1enz Lech\u00f3n<\/li><\/ul>","telefono":"","pagina_web":"","email":"","id_ficha_portal":"493","video":"","adjuntos":false,"adjuntos_portal":"","inf":false,"departamento":"","acf":[],"lang":"en","translation":{"en":10651,"es":8208},"_links":{"self":[{"href":"https:\/\/www.upm.es\/recursosidi\/wp-json\/wp\/v2\/product\/10651"}],"collection":[{"href":"https:\/\/www.upm.es\/recursosidi\/wp-json\/wp\/v2\/product"}],"about":[{"href":"https:\/\/www.upm.es\/recursosidi\/wp-json\/wp\/v2\/types\/product"}],"wp:attachment":[{"href":"https:\/\/www.upm.es\/recursosidi\/wp-json\/wp\/v2\/media?parent=10651"}],"wp:term":[{"taxonomy":"product_cat","embeddable":true,"href":"https:\/\/www.upm.es\/recursosidi\/wp-json\/wp\/v2\/product_cat?post=10651"},{"taxonomy":"product_tag","embeddable":true,"href":"https:\/\/www.upm.es\/recursosidi\/wp-json\/wp\/v2\/product_tag?post=10651"},{"taxonomy":"comunidad_upm","embeddable":true,"href":"https:\/\/www.upm.es\/recursosidi\/wp-json\/wp\/v2\/comunidades-upm?post=10651"},{"taxonomy":"quien","embeddable":true,"href":"https:\/\/www.upm.es\/recursosidi\/wp-json\/wp\/v2\/quien?post=10651"},{"taxonomy":"mapa","embeddable":true,"href":"https:\/\/www.upm.es\/recursosidi\/wp-json\/wp\/v2\/mapa?post=10651"},{"taxonomy":"disponibilidad","embeddable":true,"href":"https:\/\/www.upm.es\/recursosidi\/wp-json\/wp\/v2\/disponibilidad?post=10651"},{"taxonomy":"donde","embeddable":true,"href":"https:\/\/www.upm.es\/recursosidi\/wp-json\/wp\/v2\/donde?post=10651"},{"taxonomy":"infraestructura","embeddable":true,"href":"https:\/\/www.upm.es\/recursosidi\/wp-json\/wp\/v2\/infraestructura?post=10651"},{"taxonomy":"ods","embeddable":true,"href":"https:\/\/www.upm.es\/recursosidi\/wp-json\/wp\/v2\/ods?post=10651"},{"taxonomy":"origen","embeddable":true,"href":"https:\/\/www.upm.es\/recursosidi\/wp-json\/wp\/v2\/origen?post=10651"}],"curies":[{"name":"wp","href":"https:\/\/api.w.org\/{rel}","templated":true}]}}