{"id":10660,"date":"2022-08-11T13:51:43","date_gmt":"2022-08-11T11:51:43","guid":{"rendered":"https:\/\/www.upm.es\/recursosidi\/offers-resources\/sin categor\u00eda\/survey-generation-and-management-module-for-a-system-for-television-consumption-measurement-and-conducting-surveys-via-a-panel-of-users\/"},"modified":"2026-04-21T03:41:10","modified_gmt":"2026-04-21T01:41:10","slug":"survey-generation-and-management-module-for-a-system-for-television-consumption-measurement-and-conducting-surveys-via-a-panel-of-users","status":"publish","type":"product","link":"https:\/\/www.upm.es\/recursosidi\/en\/offers-resources\/software-en\/survey-generation-and-management-module-for-a-system-for-television-consumption-measurement-and-conducting-surveys-via-a-panel-of-users\/","title":{"rendered":"Survey generation and management module for a system for television consumption measurement and conducting surveys via a panel of users."},"content":{"rendered":"<h4><strong>Software description <\/strong><\/h4>\n<p>One of the main functions included in the system is the possibility of conducting surveys on panellists via their own mobile device (or over the internet) with the relevant incentives. It also includes the novelty of emulating a remote control using a mobile phone and measuring audiences that way.<\/p>\n<h4><strong>Reference<\/strong><\/h4>\n<p>M-8282\/2010<\/p>\n<div class=\"pdfprnt-buttons pdfprnt-buttons-product pdfprnt-bottom-left\"><a href=\"https:\/\/www.upm.es\/recursosidi\/wp-json\/wp\/v2\/product\/10660?print=pdf\" class=\"pdfprnt-button pdfprnt-button-pdf\" target=\"_blank\"><span class=\"pdfprnt-button-title pdfprnt-button-pdf-title\">Descargar ficha<\/span><\/a><\/div>","protected":false},"excerpt":{"rendered":"<p>Software description One of the main functions included in the system is the possibility of conducting surveys on panellists via their own mobile device (or&hellip;<\/p>\n","protected":false},"featured_media":0,"template":"","meta":{"_acf_changed":false},"product_cat":[7964],"product_tag":[],"comunidades-upm":[],"quien":[],"mapa":[],"disponibilidad":[],"donde":[{"term_id":1864,"name":"Information Processing and Telecommunications Center","slug":"en_information-processing-and-telecommunications-center","term_group":0,"term_taxonomy_id":1864,"taxonomy":"donde","description":"","parent":0,"count":32,"filter":"raw","term_order":"0"},{"term_id":1690,"name":"Visual Telecommunications Application Group (VTAG)","slug":"en_visual-telecommunications-application-group-vtag","term_group":0,"term_taxonomy_id":1690,"taxonomy":"donde","description":"Las principales <strong>l&iacute;neas de investigaci&oacute;n<\/strong> llevadas a cabo por el grupo son:\n&nbsp;\n\nComunicaciones Visuales\nVisi&oacute;n Artificial\nSistemas de telecomunicaci&oacute;n y teledetecci&oacute;n\nGesti&oacute;n y producci&oacute;n de media en red\nTelevisi&oacute;n digital\nAplicaciones del procesado de se&ntilde;al y comunicaciones en Sistemas Inteligentes de Transporte (Intelligent Transportation Systems - ITS)\nCodificaci&oacute;n y procesado digital de v&iacute;deo\nMedici&oacute;n de audiencias en tecnolog&iacute;as emergentes de transmisi&oacute;n de v&iacute;deo\nInteractividad (HbbTV) y accesibilidad a los medios audiovisualesIngenier&iacute;a de sistemas DVB\n","parent":0,"count":5,"filter":"raw","term_order":"0"}],"infraestructura":[],"ods":[],"origen":[{"term_id":186,"name":"Software","slug":"software-en","term_group":0,"term_taxonomy_id":186,"taxonomy":"origen","description":"","parent":0,"count":131,"filter":"raw","term_order":"0"}],"familia_tax":false,"quien_tax":false,"donde_tax":false,"year":"","contacto":"<strong>Main researchers: <\/strong><ul><li>JOSE MANUEL MENENDEZ GARCIA <blockquote><strong>jm.menendez@upm.es<\/strong><\/blockquote><\/li><li>FEDERICO ALVAREZ GARCIA <blockquote><strong>federico.alvarez@upm.es<\/strong><\/blockquote><\/li><li>Carlos Alberto Mart\u00edn Edo <blockquote><strong>carlosalberto.martin@upm.es<\/strong><\/blockquote><\/li><li>SERGIO RUIZ DE CASTROVIEJO AZNAREZ <blockquote><strong>sergio.castroviejo.aznarez@upm.es<\/strong><\/blockquote><\/li><li>IAGO FERN\u00c1NDEZ-CEDR\u00d3N FERN\u00c1NDEZ-MAQUIEIRA <blockquote><strong>iago.fernandezcedron@upm.es<\/strong><\/blockquote><\/li><li>SILVIA ALBA URIBE MAYORAL <blockquote><strong>silviaalba.uribe@upm.es<\/strong><\/blockquote><\/li><\/ul>","telefono":"","pagina_web":"","email":"","id_ficha_portal":"555","video":"","adjuntos":false,"adjuntos_portal":"","inf":false,"departamento":"","acf":[],"lang":"en","translation":{"en":10660,"es":8225},"_links":{"self":[{"href":"https:\/\/www.upm.es\/recursosidi\/wp-json\/wp\/v2\/product\/10660"}],"collection":[{"href":"https:\/\/www.upm.es\/recursosidi\/wp-json\/wp\/v2\/product"}],"about":[{"href":"https:\/\/www.upm.es\/recursosidi\/wp-json\/wp\/v2\/types\/product"}],"wp:attachment":[{"href":"https:\/\/www.upm.es\/recursosidi\/wp-json\/wp\/v2\/media?parent=10660"}],"wp:term":[{"taxonomy":"product_cat","embeddable":true,"href":"https:\/\/www.upm.es\/recursosidi\/wp-json\/wp\/v2\/product_cat?post=10660"},{"taxonomy":"product_tag","embeddable":true,"href":"https:\/\/www.upm.es\/recursosidi\/wp-json\/wp\/v2\/product_tag?post=10660"},{"taxonomy":"comunidad_upm","embeddable":true,"href":"https:\/\/www.upm.es\/recursosidi\/wp-json\/wp\/v2\/comunidades-upm?post=10660"},{"taxonomy":"quien","embeddable":true,"href":"https:\/\/www.upm.es\/recursosidi\/wp-json\/wp\/v2\/quien?post=10660"},{"taxonomy":"mapa","embeddable":true,"href":"https:\/\/www.upm.es\/recursosidi\/wp-json\/wp\/v2\/mapa?post=10660"},{"taxonomy":"disponibilidad","embeddable":true,"href":"https:\/\/www.upm.es\/recursosidi\/wp-json\/wp\/v2\/disponibilidad?post=10660"},{"taxonomy":"donde","embeddable":true,"href":"https:\/\/www.upm.es\/recursosidi\/wp-json\/wp\/v2\/donde?post=10660"},{"taxonomy":"infraestructura","embeddable":true,"href":"https:\/\/www.upm.es\/recursosidi\/wp-json\/wp\/v2\/infraestructura?post=10660"},{"taxonomy":"ods","embeddable":true,"href":"https:\/\/www.upm.es\/recursosidi\/wp-json\/wp\/v2\/ods?post=10660"},{"taxonomy":"origen","embeddable":true,"href":"https:\/\/www.upm.es\/recursosidi\/wp-json\/wp\/v2\/origen?post=10660"}],"curies":[{"name":"wp","href":"https:\/\/api.w.org\/{rel}","templated":true}]}}