{"id":10738,"date":"2022-08-11T13:56:14","date_gmt":"2022-08-11T11:56:14","guid":{"rendered":"https:\/\/www.upm.es\/recursosidi\/offers-resources\/sin categor\u00eda\/eva-2\/"},"modified":"2026-04-22T02:32:51","modified_gmt":"2026-04-22T00:32:51","slug":"eva-2","status":"publish","type":"product","link":"https:\/\/www.upm.es\/recursosidi\/en\/offers-resources\/software-en\/eva-2\/","title":{"rendered":"EVA"},"content":{"rendered":"<h4><strong>Software description <\/strong><\/h4>\n<p>In the context of the Community of Madrid MOSI-AGIL project, a buildings evacuation system was developed for Google Glass and Smartphones.<\/p>\n<h4><strong>Reference<\/strong><\/h4>\n<p>M-7322\/2016<\/p>\n<div class=\"pdfprnt-buttons pdfprnt-buttons-product pdfprnt-bottom-left\"><a href=\"https:\/\/www.upm.es\/recursosidi\/wp-json\/wp\/v2\/product\/10738?print=pdf\" class=\"pdfprnt-button pdfprnt-button-pdf\" target=\"_blank\"><span class=\"pdfprnt-button-title pdfprnt-button-pdf-title\">Descargar ficha<\/span><\/a><\/div>","protected":false},"excerpt":{"rendered":"<p>Software description In the context of the Community of Madrid MOSI-AGIL project, a buildings evacuation system was developed for Google Glass and Smartphones. Reference M-7322\/2016&hellip;<\/p>\n","protected":false},"featured_media":0,"template":"","meta":{"_acf_changed":false},"product_cat":[7964],"product_tag":[],"comunidades-upm":[],"quien":[],"mapa":[],"disponibilidad":[],"donde":[{"term_id":1674,"name":"Smart Systems Group","slug":"en_smart-systems-group","term_group":0,"term_taxonomy_id":1674,"taxonomy":"donde","description":"Nuestro grupo realiza actividades de investigaci&oacute;n, desarrollo e innovaci&oacute;n en teor&iacute;as, m&eacute;todos y aplicaciones de t&eacute;cnicas de inteligencia artificial en base las siguientes <strong>l&iacute;neas de investigaci&oacute;n<\/strong>:\n&nbsp;\n\n<strong>NLP y An&aacute;lisis de Sentimientos: <\/strong>En esta &aacute;rea trabajamos en el an&aacute;lisis de sentimientos y emociones en redes sociales, en la b&uacute;squeda sem&aacute;ntica y en interfaces NLP (Natural Language Processing).\n\n\n<strong>Ingenier&iacute;a Web y de servicios: <\/strong>En esta l&iacute;nea investigamos metodolog&iacute;as y tecnolog&iacute;as que faciliten el desarrollo &aacute;gil de aplicaciones, especialmente de los servicios web.\n\n\n<strong>La Web de Datos y Tecnolog&iacute;as Sem&aacute;nticas: <\/strong>En el GSI estamos interesados en la aplicaci&oacute;n de la tecnolog&iacute;a sem&aacute;ntica a en la Web Social y la Web de las Cosas.\n\n\n<strong>Agentes y Simulaci&oacute;n Social: <\/strong>Dentro de esta &aacute;rea hacemos uso de agentes inteligentes para la gesti&oacute;n de redes y servicios; aplicaciones educacionales; asistencia personal y simulaci&oacute;n social.\n\n\n<strong>Big Data y Aprendizaje Autom&aacute;tico: <\/strong>Esta &aacute;rea engloba el diagn&oacute;stico y clasificaci&oacute;n distribuidos, la b&uacute;squeda sem&aacute;ntica a gran escala para, entre otras aplicaciones, el an&aacute;lisis de redes sociales.\n","parent":0,"count":9,"filter":"raw","term_order":"0"}],"infraestructura":[],"ods":[],"origen":[{"term_id":186,"name":"Software","slug":"software-en","term_group":0,"term_taxonomy_id":186,"taxonomy":"origen","description":"","parent":0,"count":131,"filter":"raw","term_order":"0"}],"familia_tax":false,"quien_tax":false,"donde_tax":false,"year":"","contacto":"<strong>Main researchers: <\/strong><ul><li>CARLOS ANGEL IGLESIAS FERNANDEZ <blockquote><strong>carlosangel.iglesias@upm.es<\/strong><\/blockquote><\/li><\/ul><strong>Other UPM researchers: <\/strong><ul><li>Jes\u00fas Manuel S\u00e1nchez Mart\u00ednez E.T.S. de Ingenieros de Telecomunicaci\u00f3n<\/li><\/ul>","telefono":"","pagina_web":"","email":"","id_ficha_portal":"1205","video":"","adjuntos":false,"adjuntos_portal":"","inf":false,"departamento":"","acf":[],"lang":"en","translation":{"en":10738,"es":8299},"_links":{"self":[{"href":"https:\/\/www.upm.es\/recursosidi\/wp-json\/wp\/v2\/product\/10738"}],"collection":[{"href":"https:\/\/www.upm.es\/recursosidi\/wp-json\/wp\/v2\/product"}],"about":[{"href":"https:\/\/www.upm.es\/recursosidi\/wp-json\/wp\/v2\/types\/product"}],"wp:attachment":[{"href":"https:\/\/www.upm.es\/recursosidi\/wp-json\/wp\/v2\/media?parent=10738"}],"wp:term":[{"taxonomy":"product_cat","embeddable":true,"href":"https:\/\/www.upm.es\/recursosidi\/wp-json\/wp\/v2\/product_cat?post=10738"},{"taxonomy":"product_tag","embeddable":true,"href":"https:\/\/www.upm.es\/recursosidi\/wp-json\/wp\/v2\/product_tag?post=10738"},{"taxonomy":"comunidad_upm","embeddable":true,"href":"https:\/\/www.upm.es\/recursosidi\/wp-json\/wp\/v2\/comunidades-upm?post=10738"},{"taxonomy":"quien","embeddable":true,"href":"https:\/\/www.upm.es\/recursosidi\/wp-json\/wp\/v2\/quien?post=10738"},{"taxonomy":"mapa","embeddable":true,"href":"https:\/\/www.upm.es\/recursosidi\/wp-json\/wp\/v2\/mapa?post=10738"},{"taxonomy":"disponibilidad","embeddable":true,"href":"https:\/\/www.upm.es\/recursosidi\/wp-json\/wp\/v2\/disponibilidad?post=10738"},{"taxonomy":"donde","embeddable":true,"href":"https:\/\/www.upm.es\/recursosidi\/wp-json\/wp\/v2\/donde?post=10738"},{"taxonomy":"infraestructura","embeddable":true,"href":"https:\/\/www.upm.es\/recursosidi\/wp-json\/wp\/v2\/infraestructura?post=10738"},{"taxonomy":"ods","embeddable":true,"href":"https:\/\/www.upm.es\/recursosidi\/wp-json\/wp\/v2\/ods?post=10738"},{"taxonomy":"origen","embeddable":true,"href":"https:\/\/www.upm.es\/recursosidi\/wp-json\/wp\/v2\/origen?post=10738"}],"curies":[{"name":"wp","href":"https:\/\/api.w.org\/{rel}","templated":true}]}}