{"id":10764,"date":"2022-08-11T13:57:41","date_gmt":"2022-08-11T11:57:41","guid":{"rendered":"https:\/\/www.upm.es\/recursosidi\/offers-resources\/sin categor\u00eda\/collaborative-and-remote-analysis-of-biomedical-images-libraries\/"},"modified":"2023-11-28T02:30:59","modified_gmt":"2023-11-28T01:30:59","slug":"collaborative-and-remote-analysis-of-biomedical-images-libraries","status":"publish","type":"product","link":"https:\/\/www.upm.es\/recursosidi\/en\/offers-resources\/software-en\/collaborative-and-remote-analysis-of-biomedical-images-libraries\/","title":{"rendered":"Collaborative and remote analysis of biomedical images libraries"},"content":{"rendered":"<h4><strong>Software description <\/strong><\/h4>\n<p>The Libraries for collaborative analysis of biomedical images are a series of tools that can be coupled, adapted and extended with additional modules to offer remote imaging analysis services assisted by mobile apps, image acquisition devices and human and algorithmic collaborators. The libraries are divided into 5 thematic modules which, in turn, are sub-divided into various codes. Four modules are aimed at the acquisition of data and medical images on processing systems via mobile apps and associated hardware. The fifth module refers to a series of software programs and modules in the cloud that make it possible to process, analyse and visualise the information via the web.<\/p>\n<h4><strong>Reference<\/strong><\/h4>\n<p>M-002337\/2018<\/p>\n<div class=\"pdfprnt-buttons pdfprnt-buttons-product pdfprnt-bottom-left\"><a href=\"https:\/\/www.upm.es\/recursosidi\/wp-json\/wp\/v2\/product\/10764?print=pdf\" class=\"pdfprnt-button pdfprnt-button-pdf\" target=\"_blank\"><span class=\"pdfprnt-button-title pdfprnt-button-pdf-title\">Descargar ficha<\/span><\/a><\/div>","protected":false},"excerpt":{"rendered":"<p>Software description The Libraries for collaborative analysis of biomedical images are a series of tools that can be coupled, adapted and extended with additional modules&hellip;<\/p>\n","protected":false},"featured_media":0,"template":"","meta":{"_acf_changed":false},"product_cat":[7964],"product_tag":[],"comunidades-upm":[],"quien":[],"mapa":[{"term_id":137,"name":"Bioeconom\u00eda, Biotecnolog\u00eda y Sistemas Alimentarios","slug":"bioeconomia-biotecnologia-sistemas_alimentarios","term_group":0,"term_taxonomy_id":137,"taxonomy":"mapa","description":"","parent":0,"count":45,"filter":"raw","term_order":"6"},{"term_id":126,"name":"Tecnolog\u00edas digitales, Inteligencia Artificial, ciberseguridad, 5G, rob\u00f3tica","slug":"tecnologias_digitales-ai-ciberseguridad-5g-robotica","term_group":0,"term_taxonomy_id":126,"taxonomy":"mapa","description":"","parent":0,"count":194,"filter":"raw","term_order":"23"}],"disponibilidad":[],"donde":[{"term_id":1660,"name":"Biomedical imaging technology","slug":"en_biomedical-imaging-technology","term_group":0,"term_taxonomy_id":1660,"taxonomy":"donde","description":"El objetivo de nuestro trabajo es contribuir a mejorar la atenci&oacute;n de la salud a trav&eacute;s de los avances en las tecnolog&iacute;as de im&aacute;genes biom&eacute;dicas, y para ello seguimos las siguientes l&iacute;neas de investigaci&oacute;n:\n&nbsp;\n-&nbsp; Imagen Cardiovascular\n-&nbsp; Reconstrucci&oacute;n de im&aacute;genes tomogr&aacute;ficas\n-&nbsp; Modelado\/Simulaci&oacute;n sistemas adquisici&oacute;n\n-&nbsp; An&aacute;lisis de im&aacute;genes biom&eacute;dicas\n-&nbsp;&nbsp; Imagen Molecular","parent":0,"count":7,"filter":"raw","term_order":"0"},{"term_id":1864,"name":"Information Processing and Telecommunications Center","slug":"en_information-processing-and-telecommunications-center","term_group":0,"term_taxonomy_id":1864,"taxonomy":"donde","description":"","parent":0,"count":32,"filter":"raw","term_order":"0"}],"infraestructura":[],"ods":[],"origen":[{"term_id":186,"name":"Software","slug":"software-en","term_group":0,"term_taxonomy_id":186,"taxonomy":"origen","description":"","parent":0,"count":131,"filter":"raw","term_order":"0"}],"familia_tax":false,"quien_tax":false,"donde_tax":false,"year":"","contacto":"<strong>Main researchers: <\/strong><ul><li>ANDRES DE SANTOS LLEO <blockquote><strong>andres.santos@upm.es<\/strong><\/blockquote><\/li><li>DANIEL CUADRADO S\u00c1NCHEZ <blockquote><strong><\/strong><\/blockquote><\/li><li>MARIA POSTIGO CAMPS <blockquote><strong><\/strong><\/blockquote><\/li><li>JAIME GARCIA VILLENA <blockquote><strong><\/strong><\/blockquote><\/li><li>Miguel Angel Luengo Oroz <blockquote><strong>miguel.luengo.oroz@upm.es<\/strong><\/blockquote><\/li><li>EVA  ROJAS S\u00c1NCHEZ-PANTOJA <blockquote><strong><\/strong><\/blockquote><\/li><li>MARIA JESUS LEDESMA CARBAYO <blockquote><strong>mj.ledesma@upm.es<\/strong><\/blockquote><\/li><\/ul><strong>Other UPM researchers: <\/strong><ul><li>Alexander Vladimirov Bakardjiev Centro de I+d+i en Procesado de la Informaci\u00f3n y Telecomunicaciones (IPT)<\/li><li>Jos\u00e9 Luis Gonz\u00e1lez Moreno Centro de I+d+i en Procesado de la Informaci\u00f3n y Telecomunicaciones (IPT)<\/li><\/ul>","telefono":"","pagina_web":"","email":"","id_ficha_portal":"1448","video":"","adjuntos":false,"adjuntos_portal":"","inf":false,"departamento":"","acf":[],"lang":"en","translation":{"en":10764,"es":8329},"_links":{"self":[{"href":"https:\/\/www.upm.es\/recursosidi\/wp-json\/wp\/v2\/product\/10764"}],"collection":[{"href":"https:\/\/www.upm.es\/recursosidi\/wp-json\/wp\/v2\/product"}],"about":[{"href":"https:\/\/www.upm.es\/recursosidi\/wp-json\/wp\/v2\/types\/product"}],"wp:attachment":[{"href":"https:\/\/www.upm.es\/recursosidi\/wp-json\/wp\/v2\/media?parent=10764"}],"wp:term":[{"taxonomy":"product_cat","embeddable":true,"href":"https:\/\/www.upm.es\/recursosidi\/wp-json\/wp\/v2\/product_cat?post=10764"},{"taxonomy":"product_tag","embeddable":true,"href":"https:\/\/www.upm.es\/recursosidi\/wp-json\/wp\/v2\/product_tag?post=10764"},{"taxonomy":"comunidad_upm","embeddable":true,"href":"https:\/\/www.upm.es\/recursosidi\/wp-json\/wp\/v2\/comunidades-upm?post=10764"},{"taxonomy":"quien","embeddable":true,"href":"https:\/\/www.upm.es\/recursosidi\/wp-json\/wp\/v2\/quien?post=10764"},{"taxonomy":"mapa","embeddable":true,"href":"https:\/\/www.upm.es\/recursosidi\/wp-json\/wp\/v2\/mapa?post=10764"},{"taxonomy":"disponibilidad","embeddable":true,"href":"https:\/\/www.upm.es\/recursosidi\/wp-json\/wp\/v2\/disponibilidad?post=10764"},{"taxonomy":"donde","embeddable":true,"href":"https:\/\/www.upm.es\/recursosidi\/wp-json\/wp\/v2\/donde?post=10764"},{"taxonomy":"infraestructura","embeddable":true,"href":"https:\/\/www.upm.es\/recursosidi\/wp-json\/wp\/v2\/infraestructura?post=10764"},{"taxonomy":"ods","embeddable":true,"href":"https:\/\/www.upm.es\/recursosidi\/wp-json\/wp\/v2\/ods?post=10764"},{"taxonomy":"origen","embeddable":true,"href":"https:\/\/www.upm.es\/recursosidi\/wp-json\/wp\/v2\/origen?post=10764"}],"curies":[{"name":"wp","href":"https:\/\/api.w.org\/{rel}","templated":true}]}}