{"id":10848,"date":"2022-08-16T13:03:16","date_gmt":"2022-08-16T11:03:16","guid":{"rendered":"https:\/\/www.upm.es\/recursosidi\/offers-resources\/sin categor\u00eda\/dmfc-auv-qpdm-quick-preliminary-design-model\/"},"modified":"2022-08-16T13:03:28","modified_gmt":"2022-08-16T11:03:28","slug":"dmfc-auv-qpdm-quick-preliminary-design-model","status":"publish","type":"product","link":"https:\/\/www.upm.es\/recursosidi\/offers-resources\/soluciones-tecnologicas\/dmfc-auv-qpdm-quick-preliminary-design-model\/","title":{"rendered":"DMFC-AUV\/QpDM (Quick Preliminary Design Model)"},"content":{"rendered":"<h4>Descripci&oacute;n breve conjunta de la soluci&oacute;n y valor a&ntilde;adido que aporta<\/h4>\n<p style=\"text-align: justify\">DMFC-AUV\/QpDM es una herramienta de dise&ntilde;o preliminar de Veh&iacute;culos Aut&oacute;nomos Submarinos propulsados con pila de combustible de metanol directo (DMFC). Esta herramienta permite al usuario la generaci&oacute;n r&aacute;pida de dise&ntilde;os preliminares basados que pueden utilizarse como punto de partida para el desarrollo final.<\/p>\n<hr \/>\n<h4>Descripci&oacute;n de la base tecnol&oacute;gica<\/h4>\n<p style=\"text-align: justify\">DMFC-AUV\/QpDM se basa en un algoritmo gen&eacute;tico que es el encargado de buscar el dise&ntilde;o &oacute;ptimo adecuado a las caracter&iacute;sticas prefijadas por el usuario. La herramienta se ha programado en Matlab y se ofrece en forma de ejecutable independiente compatible con sistemas operativos Windows 10.<\/p>\n<hr \/>\n<h4>Necesidades de negocio \/ aplicaci&oacute;n<\/h4>\n<ul>\n<li style=\"text-align: justify\">Desde la aparici&oacute;n del primer Veh&iacute;culo Aut&oacute;nomo Submarino en 1957, estos veh&iacute;culos se han revelado como herramientas potentes y vers&aacute;tiles para la investigaci&oacute;n, cuidado y explotaci&oacute;n de los ambientes submarinos. Sin embargo, su desarrollo se encuentra obstaculizado por la limitaci&oacute;n de la autonom&iacute;a de navegaci&oacute;n que sufren estos veh&iacute;culos actualmente. Para paliar esta carencia, la tecnolog&iacute;a de pilas de combustible se ha identificado como un buen candidato.<\/li>\n<li style=\"text-align: justify\">En PiCoHiMA se ha investigado el uso de pilas de metanol directo (DMFC) lleg&aacute;ndose a la conclusi&oacute;n de que poseen un gran potencial en este sentido. Como parte del trabajo de investigaci&oacute;n se ha desarrollado la herramienta AUV-DMFC\/QpDM para el predise&ntilde;o r&aacute;pido de Veh&iacute;culos Aut&oacute;nomos Submarinos propulsados con pilas de combustible DMFC.<\/li>\n<li style=\"text-align: justify\">Debido a las particularidades del dise&ntilde;o de submarinos, el desarrollo de Veh&iacute;culos Aut&oacute;nomos Submarinos propulsados por pila de combustible es una tarea compleja que requiere de un proceso iterativo muy costoso. AUV-DMFC\/QpDM ahorra gran parte de este esfuerzo en las etapas iniciales de dise&ntilde;o ofreciendo al usuario una soluci&oacute;n preliminar de dise&ntilde;o, basada en sus preferencias, que puede utilizarse como punto de partida para el desarrollo del Veh&iacute;culo Aut&oacute;nomo Submarino.<\/li>\n<\/ul>\n<hr \/>\n<h4>Ventajas competitivas<\/h4>\n<ul>\n<li style=\"text-align: justify\">DMFC-AUV\/QpDM permite llevar a cabo de forma r&aacute;pida el dise&ntilde;o preliminar de Veh&iacute;culos Aut&oacute;nomos Submarinos propulsados por pilas de combustible DMFC con un esfuerzo m&iacute;nimo.<\/li>\n<li style=\"text-align: justify\">Como muestra, la herramienta invierte 20 minutos en buscar el dise&ntilde;o &oacute;ptimo cuando se configura con una poblaci&oacute;n inicial de 1600 individuos.<\/li>\n<\/ul>\n<hr \/>\n<h4>Grado de desarrollo<abbr style=\"margin-left: 20px;background-color: #fffbb6\" title=\"Consejo: Marca en negrita el\/los grado\/s de desarrollo que quieras destacar y no borres el resto.\"><\/abbr><\/h4>\n<ul class=\"grado\">\n<li>Concepto<\/li>\n<li>Investigaci&oacute;n<\/li>\n<li>Prototipo &#8211; lab<\/li>\n<li><strong>Prototipo industrial<\/strong><\/li>\n<li>Producci&oacute;n<\/li>\n<\/ul>\n<hr \/>\n<div class=\"pdfprnt-buttons pdfprnt-buttons-product pdfprnt-bottom-left\"><a href=\"https:\/\/www.upm.es\/recursosidi\/wp-json\/wp\/v2\/product\/10848?print=pdf\" class=\"pdfprnt-button pdfprnt-button-pdf\" target=\"_blank\"><span class=\"pdfprnt-button-title pdfprnt-button-pdf-title\">Descargar ficha<\/span><\/a><\/div>","protected":false},"excerpt":{"rendered":"<p>Herramienta de dise\u00f1o preliminar de Veh\u00edculos Aut\u00f3nomos Submarinos propulsados con pila de combustible DMFC.<\/p>\n","protected":false},"featured_media":10845,"template":"","meta":{"_acf_changed":false},"product_cat":[2384],"product_tag":[4516,4513,4511,4590],"comunidades-upm":[],"quien":[],"mapa":[{"term_id":133,"name":"Clima, Energ\u00eda y Movilidad","slug":"clima-energia-movilidad","term_group":0,"term_taxonomy_id":133,"taxonomy":"mapa","description":"","parent":0,"count":129,"filter":"raw","term_order":"9"}],"disponibilidad":[{"term_id":205,"name":"Consultar disponibilidad","slug":"consultar","term_group":0,"term_taxonomy_id":205,"taxonomy":"disponibilidad","description":"","parent":0,"count":290,"filter":"raw","term_order":"0"}],"donde":[{"term_id":1880,"name":"Fuel Cells, Hydrogen Technology and Alternative Engines","slug":"en_fuel-cells-hydrogen-technology-and-alternative-engines","term_group":0,"term_taxonomy_id":1880,"taxonomy":"donde","description":"","parent":0,"count":11,"filter":"raw","term_order":"0"},{"term_id":660,"name":"Pilas de Combustible, Tecnolog\u00eda del Hidr\u00f3geno y Motores Alternativos","slug":"pilas-de-combustible-tecnologia-del-hidrogeno-y-motores-alternativos","term_group":0,"term_taxonomy_id":660,"taxonomy":"donde","description":"","parent":0,"count":11,"filter":"raw","term_order":"0"}],"infraestructura":[],"ods":[{"term_id":2255,"name":"Energ\u00eda Asequible y no Contaminante","slug":"energia-asequible-y-no-contaminante","term_group":0,"term_taxonomy_id":2255,"taxonomy":"ods","description":"","parent":0,"count":34,"filter":"raw","term_order":"0"}],"origen":[{"term_id":192,"name":"Soluciones tecnol\u00f3gicas","slug":"soluciones-tecnologicas","term_group":0,"term_taxonomy_id":192,"taxonomy":"origen","description":"","parent":0,"count":278,"filter":"raw","term_order":"0"}],"familia_tax":false,"quien_tax":false,"donde_tax":false,"year":"2021-01-01","contacto":"Escuela T\u00e9cnica Superior de Ingenieros Navales; Avenida de la Memoria, 4; 28040, Madrid; Espa\u00f1a","telefono":"910676267","pagina_web":"https:\/\/blogs.upm.es\/picohima\/en\/ ","email":"teresa.leo.mena@upm.es","id_ficha_portal":"391","video":"","adjuntos":false,"adjuntos_portal":"","inf":false,"departamento":"","acf":[],"lang":"es","translation":{"es":10848,"en":10852},"_links":{"self":[{"href":"https:\/\/www.upm.es\/recursosidi\/wp-json\/wp\/v2\/product\/10848"}],"collection":[{"href":"https:\/\/www.upm.es\/recursosidi\/wp-json\/wp\/v2\/product"}],"about":[{"href":"https:\/\/www.upm.es\/recursosidi\/wp-json\/wp\/v2\/types\/product"}],"wp:featuredmedia":[{"embeddable":true,"href":"https:\/\/www.upm.es\/recursosidi\/wp-json\/wp\/v2\/media\/10845"}],"wp:attachment":[{"href":"https:\/\/www.upm.es\/recursosidi\/wp-json\/wp\/v2\/media?parent=10848"}],"wp:term":[{"taxonomy":"product_cat","embeddable":true,"href":"https:\/\/www.upm.es\/recursosidi\/wp-json\/wp\/v2\/product_cat?post=10848"},{"taxonomy":"product_tag","embeddable":true,"href":"https:\/\/www.upm.es\/recursosidi\/wp-json\/wp\/v2\/product_tag?post=10848"},{"taxonomy":"comunidad_upm","embeddable":true,"href":"https:\/\/www.upm.es\/recursosidi\/wp-json\/wp\/v2\/comunidades-upm?post=10848"},{"taxonomy":"quien","embeddable":true,"href":"https:\/\/www.upm.es\/recursosidi\/wp-json\/wp\/v2\/quien?post=10848"},{"taxonomy":"mapa","embeddable":true,"href":"https:\/\/www.upm.es\/recursosidi\/wp-json\/wp\/v2\/mapa?post=10848"},{"taxonomy":"disponibilidad","embeddable":true,"href":"https:\/\/www.upm.es\/recursosidi\/wp-json\/wp\/v2\/disponibilidad?post=10848"},{"taxonomy":"donde","embeddable":true,"href":"https:\/\/www.upm.es\/recursosidi\/wp-json\/wp\/v2\/donde?post=10848"},{"taxonomy":"infraestructura","embeddable":true,"href":"https:\/\/www.upm.es\/recursosidi\/wp-json\/wp\/v2\/infraestructura?post=10848"},{"taxonomy":"ods","embeddable":true,"href":"https:\/\/www.upm.es\/recursosidi\/wp-json\/wp\/v2\/ods?post=10848"},{"taxonomy":"origen","embeddable":true,"href":"https:\/\/www.upm.es\/recursosidi\/wp-json\/wp\/v2\/origen?post=10848"}],"curies":[{"name":"wp","href":"https:\/\/api.w.org\/{rel}","templated":true}]}}