{"id":10896,"date":"2022-08-16T13:05:28","date_gmt":"2022-08-16T11:05:28","guid":{"rendered":"https:\/\/www.upm.es\/recursosidi\/offers-resources\/sin categor\u00eda\/hiss\/"},"modified":"2022-08-16T13:05:35","modified_gmt":"2022-08-16T11:05:35","slug":"hiss","status":"publish","type":"product","link":"https:\/\/www.upm.es\/recursosidi\/offers-resources\/soluciones-tecnologicas\/hiss\/","title":{"rendered":"HISS"},"content":{"rendered":"<h4><strong>Descripci&oacute;n breve conjunta de la soluci&oacute;n y valor a&ntilde;adido que aporta <\/strong><\/h4>\n<p style=\"text-align: justify\">Usamos nuestros conocimientos en programaci&oacute;n l&oacute;gica para representar el razonamiento humano, nuestra experiencia en restricciones para devolver respuestas constructivas y nuestra herramienta software difusa para modelar la inteligencia humana a trav&eacute;s de una sintaxis m&aacute;s sencilla que la de ninguna otra herramienta software basada en lenguajes de programaci&oacute;n comerciales.<\/p>\n<p style=\"text-align: justify\">Ya se han conseguido prototipos con &eacute;xito para la liga RoboCup, para reconocimiento de emociones a partir del discurso, b&uacute;squedas flexibles en bases de datos y para toma de decisiones en paralelizaci&oacute;n de programas.<\/p>\n<h4 style=\"text-align: left\"><strong>Descripci&oacute;n de la base tecnol&oacute;gica<\/strong><\/h4>\n<p style=\"text-align: justify\">El razonamiento humano es difuso. Incluye incertidumbre e informaci&oacute;n incompleta. Adem&aacute;s, la percepci&oacute;n humana es subjetiva y cambiante. Implementar esto usando lenguajes de programaci&oacute;n tradicionales (abstracciones del mecanismo de computaci&oacute;n de las m&aacute;quinas) es extremadamente difi&iacute;cil.<\/p>\n<p style=\"text-align: justify\">Nuestros elementos diferenciadores son que, gracias a la programaci&oacute;n l&oacute;gica, modelamos el razonamiento humano y gracias a las restricciones, proporcionamos respuestas constructivas. Adem&aacute;s, HISS permite modelar la inteligencia a trav&eacute;s de una sintaxis m&aacute;s simple que la de cualquier otra herramienta basada en lenguajes de programaci&oacute;n convencionales.&nbsp;<\/p>\n<p style=\"text-align: center\"><em>&#8220;Modelamos el razonamiento humano, los criterios difusos (barato, grande,&#8230;) y las b&uacute;squedas flexibles de forma cualitativa y cuantitativa&#8221;<\/em><\/p>\n<h4 style=\"text-align: left\"><strong>Necesidades de negocio \/ aplicaci&oacute;n<\/strong><\/h4>\n<ul>\n<li>\n<p style=\"text-align: justify\">El marketing tradicional basado en conseguir clientes ha cambiado a un concepto de marketing relacional donde lo importante es la satisfacci&oacute;n y la retenci&oacute;n del cliente.<\/p>\n<\/li>\n<li style=\"text-align: justify\">\n<p>Retener un cliente implica entenderle a trav&eacute;s del an&aacute;lisis de su comportamiento, reconocer sus emocionaes, evaluar su satisfacci&oacute;n, etc.<\/p>\n<\/li>\n<li style=\"text-align: justify\">\n<p>Se est&aacute; usando Big Data y el an&aacute;lisis de datos para obtener la informaci&oacute;n de clientes. La Inteligencia Artificial y el reconocimiento de emociones se han convertido en potentes herramientas para interpretar el resultado desde un punto de vista humano.&nbsp;<\/p>\n<\/li>\n<li>\n<p style=\"text-align: justify\">3 de los 10 Gartner&#8217;s Top Strategic Technology Trends para 2015 versan sobre Intelligence everywhere&nbsp;[https:\/\/actualidad.rt.com\/ciencias\/view\/84748-millones-euros-modelo-cerebro-markram]<\/p>\n<\/li>\n<\/ul>\n<p style=\"text-align: center\"><em>&#8220;La Ciencia Cognitiva est&aacute; cambiando el panorama del estudio de mercado. Tener la posibilidad de modelar el razonamiento humano ampl&iacute;a los l&iacute;mites de las m&aacute;quinas&#8221;<\/em><\/p>\n<h4 style=\"text-align: left\"><strong>Ventajas competitivas<\/strong><\/h4>\n<ul>\n<li>\n<p style=\"text-align: justify\">Representaci&oacute;n del razonamiento humano proporcionando respuestas constructivas a partir de los datos disponibles.<\/p>\n<\/li>\n<li style=\"text-align: justify\">\n<p>Se dispone de una herramienta difusa propia capaz de representar la inteligencia humana a trav&eacute;s de una sintaxis simple.<\/p>\n<\/li>\n<li style=\"text-align: justify\">\n<p>Se representan conceptos difusos, informaci&oacute;n parcial (usando valores por defecto), similaridad, credibilidad, etc.<\/p>\n<\/li>\n<li style=\"text-align: justify\">\n<p>Herramienta de programaci&oacute;n de alto nivel abierta para representar cualquier tipo de problema cognitivo, adaptarlo a las necesidades que se precesen y mejorar la precisi&oacute;n de los resultados a trav&eacute;s de aprendizaje autom&aacute;tico y de la personalizaci&oacute;n de las preferencias.<\/p>\n<\/li>\n<li style=\"text-align: justify\">\n<p>Exitosos resultados en los prototipos implementados hasta el momento:<\/p>\n<\/li>\n<li style=\"text-align: justify\">\n<p>Nuestro equipo Robocup gan&oacute; la liga Iberoamericana 2005.<\/p>\n<\/li>\n<li>\n<p style=\"text-align: justify\">Nuestro prototipo de reconocimiento de emociones de grabaciones animadas obtuvo un 95% de &eacute;xito en la identificaci&oacute;n del estado de &aacute;nimo del hablante.<\/p>\n<\/li>\n<\/ul>\n<h4 style=\"text-align: left\"><strong>Referencias<\/strong><\/h4>\n<ul>\n<li>\n<p style=\"text-align: justify\">Exitosos prototipos presentados en la Liga RoboCup, en reconocimiento de emociones a partir del discurso, en b&uacute;squedas flexibles en bases de datos y en la toma de decisiones en la paralelizaci&oacute;n de programas.<\/p>\n<\/li>\n<li style=\"text-align: justify\">\n<p>Susana Mu&ntilde;oz Hern&aacute;ndez, promotora de la tecnolog&iacute;a, fue premio de Investigaci&oacute;n UPM 2011.<\/p>\n<\/li>\n<li>\n<p style=\"text-align: justify\">Ya en contacto con entidades financieras, servicios de emergencias y empresas de marketing.<\/p>\n<\/li>\n<\/ul>\n<h4 style=\"text-align: left\"><strong>Grado de desarrollo<\/strong><\/h4>\n<ul>\n<li><span style=\"font-size: small\">Concepto<\/span><\/li>\n<li><span style=\"font-size: small\">Investigaci&oacute;n<\/span><\/li>\n<li><span style=\"text-decoration: underline\"><strong><span style=\"font-size: small\">Prototipo-Lab<\/span><\/strong><\/span><\/li>\n<li><span style=\"font-size: small\">Prototipo Industrial<\/span><\/li>\n<li><span style=\"font-size: small\">Producci&oacute;n<\/span><\/li>\n<\/ul>\n<h4><strong>Contacto<\/strong><\/h4>\n<p style=\"text-align: justify\"><strong>Contacto HISS<\/strong><\/p>\n<p style=\"text-align: justify\">Susana Mu&ntilde;oz Hern&aacute;ndez<\/p>\n<p style=\"text-align: justify\">e: <span rel=\"70311b30c0313831c6310d31b0311631743121319a310c30c1311c31bf312c30ad312731\" class=\"cryptex \" style=\"\"><span class=\"CryptexImg ctxjueeYK0YNSbjNoSNFMxPHD-cQPxX-YcXQ5AtOhWr1s4\"><\/span><\/span><\/p>\n<p style=\"text-align: justify\"><strong>Contacto UPM<\/strong><\/p>\n<p style=\"text-align: justify\">Programas de Innovaci&oacute;n y Emprendimiento<\/p>\n<p style=\"text-align: justify\">Centro de Apoyo a la Innovaci&oacute;n Tecnol&oacute;gica&nbsp; &ndash; UPM<\/p>\n<p style=\"text-align: justify\">e: <span rel=\"70311b30b6313131c1311b31b831163197312431a03134317a312031b7310931b6312331be31313198312a31a531263191312c31ac31213163311431cb31\" class=\"cryptex \" style=\"\"><span class=\"CryptexImg ctxR7neImVV1tJoTSyttUGBAuiESKXKLLyzTwJSN1lk9Z0\"><\/span><\/span>&nbsp;<\/p>\n<div class=\"pdfprnt-buttons pdfprnt-buttons-product pdfprnt-bottom-left\"><a href=\"https:\/\/www.upm.es\/recursosidi\/wp-json\/wp\/v2\/product\/10896?print=pdf\" class=\"pdfprnt-button pdfprnt-button-pdf\" target=\"_blank\"><span class=\"pdfprnt-button-title pdfprnt-button-pdf-title\">Descargar ficha<\/span><\/a><\/div>","protected":false},"excerpt":{"rendered":"<p>Software Simulador de Inteligencia Humana.<\/p>\n<p>Usando sem\u00e1ntica matem\u00e1tica y l\u00f3gica difusa podemos representar con una sintaxis muy sencilla como los seres humanos piensan, sienten, perciben el mundo y toman decisions. Ayudamos a tu negocio a entender a tus clientes<\/p>\n","protected":false},"featured_media":10895,"template":"","meta":{"_acf_changed":false},"product_cat":[2384],"product_tag":[2547],"comunidades-upm":[],"quien":[],"mapa":[{"term_id":126,"name":"Tecnolog\u00edas digitales, Inteligencia Artificial, ciberseguridad, 5G, rob\u00f3tica","slug":"tecnologias_digitales-ai-ciberseguridad-5g-robotica","term_group":0,"term_taxonomy_id":126,"taxonomy":"mapa","description":"","parent":0,"count":194,"filter":"raw","term_order":"23"}],"disponibilidad":[],"donde":[],"infraestructura":[],"ods":[{"term_id":2251,"name":"Trabajo Decente y Crecimiento Econ\u00f3mico","slug":"trabajo-decente-y-crecimiento-economico","term_group":0,"term_taxonomy_id":2251,"taxonomy":"ods","description":"","parent":0,"count":9,"filter":"raw","term_order":"0"}],"origen":[{"term_id":192,"name":"Soluciones tecnol\u00f3gicas","slug":"soluciones-tecnologicas","term_group":0,"term_taxonomy_id":192,"taxonomy":"origen","description":"","parent":0,"count":278,"filter":"raw","term_order":"0"}],"familia_tax":false,"quien_tax":false,"donde_tax":false,"year":"","contacto":"ETSI Inform\u00e1ticos - UPM, Campus de Montegancedo, 28660 Boadilla del Monte (Madrid)","telefono":"","pagina_web":"http:\/\/www.etsiinf.upm.es\/","email":"susana@fi.upm.es","id_ficha_portal":"110","video":"","adjuntos":false,"adjuntos_portal":"","inf":false,"departamento":"","acf":[],"lang":"es","translation":{"es":10896,"en":10898},"_links":{"self":[{"href":"https:\/\/www.upm.es\/recursosidi\/wp-json\/wp\/v2\/product\/10896"}],"collection":[{"href":"https:\/\/www.upm.es\/recursosidi\/wp-json\/wp\/v2\/product"}],"about":[{"href":"https:\/\/www.upm.es\/recursosidi\/wp-json\/wp\/v2\/types\/product"}],"wp:featuredmedia":[{"embeddable":true,"href":"https:\/\/www.upm.es\/recursosidi\/wp-json\/wp\/v2\/media\/10895"}],"wp:attachment":[{"href":"https:\/\/www.upm.es\/recursosidi\/wp-json\/wp\/v2\/media?parent=10896"}],"wp:term":[{"taxonomy":"product_cat","embeddable":true,"href":"https:\/\/www.upm.es\/recursosidi\/wp-json\/wp\/v2\/product_cat?post=10896"},{"taxonomy":"product_tag","embeddable":true,"href":"https:\/\/www.upm.es\/recursosidi\/wp-json\/wp\/v2\/product_tag?post=10896"},{"taxonomy":"comunidad_upm","embeddable":true,"href":"https:\/\/www.upm.es\/recursosidi\/wp-json\/wp\/v2\/comunidades-upm?post=10896"},{"taxonomy":"quien","embeddable":true,"href":"https:\/\/www.upm.es\/recursosidi\/wp-json\/wp\/v2\/quien?post=10896"},{"taxonomy":"mapa","embeddable":true,"href":"https:\/\/www.upm.es\/recursosidi\/wp-json\/wp\/v2\/mapa?post=10896"},{"taxonomy":"disponibilidad","embeddable":true,"href":"https:\/\/www.upm.es\/recursosidi\/wp-json\/wp\/v2\/disponibilidad?post=10896"},{"taxonomy":"donde","embeddable":true,"href":"https:\/\/www.upm.es\/recursosidi\/wp-json\/wp\/v2\/donde?post=10896"},{"taxonomy":"infraestructura","embeddable":true,"href":"https:\/\/www.upm.es\/recursosidi\/wp-json\/wp\/v2\/infraestructura?post=10896"},{"taxonomy":"ods","embeddable":true,"href":"https:\/\/www.upm.es\/recursosidi\/wp-json\/wp\/v2\/ods?post=10896"},{"taxonomy":"origen","embeddable":true,"href":"https:\/\/www.upm.es\/recursosidi\/wp-json\/wp\/v2\/origen?post=10896"}],"curies":[{"name":"wp","href":"https:\/\/api.w.org\/{rel}","templated":true}]}}