{"id":10938,"date":"2022-08-16T13:07:48","date_gmt":"2022-08-16T11:07:48","guid":{"rendered":"https:\/\/www.upm.es\/recursosidi\/offers-resources\/sin categor\u00eda\/madrid-quantum-network\/"},"modified":"2022-08-16T13:07:57","modified_gmt":"2022-08-16T11:07:57","slug":"madrid-quantum-network","status":"publish","type":"product","link":"https:\/\/www.upm.es\/recursosidi\/offers-resources\/soluciones-tecnologicas\/madrid-quantum-network\/","title":{"rendered":"Madrid Quantum Network"},"content":{"rendered":"<h4>Descripci&oacute;n breve conjunta de la soluci&oacute;n y valor a&ntilde;adido que aporta<\/h4>\n<p>Soluci&oacute;n para proporcionar una distribuci&oacute;n de claves cu&aacute;nticas como servicio.<\/p>\n<hr \/>\n<h4>Descripci&oacute;n de la base tecnol&oacute;gica<\/h4>\n<p style=\"text-align: justify\"><em>Quantum Communication&nbsp; Infrastructure<\/em> (QCI) ayudar&aacute; a Europa a proteger su infraestructura cr&iacute;tica y sus sistemas de cifrado contra las amenazas cibern&eacute;ticas, protegiendo las redes de energ&iacute;a inteligente, el control del tr&aacute;fico a&eacute;reo, los bancos, las instalaciones sanitarias y m&aacute;s de la pirater&iacute;a. Tambi&eacute;n permitir&aacute; que los centros de datos almacenen e intercambien informaci&oacute;n de forma segura y preservar&aacute; la privacidad a largo plazo de los datos gubernamentales. El plan a largo plazo es que la infraestructura QCI se convierta en la columna vertebral de la Internet cu&aacute;ntica de Europa, conectando computadoras cu&aacute;nticas, simuladores y sensores a trav&eacute;s de redes cu&aacute;nticas para distribuir informaci&oacute;n y recursos de forma segura en toda Europa.<\/p>\n<blockquote style=\"text-align: justify;padding: 20px 10px\" title=\"Quote\"><p>&#8220;QKD, una tecnolog&iacute;a de hardware cuyo nivel de seguridad no se ver&aacute; afectado por las capacidades de c&aacute;lculo de ninguna computadora cu&aacute;ntica futura&#8221;<\/p><\/blockquote>\n<hr \/>\n<h4>Necesidades de negocio \/ aplicaci&oacute;n<\/h4>\n<ul>\n<li style=\"text-align: justify\">Los mejores m&eacute;todos conocidos hoy en d&iacute;a requieren una cantidad de poder de c&aacute;lculo que lo hace completamente inviable.<\/li>\n<li style=\"text-align: justify\">La criptograf&iacute;a cl&aacute;sica no soporta el potencial de un ordenador cu&aacute;ntico.<\/li>\n<li style=\"text-align: justify\">Coste de oportunidad por no usar los servicios de QKD.<\/li>\n<\/ul>\n<blockquote style=\"padding: 20px 10px\" title=\"Quote\"><p>&#8220;El mercado de QKD aumentar&aacute; un 19,9% anual los pr&oacute;ximos 5 a&ntilde;os&#8221;<\/p><\/blockquote>\n<hr \/>\n<h4>Ventajas competitivas<\/h4>\n<ul>\n<li style=\"text-align: justify\">La infraestructura de distribuci&oacute;n de claves cu&aacute;nticas es totalmente compatible con los m&eacute;todos criptogr&aacute;ficos y el cifrado actuales. AES, DES y Triple DES (est&aacute;ndares de mercado) a trav&eacute;s de capas de transporte ETSI 004 y ETSI 014.<\/li>\n<li style=\"text-align: justify\">Coexistencia de algoritmos criptogr&aacute;ficos post-cu&aacute;nticos en la red de servicios.<\/li>\n<\/ul>\n<hr \/>\n<h4>Referencias<\/h4>\n<ul>\n<li style=\"text-align: justify\">OpenQKD Consortium European Flagship (2018-2022) Testbed<\/li>\n<li style=\"text-align: justify\">Consorcio con AIT, MaxPlanck Institut, RediMad, Telefonica, Cambridge University, IdQuantique, Toshiba, o UniGe<\/li>\n<li style=\"text-align: justify\">CiViQ European Flagship (2017-2021)&nbsp;<\/li>\n<li style=\"text-align: justify\">Quantum Secure Net (ITALTEL) e-health project (2021-2022)&nbsp;<\/li>\n<li style=\"text-align: justify\">OpenCall Up&amp;Running +UPM (2021)<\/li>\n<\/ul>\n<hr \/>\n<h4>Grado de desarrollo<\/h4>\n<ul class=\"grado\">\n<li>Concepto<\/li>\n<li>Investigaci&oacute;n<\/li>\n<li>Prototipo &#8211; lab<\/li>\n<li><strong>Prototipo industrial<\/strong><\/li>\n<li>Producci&oacute;n<\/li>\n<\/ul>\n<hr \/>\n<h4>Contacto<\/h4>\n<p><strong>Contacto Madrid Quantum Network<\/strong><\/p>\n<p>Jos&eacute; Luis Rosales, Juan Pedro Brito, Vicente Mart&iacute;n<\/p>\n<p>Centro de Supercomputaci&oacute;n y Visualizaci&oacute;n de Madrid, CeSViMa | UPM<\/p>\n<p>e: <span rel=\"61313930bb312931ad313431b5312331ae31343183311a31af313531b3312831b4311e3195312f31b6312d3176312b31af31\" class=\"cryptex \" style=\"\"><span class=\"CryptexImg ctx1IJ89c73qfoKM5j7RDeetojXZ4Ikylfbm6_4drz_Ieg\"><\/span><\/span><\/p>\n<p><strong>Contacto UPM<\/strong><\/p>\n<p>I&amp;E<\/p>\n<p>Centro de Apoyo a la Innovaci&oacute;n Tecnol&oacute;gica &ndash; UPM&nbsp;<\/p>\n<p>e: <span rel=\"61313930ba312831a8313e31bf310f31a8312a31c43116316e313631b7311f31bd311a31c1312931ad312931ab3127317c314331bf3122316b313331c631\" class=\"cryptex \" style=\"\"><span class=\"CryptexImg ctxR7neImVV1tJoTSyttUGBAuiESKXKLLyzTwJSN1lk9Z0\"><\/span><\/span><\/p>\n<div class=\"pdfprnt-buttons pdfprnt-buttons-product pdfprnt-bottom-left\"><a href=\"https:\/\/www.upm.es\/recursosidi\/wp-json\/wp\/v2\/product\/10938?print=pdf\" class=\"pdfprnt-button pdfprnt-button-pdf\" target=\"_blank\"><span class=\"pdfprnt-button-title pdfprnt-button-pdf-title\">Descargar ficha<\/span><\/a><\/div>","protected":false},"excerpt":{"rendered":"<p>Impulsando las capacidades europeas en tecnolog\u00edas cu\u00e1nticas, ciberseguridad y competitividad industrial<\/p>\n","protected":false},"featured_media":10937,"template":"","meta":{"_acf_changed":false},"product_cat":[2384],"product_tag":[2690,3520],"comunidades-upm":[],"quien":[],"mapa":[{"term_id":126,"name":"Tecnolog\u00edas digitales, Inteligencia Artificial, ciberseguridad, 5G, rob\u00f3tica","slug":"tecnologias_digitales-ai-ciberseguridad-5g-robotica","term_group":0,"term_taxonomy_id":126,"taxonomy":"mapa","description":"","parent":0,"count":194,"filter":"raw","term_order":"23"}],"disponibilidad":[],"donde":[{"term_id":618,"name":"Centro de Investigaci\u00f3n en Simulaci\u00f3n Computacional (CCS)","slug":"centro-de-investigacion-en-simulacion-computacional-ccs","term_group":0,"term_taxonomy_id":618,"taxonomy":"donde","description":"","parent":0,"count":27,"filter":"raw","term_order":"0"},{"term_id":1840,"name":"Computer Simulation Research Centre","slug":"en_computer-simulation-research-centre","term_group":0,"term_taxonomy_id":1840,"taxonomy":"donde","description":"","parent":0,"count":17,"filter":"raw","term_order":"0"},{"term_id":516,"name":"Grupo de investigaci\u00f3n en Informaci\u00f3n y Computaci\u00f3n Cu\u00e1ntica (GIICC)","slug":"grupo-de-investigacion-en-informacion-y-computacion-cuantica-giicc","term_group":0,"term_taxonomy_id":516,"taxonomy":"donde","description":"El grupo es experto en la distribuci&oacute;n cu&aacute;ntica de claves (QKD). En particular, en la integraci&oacute;n de sistemas QKD en redes &oacute;pticas comerciales, as&iacute; como en el post-procesado o destilaci&oacute;n de clave secreta en QKD. Y participa en el proceso de estandarizaci&oacute;n de la QKD llevado a cabo por el Instituto Europeo de Est&aacute;ndares de Telecomunicaci&oacute;n (ETSI).\n&nbsp;\nEl grupo tambi&eacute;n es experto en t&eacute;cnicas de computaci&oacute;n de alto rendimiento, en especial aquellas aplicadas a procesos f&iacute;sicos y su an&aacute;lisis a trav&eacute;s de t&eacute;cnicas de visualizaci&oacute;n.\n&nbsp;\nLlevamos a cabo nuestro trabajo en base a las siguientes l&iacute;neas de investigaci&oacute;n:\n\nSimulaci&oacute;n de Sistemas Cu&aacute;nticos Mesosc&oacute;picos\nInformaci&oacute;n y Computaci&oacute;n Cu&aacute;nticas\nComputaci&oacute;n de alto rendimiento\n","parent":0,"count":9,"filter":"raw","term_order":"0"},{"term_id":1740,"name":"Quantum Information and Computing Research Group (GIICC)","slug":"en_quantum-information-and-computing-research-group-giicc","term_group":0,"term_taxonomy_id":1740,"taxonomy":"donde","description":"El grupo es experto en la distribuci&oacute;n cu&aacute;ntica de claves (QKD). En particular, en la integraci&oacute;n de sistemas QKD en redes &oacute;pticas comerciales, as&iacute; como en el post-procesado o destilaci&oacute;n de clave secreta en QKD. Y participa en el proceso de estandarizaci&oacute;n de la QKD llevado a cabo por el Instituto Europeo de Est&aacute;ndares de Telecomunicaci&oacute;n (ETSI).\n&nbsp;\nEl grupo tambi&eacute;n es experto en t&eacute;cnicas de computaci&oacute;n de alto rendimiento, en especial aquellas aplicadas a procesos f&iacute;sicos y su an&aacute;lisis a trav&eacute;s de t&eacute;cnicas de visualizaci&oacute;n.\n&nbsp;\nLlevamos a cabo nuestro trabajo en base a las siguientes l&iacute;neas de investigaci&oacute;n:\n\nSimulaci&oacute;n de Sistemas Cu&aacute;nticos Mesosc&oacute;picos\nInformaci&oacute;n y Computaci&oacute;n Cu&aacute;nticas\nComputaci&oacute;n de alto rendimiento\n","parent":0,"count":5,"filter":"raw","term_order":"0"}],"infraestructura":[],"ods":[{"term_id":2247,"name":"Industria, Innovaci\u00f3n e Infraestructura","slug":"industria-innovacion-e-infraestructura","term_group":0,"term_taxonomy_id":2247,"taxonomy":"ods","description":"","parent":0,"count":171,"filter":"raw","term_order":"0"}],"origen":[{"term_id":192,"name":"Soluciones tecnol\u00f3gicas","slug":"soluciones-tecnologicas","term_group":0,"term_taxonomy_id":192,"taxonomy":"origen","description":"","parent":0,"count":278,"filter":"raw","term_order":"0"}],"familia_tax":false,"quien_tax":false,"donde_tax":false,"year":"","contacto":"CeSViMa \u00bf Parque Cient\u00edfico\u00bfTecnol\u00f3gico de la UPM\r\nCampus de Montegancedo\r\n28223, Pozuelo de Alarc\u00f3n, Madrid","telefono":"","pagina_web":"https:\/\/www.cesvima.upm.es\/","email":"joseluis.rosales@upm.es","id_ficha_portal":"292","video":"","adjuntos":false,"adjuntos_portal":"","inf":false,"departamento":"","acf":[],"lang":"es","translation":{"es":10938,"en":10940},"_links":{"self":[{"href":"https:\/\/www.upm.es\/recursosidi\/wp-json\/wp\/v2\/product\/10938"}],"collection":[{"href":"https:\/\/www.upm.es\/recursosidi\/wp-json\/wp\/v2\/product"}],"about":[{"href":"https:\/\/www.upm.es\/recursosidi\/wp-json\/wp\/v2\/types\/product"}],"wp:featuredmedia":[{"embeddable":true,"href":"https:\/\/www.upm.es\/recursosidi\/wp-json\/wp\/v2\/media\/10937"}],"wp:attachment":[{"href":"https:\/\/www.upm.es\/recursosidi\/wp-json\/wp\/v2\/media?parent=10938"}],"wp:term":[{"taxonomy":"product_cat","embeddable":true,"href":"https:\/\/www.upm.es\/recursosidi\/wp-json\/wp\/v2\/product_cat?post=10938"},{"taxonomy":"product_tag","embeddable":true,"href":"https:\/\/www.upm.es\/recursosidi\/wp-json\/wp\/v2\/product_tag?post=10938"},{"taxonomy":"comunidad_upm","embeddable":true,"href":"https:\/\/www.upm.es\/recursosidi\/wp-json\/wp\/v2\/comunidades-upm?post=10938"},{"taxonomy":"quien","embeddable":true,"href":"https:\/\/www.upm.es\/recursosidi\/wp-json\/wp\/v2\/quien?post=10938"},{"taxonomy":"mapa","embeddable":true,"href":"https:\/\/www.upm.es\/recursosidi\/wp-json\/wp\/v2\/mapa?post=10938"},{"taxonomy":"disponibilidad","embeddable":true,"href":"https:\/\/www.upm.es\/recursosidi\/wp-json\/wp\/v2\/disponibilidad?post=10938"},{"taxonomy":"donde","embeddable":true,"href":"https:\/\/www.upm.es\/recursosidi\/wp-json\/wp\/v2\/donde?post=10938"},{"taxonomy":"infraestructura","embeddable":true,"href":"https:\/\/www.upm.es\/recursosidi\/wp-json\/wp\/v2\/infraestructura?post=10938"},{"taxonomy":"ods","embeddable":true,"href":"https:\/\/www.upm.es\/recursosidi\/wp-json\/wp\/v2\/ods?post=10938"},{"taxonomy":"origen","embeddable":true,"href":"https:\/\/www.upm.es\/recursosidi\/wp-json\/wp\/v2\/origen?post=10938"}],"curies":[{"name":"wp","href":"https:\/\/api.w.org\/{rel}","templated":true}]}}