{"id":11156,"date":"2022-09-21T13:37:37","date_gmt":"2022-09-21T11:37:37","guid":{"rendered":"https:\/\/www.upm.es\/recursosidi\/offers-resources\/sin categor\u00eda\/bluebox\/"},"modified":"2022-09-21T13:37:44","modified_gmt":"2022-09-21T11:37:44","slug":"bluebox","status":"publish","type":"product","link":"https:\/\/www.upm.es\/recursosidi\/offers-resources\/soluciones-tecnologicas\/bluebox\/","title":{"rendered":"BLUEBOX"},"content":{"rendered":"<h4 style=\"text-align: left\"><strong>Descripci&oacute;n breve conjunta de la soluci&oacute;n y valor a&ntilde;adido que aporta <\/strong><\/h4>\n<p style=\"text-align: justify\">El equipo de trabajo del Laboratorio de Alta Tensi&oacute;n LAT-UPM, ubicado en la Escuela T&eacute;cnica Superior de Ingenier&iacute;a y Dise&ntilde;o Industrial (ETSIDI) de la Universidad Polit&eacute;cnica de Madrid (UPM), ha desarrollado un procedimiento y un instrumento de medida que permiten, mediante el an&aacute;lisis de descargas parciales (DP), la evaluaci&oacute;n del estado de los elementos aislantes en las redes el&eacute;ctricas de alta tensi&oacute;n (AT).<\/p>\n<p style=\"text-align: justify\">La tecnolog&iacute;a desarrollada, conocida con el nombre comercial de tecnolog&iacute;a BlueBOX, supone un avance importante para la mejora y optimizaci&oacute;n&nbsp; del funcionamiento de los sistemas el&eacute;ctricos. Se caracteriza por la aplicaci&oacute;n de t&eacute;cnicas de medida avanzadas y por el uso de potentes herramientas num&eacute;ricas al servicio de la realizaci&oacute;n de diagn&oacute;sticos eficaces del estado de los aislamientos el&eacute;ctricos, cuando se realizan ensayos in situ y con las instalaciones en servicio (on-line), lo cual resulta de especial inter&eacute;s desde el punto de vista t&eacute;cnico y econ&oacute;mico para las empresas del sector el&eacute;ctrico.<\/p>\n<h4 style=\"text-align: left\"><strong>Descripci&oacute;n de la base tecnol&oacute;gica<\/strong><\/h4>\n<p style=\"text-align: justify\">Est&aacute; demostrado que la realizaci&oacute;n de ensayos de DP resulta eficaz para diagnosticar el estado de los aislamientos en AT cuando se realizan ensayos en laboratorio e incluso in situ (con las instalaciones a ensayar fuera de servicio y en condiciones de ruido el&eacute;ctrico bajas). No obstante, en la actualidad, la posibilidad de efectuar diagn&oacute;sticos eficaces realizando estos ensayos in situ con las instalaciones en servicio (on-line) resulta de especial inter&eacute;s para las empresas del sector el&eacute;ctrico, puesto que supone una mejora significativa en la capacidad de evaluaci&oacute;n de los activos y una reducci&oacute;n en los costes asociados.<\/p>\n<p style=\"text-align: justify\">Para poder realizar ensayos on-line se requiere la aplicaci&oacute;n de tecnolog&iacute;as avanzadas de medida y procesado de se&ntilde;al capaces de hacer frente a los inconvenientes inherentes a este tipo de ensayos. Mediante la aplicaci&oacute;n de la tecnolog&iacute;a BlueBOX es posible superar estos inconvenientes obteni&eacute;ndose resultados satisfactorios en la mejora del funcionamiento de los sistemas el&eacute;ctricos.<\/p>\n<p style=\"text-align: center\"><em>&ldquo;La tecnolog&iacute;a BlueBOX supone un gran avance para la elaboraci&oacute;n de forma eficaz de diagn&oacute;sticos fiables del estado de los diel&eacute;ctricos, lo que redunda en&nbsp; una mejora del estado de las instalaciones el&eacute;ctricas de AT &rdquo;<\/em><\/p>\n<p><span style=\"font-family: 'trebuchet ms', geneva;font-size: small\">&nbsp;<\/span><\/p>\n<h4 style=\"text-align: left\"><strong>Necesidades de negocio \/ aplicaci&oacute;n<\/strong><\/h4>\n<p>Empresas dedicadas a la generaci&oacute;n, transporte y distribuci&oacute;n de energ&iacute;a el&eacute;ctrica.<\/p>\n<ul>\n<li>\n<p style=\"text-align: justify\">Para las compa&ntilde;&iacute;as del sector es de vital importancia conocer el estado de los diferentes activos que componen las instalaciones, aplicando para ello pol&iacute;ticas de gesti&oacute;n y de mantenimiento acertadas y econ&oacute;micas.<\/p>\n<\/li>\n<\/ul>\n<p>Empresas de fabricaci&oacute;n e instalaci&oacute;n de equipos industriales integrados en las redes el&eacute;ctricas.<\/p>\n<ul>\n<li>\n<p style=\"text-align: justify\">Antes de la puesta en servicio de una instalaci&oacute;n el&eacute;ctrica, se tiene la necesidad de detectar posibles defectos de aislamiento que se hayan podido generar tanto en las etapas de fabricaci&oacute;n como en las de montaje in situ.<\/p>\n<\/li>\n<\/ul>\n<p style=\"text-align: justify\">Organismos de control y empresas de inspecci&oacute;n y mantenimiento de los activos.<\/p>\n<ul>\n<li>\n<p style=\"text-align: justify\">Con el fin de garantizar los est&aacute;ndares de calidad en las instalaciones, a lo largo del periodo de vida &uacute;til de las mismas, es obligatorio establecer inspecciones peri&oacute;dicas y planes de mantenimiento eficaces por parte de empresas especializadas y autorizadas.<\/p>\n<\/li>\n<\/ul>\n<p>Grandes consumidores de energ&iacute;a el&eacute;ctrica.<\/p>\n<ul>\n<li>\n<p style=\"text-align: justify\">Es de especial inter&eacute;s que el suministro el&eacute;ctrico est&eacute; garantizado en todo momento por lo que precisan adoptar pol&iacute;ticas de mantenimiento adecuadas.<\/p>\n<\/li>\n<\/ul>\n<p><span style=\"font-family: 'trebuchet ms', geneva;font-size: small\"><em><strong>&nbsp;<\/strong><\/em><\/span><span style=\"font-family: 'trebuchet ms', geneva;font-size: small\"><em><strong>&ldquo;<\/strong><\/em><\/span><em>La mejora del funcionamiento de los sistemas el&eacute;ctricos es ahora posible mediante la evaluaci&oacute;n de los diel&eacute;ctricos utilizando la tecnolog&iacute;a BlueBOX, con la ventaja de poder mantener las instalaciones en servicio<\/em><span style=\"font-family: 'trebuchet ms', geneva;font-size: small\"><em><strong>&rdquo;&nbsp;<\/strong><\/em><\/span><\/p>\n<p><span style=\"font-family: 'trebuchet ms', geneva;font-size: small\">&nbsp;<\/span><\/p>\n<h4><strong>Ventajas competitivas<\/strong><\/h4>\n<ul>\n<li>\n<p style=\"text-align: justify\">Realizaci&oacute;n de diagn&oacute;sticos precisos del estado de los aislamientos el&eacute;ctricos cuando se hacen medidas de DP on-line mediante la aplicaci&oacute;n de: t&eacute;cnicas de medida avanzadas y complementarias; eficientes herramientas de procesado de se&ntilde;al.<\/p>\n<\/li>\n<li style=\"text-align: justify\">\n<p>La efectividad en el diagn&oacute;stico en ensayos on-line supone:<\/p>\n<\/li>\n<li style=\"text-align: justify\">\n<p>la predicci&oacute;n de fallos de aislamiento antes de que se produzcan sin necesidad de interrumpir el servicio el&eacute;ctrico en las instalaciones<\/p>\n<\/li>\n<li style=\"text-align: justify\">\n<p>un aumento en la capacidad y eficacia de evaluaci&oacute;n de las redes y una disminuci&oacute;n de los costes asociados entre un 30 y un 45%<\/p>\n<\/li>\n<li style=\"text-align: justify\">\n<p>monitorizaci&oacute;n temporal o permanente en tiempo real de las instalaciones en servicio<\/p>\n<\/li>\n<li>\n<p style=\"text-align: justify\">una inversi&oacute;n inicial baja puesto que la tensi&oacute;n de ensayo es la de la propia red.<\/p>\n<\/li>\n<\/ul>\n<h4><strong>Referencias<\/strong><\/h4>\n<ul>\n<li>\n<p style=\"text-align: justify\">Entre los usuarios actuales de la tecnolog&iacute;a BlueBOX se encuentran las grandes empresas del sector el&eacute;ctrico (Gas Natural Fenosa, Iberdrola, Endesa, Red El&eacute;ctrica y Viesgo), otras empresas relacionadas con el sector (General Cable, Cotradis, LCOE, Doel, &hellip;) y empresas con un gran consumo de energ&iacute;a el&eacute;ctrica y que precisan continuidad en el suministro (Aena, Alcoa, Metro de Barcelona, &hellip;).<\/p>\n<\/li>\n<\/ul>\n<h4><strong>Protecci&oacute;n industrial<\/strong><\/h4>\n<ul>\n<li>\n<p style=\"text-align: justify\">Patente europea solicitada v&iacute;a EPO EP2579056.<\/p>\n<\/li>\n<li>\n<p style=\"text-align: justify\">Patente concedida en M&eacute;xico MX\/a\/2012\/013801.<\/p>\n<\/li>\n<\/ul>\n<h4><strong>Grado de desarrollo<\/strong><\/h4>\n<ul>\n<li>Concepto<\/li>\n<li>Investigaci&oacute;n<\/li>\n<li>Prototipo Lab<\/li>\n<li>Prototipo industrial<\/li>\n<li><strong><span style=\"text-decoration: underline\">Producci&oacute;n<\/span><\/strong><\/li>\n<\/ul>\n<h4><strong>Contacto<\/strong><\/h4>\n<p style=\"text-align: justify\"><strong><span lang=\"EN-GB\">Contacto&nbsp;<\/span>BlueBOX&nbsp;<\/strong><\/p>\n<p style=\"text-align: justify\">Fernando Garnacho Vecino<\/p>\n<p style=\"text-align: justify\">e: <span rel=\"71311130a1313131b231283197312f319e313c31a4310630bb311431c73116316c311331ba313c31a1312f3182313e31ba311d316f311c31bc31\" class=\"cryptex \" style=\"\"><span class=\"CryptexImg ctxBgpx5PR4heqF0qtW53We59DnyUU2obk2Rh_hIJb9Wpk\"><\/span><\/span><\/p>\n<p style=\"text-align: justify\"><strong><span lang=\"EN-GB\">Contacto UPM<\/span><\/strong><\/p>\n<p style=\"text-align: justify\">Programas de Innovaci&oacute;n y Emprendimiento<\/p>\n<p style=\"text-align: justify\"><span lang=\"EN-GB\">Centro de Apoyo a la Innovaci&oacute;n Tecnol&oacute;gica &ndash; UPM<\/span>&nbsp;<\/p>\n<p style=\"text-align: justify\">&nbsp;e: <span rel=\"71311130a4313a31ae312931ac3122319d313631ac3128317d312531bd311431ac311d31b23138319f312f31b7312a318a312531b131243177312431c831\" class=\"cryptex \" style=\"\"><span class=\"CryptexImg ctxR7neImVV1tJoTSyttUGBAuiESKXKLLyzTwJSN1lk9Z0\"><\/span><\/span><\/p>\n<div class=\"pdfprnt-buttons pdfprnt-buttons-product pdfprnt-bottom-left\"><a href=\"https:\/\/www.upm.es\/recursosidi\/wp-json\/wp\/v2\/product\/11156?print=pdf\" class=\"pdfprnt-button pdfprnt-button-pdf\" target=\"_blank\"><span class=\"pdfprnt-button-title pdfprnt-button-pdf-title\">Descargar ficha<\/span><\/a><\/div>","protected":false},"excerpt":{"rendered":"<p>Tecnolog\u00eda avanzada para el diagn\u00f3stico del aislamiento el\u00e9ctrico de alta tensi\u00f3n.<\/p>\n<p>Procedimiento e instrumento de medida y an\u00e1lisis de descargas parciales para la evaluaci\u00f3n del estado del aislamiento de los sistemas el\u00e9ctricos de alta tensi\u00f3n.<\/p>\n","protected":false},"featured_media":11154,"template":"","meta":{"_acf_changed":false},"product_cat":[2384],"product_tag":[2477,2306],"comunidades-upm":[],"quien":[],"mapa":[{"term_id":133,"name":"Clima, Energ\u00eda y Movilidad","slug":"clima-energia-movilidad","term_group":0,"term_taxonomy_id":133,"taxonomy":"mapa","description":"","parent":0,"count":129,"filter":"raw","term_order":"9"},{"term_id":135,"name":"Industria, materiales y econom\u00eda circular","slug":"industria-materiales-economia_circular","term_group":0,"term_taxonomy_id":135,"taxonomy":"mapa","description":"","parent":0,"count":165,"filter":"raw","term_order":"13"}],"disponibilidad":[{"term_id":205,"name":"Consultar disponibilidad","slug":"consultar","term_group":0,"term_taxonomy_id":205,"taxonomy":"disponibilidad","description":"","parent":0,"count":290,"filter":"raw","term_order":"0"}],"donde":[{"term_id":1876,"name":"Low and high voltage networks and installations","slug":"en_low-and-high-voltage-networks-and-installations","term_group":0,"term_taxonomy_id":1876,"taxonomy":"donde","description":"","parent":0,"count":2,"filter":"raw","term_order":"0"},{"term_id":656,"name":"Redes e instalaciones de baja y alta tensi\u00f3n","slug":"redes-e-instalaciones-de-baja-y-alta-tension","term_group":0,"term_taxonomy_id":656,"taxonomy":"donde","description":"","parent":0,"count":16,"filter":"raw","term_order":"0"}],"infraestructura":[],"ods":[{"term_id":2231,"name":"Acci\u00f3n por el Clima","slug":"accion-por-el-clima","term_group":0,"term_taxonomy_id":2231,"taxonomy":"ods","description":"","parent":0,"count":67,"filter":"raw","term_order":"0"},{"term_id":2255,"name":"Energ\u00eda Asequible y no Contaminante","slug":"energia-asequible-y-no-contaminante","term_group":0,"term_taxonomy_id":2255,"taxonomy":"ods","description":"","parent":0,"count":34,"filter":"raw","term_order":"0"}],"origen":[{"term_id":192,"name":"Soluciones tecnol\u00f3gicas","slug":"soluciones-tecnologicas","term_group":0,"term_taxonomy_id":192,"taxonomy":"origen","description":"","parent":0,"count":278,"filter":"raw","term_order":"0"}],"familia_tax":false,"quien_tax":false,"donde_tax":false,"year":"2020-01-01","contacto":"ETSIDI - UPM, Ronda de Valencia, 3, 28012, Madrid","telefono":"910677400","pagina_web":"https:\/\/www.etsidi.upm.es\/","email":"fernandog@lcoe.etsii.upm.es","id_ficha_portal":"118","video":"","adjuntos":false,"adjuntos_portal":"","inf":false,"departamento":"","acf":[],"lang":"es","translation":{"es":11156,"en":11159},"_links":{"self":[{"href":"https:\/\/www.upm.es\/recursosidi\/wp-json\/wp\/v2\/product\/11156"}],"collection":[{"href":"https:\/\/www.upm.es\/recursosidi\/wp-json\/wp\/v2\/product"}],"about":[{"href":"https:\/\/www.upm.es\/recursosidi\/wp-json\/wp\/v2\/types\/product"}],"wp:featuredmedia":[{"embeddable":true,"href":"https:\/\/www.upm.es\/recursosidi\/wp-json\/wp\/v2\/media\/11154"}],"wp:attachment":[{"href":"https:\/\/www.upm.es\/recursosidi\/wp-json\/wp\/v2\/media?parent=11156"}],"wp:term":[{"taxonomy":"product_cat","embeddable":true,"href":"https:\/\/www.upm.es\/recursosidi\/wp-json\/wp\/v2\/product_cat?post=11156"},{"taxonomy":"product_tag","embeddable":true,"href":"https:\/\/www.upm.es\/recursosidi\/wp-json\/wp\/v2\/product_tag?post=11156"},{"taxonomy":"comunidad_upm","embeddable":true,"href":"https:\/\/www.upm.es\/recursosidi\/wp-json\/wp\/v2\/comunidades-upm?post=11156"},{"taxonomy":"quien","embeddable":true,"href":"https:\/\/www.upm.es\/recursosidi\/wp-json\/wp\/v2\/quien?post=11156"},{"taxonomy":"mapa","embeddable":true,"href":"https:\/\/www.upm.es\/recursosidi\/wp-json\/wp\/v2\/mapa?post=11156"},{"taxonomy":"disponibilidad","embeddable":true,"href":"https:\/\/www.upm.es\/recursosidi\/wp-json\/wp\/v2\/disponibilidad?post=11156"},{"taxonomy":"donde","embeddable":true,"href":"https:\/\/www.upm.es\/recursosidi\/wp-json\/wp\/v2\/donde?post=11156"},{"taxonomy":"infraestructura","embeddable":true,"href":"https:\/\/www.upm.es\/recursosidi\/wp-json\/wp\/v2\/infraestructura?post=11156"},{"taxonomy":"ods","embeddable":true,"href":"https:\/\/www.upm.es\/recursosidi\/wp-json\/wp\/v2\/ods?post=11156"},{"taxonomy":"origen","embeddable":true,"href":"https:\/\/www.upm.es\/recursosidi\/wp-json\/wp\/v2\/origen?post=11156"}],"curies":[{"name":"wp","href":"https:\/\/api.w.org\/{rel}","templated":true}]}}