{"id":11169,"date":"2022-09-21T13:51:24","date_gmt":"2022-09-21T11:51:24","guid":{"rendered":"https:\/\/www.upm.es\/recursosidi\/offers-resources\/sin categor\u00eda\/bulkuick\/"},"modified":"2022-09-21T13:51:31","modified_gmt":"2022-09-21T11:51:31","slug":"bulkuick","status":"publish","type":"product","link":"https:\/\/www.upm.es\/recursosidi\/offers-resources\/soluciones-tecnologicas\/bulkuick\/","title":{"rendered":"BULKUICK"},"content":{"rendered":"<h4 style=\"text-align: left\"><strong>Descripci&oacute;n breve conjunta de la soluci&oacute;n y valor a&ntilde;adido que aporta <\/strong><\/h4>\n<p style=\"text-align: justify\">El Grupo de Investigaci&oacute;n de Biotecnolog&iacute;a y Gen&oacute;mica de Semillas ha conseguido, mediante una modificaci&oacute;n gen&eacute;tica, aumentar de forma considerable la biomasa de semillas y plantas, que adem&aacute;s germinan m&aacute;s r&aacute;pido. Todo ello, contribuye a aumentar notablemente el rendimiento de un cultivo y producci&oacute;n de biomasa por unidad de superficie cultivada. Las plantas representan m&aacute;s del 80% de la dieta y la nutrici&oacute;n humanas, y tan s&oacute;lo 5 semillas de cereal proveen m&aacute;s del 60% del aporte cal&oacute;rico de la poblaci&oacute;n mundial. Dado el crecimiento exponencial de la poblaci&oacute;n, incrementar la producci&oacute;n de semillas es un objetivo clave para satisfacer la creciente demanda mundial. Seg&uacute;n las previsiones, el mercado global de semillas crecer&aacute; un 34% en 2020, correspondiendo m&aacute;s de un 58% al mercado de semillas modificadas.<\/p>\n<h4 style=\"text-align: left\"><strong>Descripci&oacute;n de la base tecnol&oacute;gica<\/strong><\/h4>\n<p style=\"text-align: justify\">Mediante una modificaci&oacute;n gen&eacute;tica en la planta modelo Arabidopsis&nbsp; thaliana, hemos conseguido obtener semillas&nbsp; con un volumen y peso un 60% mayor, que adem&aacute;s presentan una clara&nbsp; mejora en germinaci&oacute;n, y generan pl&aacute;ntulas un&nbsp; 30% m&aacute;s grandes.<\/p>\n<p style=\"text-align: justify\">Diversos estudios indican que existe una clara correlaci&oacute;n positiva entre&nbsp; la masa de la semilla y la supervivencia de la pl&aacute;ntula, siendo un determinante para la adaptaci&oacute;n y correcto crecimiento de la planta.<\/p>\n<p style=\"text-align: justify\">Por tanto, nuestra soluci&oacute;n&nbsp; supondr&iacute;a&nbsp; aumentar enormemente el rendimiento de un cultivo, no s&oacute;lo en t&eacute;rminos de producci&oacute;n por unidad de superficie cultivada, sino de mejora de la adaptabilidad y supervivencia del mismo.<span style=\"font-size: small\">&nbsp;<\/span><\/p>\n<p style=\"text-align: center\"><em>&nbsp;&ldquo;Soluci&oacute;n biotecnol&oacute;gica para aumentar la productividad y el rendimiento de un cultivo de forma sostenible, mediante la generaci&oacute;n de semillas y plantas m&aacute;s grandes&rdquo;<\/em><\/p>\n<p style=\"text-align: center\">&nbsp;<\/p>\n<h4 style=\"text-align: left\"><strong>Necesidades de negocio \/ aplicaci&oacute;n<\/strong><\/h4>\n<p style=\"text-align: justify\"><strong>Agroalimentaci&oacute;n<\/strong><\/p>\n<ul>\n<li style=\"text-align: justify\">\n<p style=\"text-align: justify\">En la actualidad, 793 millones de&nbsp; personas est&aacute;n subalimentadas en todo el mundo, lo que supone m&aacute;s de un 10% de la poblaci&oacute;n mundial.<\/p>\n<\/li>\n<li style=\"text-align: justify\">\n<p>Las plantas representan m&aacute;s del 80% de la dieta y la nutrici&oacute;n humanas.<\/p>\n<\/li>\n<li style=\"text-align: justify\">\n<p>Las semillas de cereales y leguminosas representan m&aacute;s de un 60% del aporte cal&oacute;rico de la poblaci&oacute;n mundial.<\/p>\n<\/li>\n<li style=\"text-align: justify\">\n<p style=\"text-align: justify\">En 2050, la poblaci&oacute;n mundial pasar&aacute; a ser de 7000 a 9000 millones, por lo que deber&aacute; lograrse un aumento del 40% en la producci&oacute;n de cereales [FAO]<\/p>\n<\/li>\n<\/ul>\n<p style=\"text-align: justify\"><strong>Energ&iacute;a<\/strong><\/p>\n<ul>\n<li style=\"text-align: justify\">\n<p style=\"text-align: justify\">Los biocombustibles avanzados obtenidos a partir de biomasa tienen el potencial de crear miles de empleos nuevos al estimular el desarrollo rural y contribuir&iacute;an a garantizar el suministro energ&eacute;tico de Europa mediante una alternativa sostenible a los combustibles f&oacute;siles.<\/p>\n<\/li>\n<li style=\"text-align: justify\">\n<p style=\"text-align: justify\">Un incremento en el empleo de biomasa ayudar&aacute; a que Europa reduzca sus emisiones de gases de efecto invernadero en un 20% para 2020 y en un 50% para 2050.<\/p>\n<\/li>\n<\/ul>\n<p style=\"text-align: justify\"><strong>Biotecnolog&iacute;a<\/strong><\/p>\n<ul>\n<li style=\"text-align: justify\">\n<p style=\"text-align: justify\">La biotecnolog&iacute;a agr&iacute;cola moderna ha mostrado beneficios contundentes para hacer m&aacute;s sostenible la actividad agr&iacute;cola alrededor del mundo.<\/p>\n<\/li>\n<\/ul>\n<h4 style=\"text-align: left\"><strong>Ventajas competitivas<\/strong><\/h4>\n<ul>\n<li>\n<p style=\"text-align: justify\">La obtenci&oacute;n de semillas m&aacute;s grandes repercute positivamente en el rendimiento del cultivo, no s&oacute;lo por el dr&aacute;stico aumento de productividad derivado del incremento sustancial de biomasa de planta y semilla, sino tambi&eacute;n por la mejora de la adaptabilidad y supervivencia del cultivo.<\/p>\n<\/li>\n<li style=\"text-align: justify\">\n<p>Potencialmente aplicable a otras&nbsp; especies de plantas, especialmente a cultivos de oleaginosas&nbsp; (girasol, soja, colza&hellip;).<\/p>\n<\/li>\n<li>\n<p style=\"text-align: justify\">La soluci&oacute;n permite aumentar la producci&oacute;n de alimentos de una forma sostenible y respetuosa con el medio ambiente.<\/p>\n<\/li>\n<\/ul>\n<p style=\"text-align: center\"><em>&ldquo;El crecimiento poblacional, la desaceleraci&oacute;n en los rendimientos de producci&oacute;n y la disminuci&oacute;n del &aacute;rea cultivable, originan la necesidad de utilizar las nuevas tecnolog&iacute;as para producir m&aacute;s alimentos de una forma sostenible y respetuosa con el medio ambiente.&#8221;<\/em><\/p>\n<p style=\"text-align: center\"><em><strong><span style=\"font-size: small\">&nbsp;<\/span><\/strong><\/em><\/p>\n<h4><strong>Referencias<\/strong><\/h4>\n<ul>\n<li>\n<p style=\"text-align: justify\">Grupo de investigaci&oacute;n con amplio conocimiento de los mecanismos moleculares envueltos en germinaci&oacute;n de semillas y respuesta a estr&eacute;s en plantas.<\/p>\n<\/li>\n<\/ul>\n<h4><strong>Grado de desarrollo<\/strong><\/h4>\n<ul>\n<li>\n<p>Concepto<\/p>\n<\/li>\n<li>\n<p><span style=\"text-decoration: underline\"><strong>Investigaci&oacute;n<\/strong><\/span><\/p>\n<\/li>\n<li>\n<p>Prototipo-Lab<\/p>\n<\/li>\n<li>\n<p>Prototipo Industrial<\/p>\n<\/li>\n<li>\n<p>Producci&oacute;n<\/p>\n<\/li>\n<\/ul>\n<h4><strong>Contacto<\/strong><\/h4>\n<p><strong>Contacto&nbsp;BULKUIK&nbsp;<\/strong><\/p>\n<p>Roc&iacute;o S&aacute;nchez Montesino, Luis O&ntilde;ate S&aacute;nchez<\/p>\n<p>Centro de Biotecnolog&iacute;a y Gen&oacute;mica de Plantas&ndash; CBGP (UPM-INIA)<\/p>\n<p>e:&nbsp;<span rel=\"8a313530ab313c3198311331bb311130c1311831a9311c319b311a31c3310130c8312631b3312c309b312531\" class=\"cryptex \" style=\"\"><span class=\"CryptexImg ctxxAtAVa4vrV465PRibXfQzOJqwoffXL1LPOOcVVmi-f8\"><\/span><\/span><\/p>\n<p>e:<span rel=\"8a313530a53142319e311d317a313031bc311831af311e3173312a31b9312c3181311b31b931\" class=\"cryptex \" style=\"\"><span class=\"CryptexImg ctx87b-bPqFfJoMe2O0Id6evlwL7-conDSn4tc8PPLmvcs\"><\/span><\/span><\/p>\n<p><strong>Contacto UPM<\/strong><\/p>\n<p>Programas de Innovaci&oacute;n y Emprendimiento<\/p>\n<p>Centro de Apoyo a la Innovaci&oacute;n Tecnol&oacute;gica &ndash; UPM<\/p>\n<p>e: <span rel=\"8a313530a2313b31a3311931c2312231b1312031aa31273161312931ae312231c1312531b23115319d311b319d312a3178314331a831283160312331af31\" class=\"cryptex \" style=\"\"><span class=\"CryptexImg ctxR7neImVV1tJoTSyttUGBAuiESKXKLLyzTwJSN1lk9Z0\"><\/span><\/span><\/p>\n<div class=\"pdfprnt-buttons pdfprnt-buttons-product pdfprnt-bottom-left\"><a href=\"https:\/\/www.upm.es\/recursosidi\/wp-json\/wp\/v2\/product\/11169?print=pdf\" class=\"pdfprnt-button pdfprnt-button-pdf\" target=\"_blank\"><span class=\"pdfprnt-button-title pdfprnt-button-pdf-title\">Descargar ficha<\/span><\/a><\/div>","protected":false},"excerpt":{"rendered":"<p>Mayor y m\u00e1s r\u00e1pido crecimiento de plantas.<\/p>\n<p>Soluci\u00f3n biotecnol\u00f3gica para la obtenci\u00f3n de semillas m\u00e1s grandes y con una germinaci\u00f3n mejorada.<\/p>\n","protected":false},"featured_media":11168,"template":"","meta":{"_acf_changed":false},"product_cat":[2384],"product_tag":[2512],"comunidades-upm":[],"quien":[],"mapa":[{"term_id":137,"name":"Bioeconom\u00eda, Biotecnolog\u00eda y Sistemas Alimentarios","slug":"bioeconomia-biotecnologia-sistemas_alimentarios","term_group":0,"term_taxonomy_id":137,"taxonomy":"mapa","description":"","parent":0,"count":45,"filter":"raw","term_order":"6"}],"disponibilidad":[{"term_id":205,"name":"Consultar disponibilidad","slug":"consultar","term_group":0,"term_taxonomy_id":205,"taxonomy":"disponibilidad","description":"","parent":0,"count":290,"filter":"raw","term_order":"0"}],"donde":[{"term_id":1476,"name":"Centre for Biotechnology and Plant Genomics, CBPG","slug":"en_centre-for-biotechnology-and-plant-genomics-cbpg","term_group":0,"term_taxonomy_id":1476,"taxonomy":"donde","description":"","parent":0,"count":12,"filter":"raw","term_order":"0"},{"term_id":252,"name":"Centro de Biotecnolog\u00eda y Gen\u00f3mica de Plantas (CBGP)","slug":"centro-de-biotecnologia-y-genomica-de-plantas-cbgp","term_group":0,"term_taxonomy_id":252,"taxonomy":"donde","description":"","parent":0,"count":19,"filter":"raw","term_order":"0"}],"infraestructura":[],"ods":[{"term_id":2275,"name":"Hambre Cero","slug":"hambre-cero","term_group":0,"term_taxonomy_id":2275,"taxonomy":"ods","description":"","parent":0,"count":4,"filter":"raw","term_order":"0"}],"origen":[{"term_id":192,"name":"Soluciones tecnol\u00f3gicas","slug":"soluciones-tecnologicas","term_group":0,"term_taxonomy_id":192,"taxonomy":"origen","description":"","parent":0,"count":278,"filter":"raw","term_order":"0"}],"familia_tax":false,"quien_tax":false,"donde_tax":false,"year":"2020-01-01","contacto":"CBGP - UPM-INIA, Campus de Montegancedo, 28660 Boadilla del Monte (Madrid)","telefono":"910679100","pagina_web":"http:\/\/www.cbgp.upm.es\/","email":"luis.onate@upm.es","id_ficha_portal":"86","video":"","adjuntos":false,"adjuntos_portal":"","inf":false,"departamento":"","acf":[],"lang":"es","translation":{"es":11169,"en":11171},"_links":{"self":[{"href":"https:\/\/www.upm.es\/recursosidi\/wp-json\/wp\/v2\/product\/11169"}],"collection":[{"href":"https:\/\/www.upm.es\/recursosidi\/wp-json\/wp\/v2\/product"}],"about":[{"href":"https:\/\/www.upm.es\/recursosidi\/wp-json\/wp\/v2\/types\/product"}],"wp:featuredmedia":[{"embeddable":true,"href":"https:\/\/www.upm.es\/recursosidi\/wp-json\/wp\/v2\/media\/11168"}],"wp:attachment":[{"href":"https:\/\/www.upm.es\/recursosidi\/wp-json\/wp\/v2\/media?parent=11169"}],"wp:term":[{"taxonomy":"product_cat","embeddable":true,"href":"https:\/\/www.upm.es\/recursosidi\/wp-json\/wp\/v2\/product_cat?post=11169"},{"taxonomy":"product_tag","embeddable":true,"href":"https:\/\/www.upm.es\/recursosidi\/wp-json\/wp\/v2\/product_tag?post=11169"},{"taxonomy":"comunidad_upm","embeddable":true,"href":"https:\/\/www.upm.es\/recursosidi\/wp-json\/wp\/v2\/comunidades-upm?post=11169"},{"taxonomy":"quien","embeddable":true,"href":"https:\/\/www.upm.es\/recursosidi\/wp-json\/wp\/v2\/quien?post=11169"},{"taxonomy":"mapa","embeddable":true,"href":"https:\/\/www.upm.es\/recursosidi\/wp-json\/wp\/v2\/mapa?post=11169"},{"taxonomy":"disponibilidad","embeddable":true,"href":"https:\/\/www.upm.es\/recursosidi\/wp-json\/wp\/v2\/disponibilidad?post=11169"},{"taxonomy":"donde","embeddable":true,"href":"https:\/\/www.upm.es\/recursosidi\/wp-json\/wp\/v2\/donde?post=11169"},{"taxonomy":"infraestructura","embeddable":true,"href":"https:\/\/www.upm.es\/recursosidi\/wp-json\/wp\/v2\/infraestructura?post=11169"},{"taxonomy":"ods","embeddable":true,"href":"https:\/\/www.upm.es\/recursosidi\/wp-json\/wp\/v2\/ods?post=11169"},{"taxonomy":"origen","embeddable":true,"href":"https:\/\/www.upm.es\/recursosidi\/wp-json\/wp\/v2\/origen?post=11169"}],"curies":[{"name":"wp","href":"https:\/\/api.w.org\/{rel}","templated":true}]}}