{"id":11324,"date":"2022-10-27T10:16:54","date_gmt":"2022-10-27T08:16:54","guid":{"rendered":"https:\/\/www.upm.es\/recursosidi\/offers-resources\/sin categor\u00eda\/decargas\/"},"modified":"2022-10-27T10:17:03","modified_gmt":"2022-10-27T08:17:03","slug":"decargas","status":"publish","type":"product","link":"https:\/\/www.upm.es\/recursosidi\/offers-resources\/soluciones-tecnologicas\/decargas\/","title":{"rendered":"DECARGAS"},"content":{"rendered":"<h4 style=\"text-align: left\"><strong>Descripci&oacute;n breve conjunta de la soluci&oacute;n y valor a&ntilde;adido que aporta <\/strong><\/h4>\n<p style=\"text-align: justify\">La decarbonizaci&oacute;n de recursos f&oacute;siles, como el gas natural, puede producir de forma limpia hidr&oacute;geno y carbono puros. DecarGas propone el desarrollo de un reactor escalable industrialmente que posibilita el aprovechamiento de recursos primarios f&oacute;siles para la producci&oacute;n de hidr&oacute;geno y carbono puros en los sectores qu&iacute;mico y energ&eacute;tico. Se puede constituir en una soluci&oacute;n tecnol&oacute;gica efectiva para el control de la emission de gases de efecto invernadero (como fue reconocido en la prestigiosa revista New Scientist), generando dos productos de alto potencial de comercializci&oacute;n.&nbsp;<\/p>\n<p style=\"text-align: justify\">Decargas propone una tecnolog&iacute;a para producer hidr&oacute;geno de alta pureza y carbon graf&iacute;tico puro a escala industrial (ton\/h) sin emisiones de CO2 en un &uacute;nico proceso, reduciendo dr&aacute;sticamente su coste e impacto ambiental<\/p>\n<h4 style=\"text-align: left\"><strong>Descripci&oacute;n de la base tecnol&oacute;gica<\/strong><\/h4>\n<p style=\"text-align: justify\">Durante la decarbonizaci&oacute;n, los hidrocarburos se rompen t&eacute;rmicamente en hidr&oacute;geno y carbono. Este proceso es una t&eacute;cnica efectiva de captura de carbono con dos productos de valor:<\/p>\n<ul>\n<li style=\"text-align: justify\">\n<p style=\"text-align: justify\">Carb&oacute;n graf&iacute;tico con un alto potencial como material ligero estructural y alta conductividad t&eacute;rmica y el&eacute;ctrica.<\/p>\n<\/li>\n<li style=\"text-align: justify\">\n<p style=\"text-align: justify\">Hidr&oacute;geno puro producido a partir de recursos f&oacute;siles sin generar di&oacute;xido de carbono ni trazas de CO.<\/p>\n<\/li>\n<\/ul>\n<p style=\"text-align: justify\">La descomposici&oacute;n t&eacute;rmica directa del metano se propuso en el pasado, pero su aplicaci&oacute;n industrial no era tecno-econ&oacute;micamente viable. Hemos verificado la idoneidad de un innovador concepto de reactor de descomposici&oacute;n de metano basado en la su inyecci&oacute;n en metal l&iacute;quido que puede ser extrapolado a escala industrial y econ&oacute;micamente competitivo, constituyendo una alternativa viable para el aprovechamiento de gas natural salvaguardando el clima y facilitando la integraci&oacute;n de un vector energ&eacute;tico limpio como es el hidr&oacute;geno.<\/p>\n<p><span style=\"font-size: small\">&nbsp;<\/span><em>&ldquo;El burbujeo de gas natural en un metal l&iacute;quido permite la implementaci&oacute;n a escala industrial de la decarbonizaci&oacute;n de recursos f&oacute;siles produciendo hidr&oacute;geno puro y capturando carbono s&oacute;lido&rdquo;<\/em><\/p>\n<p style=\"text-align: center\"><em><strong><img fetchpriority=\"high\" decoding=\"async\" src=\"http:\/\/www.upm.es\/observatorio\/vi\/gestor_general\/recuperar_archivo.jsp?id=1365\" alt=\"\" width=\"216\" height=\"292\" \/><\/strong><\/em><\/p>\n<h4 style=\"text-align: left\"><strong>Necesidades de negocio \/ aplicaci&oacute;n<\/strong><\/h4>\n<p style=\"text-align: justify\"><strong>Energ&iacute;a<\/strong><\/p>\n<ul>\n<li style=\"text-align: justify\">\n<p style=\"text-align: justify\">Los combustibles f&oacute;siles cubren el 80% de la demanda mundial de energ&iacute;a. Una tecnolog&iacute;a que evite sus emisiones es una necesidad hasta que se desarrolle un sistema energ&eacute;tico sostenible.&nbsp;<\/p>\n<\/li>\n<li style=\"text-align: justify\">\n<p style=\"text-align: justify\">Las industria qu&iacute;mica, refiner&iacute;as y f&aacute;bricas de amoniaco, requieren grandes cantidades de hidr&oacute;geno. Una fuente limpia y efectiva de hidr&oacute;geno libre de emisiones reducir&iacute;a enormemente su actual impacto ambiental.<\/p>\n<\/li>\n<\/ul>\n<p style=\"text-align: justify\"><strong>Medioambiente<\/strong><\/p>\n<ul>\n<li style=\"text-align: justify\">\n<p style=\"text-align: justify\">La reducci&oacute;n de emisiones de gases de efecto invernadero es obligatoria para limitar el cambio clim&aacute;tico.<\/p>\n<\/li>\n<li style=\"text-align: justify\">\n<p>Medidas normativas medioambientales penalizar&aacute;n tecnolog&iacute;as que emitan CO2.<\/p>\n<\/li>\n<li style=\"text-align: justify\">\n<p style=\"text-align: justify\">La disponibilidad de tecnolog&iacute;as de bajas o nulas emisiones en el sector de los f&oacute;siles son necesarias para evitar el colapso de los sectores energ&eacute;tico y qu&iacute;mico.<\/p>\n<\/li>\n<\/ul>\n<p style=\"text-align: justify\"><strong>Materiales<\/strong><\/p>\n<ul>\n<li style=\"text-align: justify\">\n<p style=\"text-align: justify\">Las nuevas tecnolog&iacute;as relacionadas con el uso de carbono, fibras de carbono y grafeno tendr&iacute;an un desarrollo r&aacute;pido si su materia prima fuera barata y libre de emisiones.<\/p>\n<\/li>\n<\/ul>\n<p style=\"text-align: center\"><em>&ldquo;Soluciones para procesos industriales y energ&eacute;ticos basadas en f&oacute;siles son necesarias para controlar emisiones de gases de efecto invernadero&rdquo;<\/em><\/p>\n<p style=\"text-align: center\">&nbsp;<\/p>\n<h4 style=\"text-align: left\"><strong>Ventajas competitivas<\/strong><\/h4>\n<ul>\n<li>\n<p style=\"text-align: justify\">Costes de generaci&oacute;n de hidr&oacute;geno entre 1,5 y 3 &euro;\/kg, dependiendo del precio del gas natural. Costes m&aacute;s competitivos en funci&oacute;n del precio de venta del carbono.<\/p>\n<\/li>\n<li style=\"text-align: justify\">\n<p>Suponiendo un 50% de penetraci&oacute;n mundial en procesos de generaci&oacute;n de amoniaco, se puede producir reducci&oacute;n de emisiones del orden del 0,5% de las emisiones totales generadas por el hombre.<\/p>\n<\/li>\n<li style=\"text-align: justify\">\n<p>Emisiones totales en su ciclo de vida similares al de la electr&oacute;lisis e&oacute;lica (4 kgCO2\/kgH2)<\/p>\n<\/li>\n<li style=\"text-align: justify\">\n<p>Se elimina el riesgo de fuga de CO2 en su aplicaci&oacute;n a captura y secuestro de carbono.<\/p>\n<\/li>\n<li>\n<p style=\"text-align: justify\">No requiere uso de catalizadores y permite el escalado de la descomposici&oacute;n de metano hasta tasas de generaci&oacute;n de hidr&oacute;geno y carbono de cientos de ton\/h<\/p>\n<\/li>\n<\/ul>\n<h4 style=\"text-align: left\"><strong>Referencias<\/strong><\/h4>\n<ul>\n<li>\n<p style=\"text-align: justify\">La prueba de concepto ha sido verificada en el marco de una colaboraci&oacute;n con dos centros alemanes (KIT e IASS) con la coordinaci&oacute;n t&eacute;cnica de la UPM y la supervisi&oacute;n del Premio Nobel Prof. Rubbia.<\/p>\n<\/li>\n<li style=\"text-align: justify\">\n<p>Mereci&oacute; la portada de la revista <a href=\"http:\/\/www.sciencedirect.com\/science\/journal\/02624079\/232\/3094\">&ldquo;New Scientist&rdquo; del 8 de Octubre de 2016<\/a> como tecnolog&iacute;a clave de futuro.<\/p>\n<\/li>\n<li>\n<p style=\"text-align: justify\">Los resultados del desarrollo se han validado con la publicaci&oacute;n de 10 art&iacute;culos en revistas cient&iacute;ficas de impacto.&nbsp;<\/p>\n<\/li>\n<\/ul>\n<h4><strong>Protecci&oacute;n industrial<\/strong><\/h4>\n<ul>\n<li>\n<p style=\"text-align: justify\">Patente europea solicitada v&iacute;a EPO EP18382064.6.<\/p>\n<\/li>\n<\/ul>\n<h4 style=\"text-align: left\"><strong>Grado de desarrollo<\/strong><\/h4>\n<ul>\n<li><span style=\"font-size: small\">Concepto<\/span><\/li>\n<li><span style=\"font-size: small\">Investigaci&oacute;n<\/span><\/li>\n<li><span style=\"text-decoration: underline;font-size: small\"><strong>Prototipo-Lab<\/strong><\/span><\/li>\n<li><span style=\"font-size: small\">Prototipo Industrial<\/span><\/li>\n<li><span style=\"font-size: small\">Producci&oacute;n<\/span><\/li>\n<\/ul>\n<h4><strong>Contacto<\/strong><\/h4>\n<p style=\"text-align: justify\"><strong><span lang=\"EN-GB\">Contacto DecarGas<\/span><\/strong><\/p>\n<p style=\"text-align: justify\"><span lang=\"EN-GB\">Alberto Ab&aacute;nades Velasco<\/span><\/p>\n<p style=\"text-align: justify\"><span lang=\"EN-GB\">ETSI Industriales &#8211; UPM<\/span><\/p>\n<p style=\"text-align: justify\"><span lang=\"EN-GB\">e: <span rel=\"6c31213098312531bb312c31a53130319831323180312a31ce312d31ad3118317a312631b23127316c310e31bc31\" class=\"cryptex \" style=\"\"><span class=\"CryptexImg ctxnG4zDVK6lvKN4ftjUtWTN2C0_bIg6bv67Bq4_wao7vY\"><\/span><\/span><\/span><\/p>\n<p style=\"text-align: justify\"><strong><span lang=\"EN-GB\">Contacto UPM<\/span><\/strong><\/p>\n<p style=\"text-align: justify\">Programas de Innovaci&oacute;n y Emprendimiento<\/p>\n<p style=\"text-align: justify\"><span lang=\"EN-GB\">Centro de Apoyo a la Innovaci&oacute;n Tecnol&oacute;gica &ndash; UPM<\/span>&nbsp;<\/p>\n<p style=\"text-align: justify\"><span lang=\"EN-GB\">e: <span rel=\"6c312130a0313131c8312d31ba312d3196312831af31333188312e31a9311231ba312031ae312931a5311231ac3113317b312b31a7311f3185312831b331\" class=\"cryptex \" style=\"\"><span class=\"CryptexImg ctxR7neImVV1tJoTSyttUGBAuiESKXKLLyzTwJSN1lk9Z0\"><\/span><\/span><\/span><\/p>\n<div class=\"pdfprnt-buttons pdfprnt-buttons-product pdfprnt-bottom-left\"><a href=\"https:\/\/www.upm.es\/recursosidi\/wp-json\/wp\/v2\/product\/11324?print=pdf\" class=\"pdfprnt-button pdfprnt-button-pdf\" target=\"_blank\"><span class=\"pdfprnt-button-title pdfprnt-button-pdf-title\">Descargar ficha<\/span><\/a><\/div>","protected":false},"excerpt":{"rendered":"<p>Utilizaci\u00f3n de recursos f\u00f3siles sin emisiones.<\/p>\n<p>DecarGas abre el camino hacia el aprovechamiento de los recursos f\u00f3siles sin emisiones de CO2 en el sector qu\u00edmico y energ\u00e9tico integr\u00e1ndolos en la econom\u00eda del hidr\u00f3geno.<\/p>\n","protected":false},"featured_media":11323,"template":"","meta":{"_acf_changed":false},"product_cat":[2384],"product_tag":[2553,2552],"comunidades-upm":[],"quien":[],"mapa":[{"term_id":133,"name":"Clima, Energ\u00eda y Movilidad","slug":"clima-energia-movilidad","term_group":0,"term_taxonomy_id":133,"taxonomy":"mapa","description":"","parent":0,"count":129,"filter":"raw","term_order":"9"},{"term_id":135,"name":"Industria, materiales y econom\u00eda circular","slug":"industria-materiales-economia_circular","term_group":0,"term_taxonomy_id":135,"taxonomy":"mapa","description":"","parent":0,"count":165,"filter":"raw","term_order":"13"}],"disponibilidad":[{"term_id":205,"name":"Consultar disponibilidad","slug":"consultar","term_group":0,"term_taxonomy_id":205,"taxonomy":"disponibilidad","description":"","parent":0,"count":290,"filter":"raw","term_order":"0"}],"donde":[{"term_id":1462,"name":"\"Guillermo Velarde\" Nuclear Fusion Institute","slug":"en_guillermo-velarde-nuclear-fusion-institute","term_group":0,"term_taxonomy_id":1462,"taxonomy":"donde","description":"","parent":0,"count":7,"filter":"raw","term_order":"0"},{"term_id":238,"name":"Instituto de Fusi\u00f3n Nuclear \"Guillermo Velarde\" (IFN-GV)","slug":"instituto-de-fusion-nuclear-guillermo-velarde-ifn-gv","term_group":0,"term_taxonomy_id":238,"taxonomy":"donde","description":"","parent":0,"count":57,"filter":"raw","term_order":"0"},{"term_id":390,"name":"Thermal Energy for Sustainability","slug":"thermal-energy-for-sustainability","term_group":0,"term_taxonomy_id":390,"taxonomy":"donde","description":"","parent":0,"count":57,"filter":"raw","term_order":"0"},{"term_id":1614,"name":"Thermal Energy for Sustainability","slug":"en_thermal-energy-for-sustainability","term_group":0,"term_taxonomy_id":1614,"taxonomy":"donde","description":"","parent":0,"count":7,"filter":"raw","term_order":"0"}],"infraestructura":[],"ods":[{"term_id":2231,"name":"Acci\u00f3n por el Clima","slug":"accion-por-el-clima","term_group":0,"term_taxonomy_id":2231,"taxonomy":"ods","description":"","parent":0,"count":67,"filter":"raw","term_order":"0"},{"term_id":2255,"name":"Energ\u00eda Asequible y no Contaminante","slug":"energia-asequible-y-no-contaminante","term_group":0,"term_taxonomy_id":2255,"taxonomy":"ods","description":"","parent":0,"count":34,"filter":"raw","term_order":"0"}],"origen":[{"term_id":192,"name":"Soluciones tecnol\u00f3gicas","slug":"soluciones-tecnologicas","term_group":0,"term_taxonomy_id":192,"taxonomy":"origen","description":"","parent":0,"count":278,"filter":"raw","term_order":"0"}],"familia_tax":false,"quien_tax":false,"donde_tax":false,"year":"2020-01-01","contacto":"ETSI Industriales - UPM, c\/ Jos\u00e9 Guti\u00e9rrez Abascal, 2, 28006, Madrid","telefono":"910676734","pagina_web":"https:\/\/www.etsii.upm.es\/","email":"abanades@etsii.upm.es","id_ficha_portal":"116","video":"https:\/\/youtu.be\/caxwx7o2v10","adjuntos":false,"adjuntos_portal":"","inf":false,"departamento":"","acf":[],"lang":"es","translation":{"es":11324,"en":11326},"_links":{"self":[{"href":"https:\/\/www.upm.es\/recursosidi\/wp-json\/wp\/v2\/product\/11324"}],"collection":[{"href":"https:\/\/www.upm.es\/recursosidi\/wp-json\/wp\/v2\/product"}],"about":[{"href":"https:\/\/www.upm.es\/recursosidi\/wp-json\/wp\/v2\/types\/product"}],"wp:featuredmedia":[{"embeddable":true,"href":"https:\/\/www.upm.es\/recursosidi\/wp-json\/wp\/v2\/media\/11323"}],"wp:attachment":[{"href":"https:\/\/www.upm.es\/recursosidi\/wp-json\/wp\/v2\/media?parent=11324"}],"wp:term":[{"taxonomy":"product_cat","embeddable":true,"href":"https:\/\/www.upm.es\/recursosidi\/wp-json\/wp\/v2\/product_cat?post=11324"},{"taxonomy":"product_tag","embeddable":true,"href":"https:\/\/www.upm.es\/recursosidi\/wp-json\/wp\/v2\/product_tag?post=11324"},{"taxonomy":"comunidad_upm","embeddable":true,"href":"https:\/\/www.upm.es\/recursosidi\/wp-json\/wp\/v2\/comunidades-upm?post=11324"},{"taxonomy":"quien","embeddable":true,"href":"https:\/\/www.upm.es\/recursosidi\/wp-json\/wp\/v2\/quien?post=11324"},{"taxonomy":"mapa","embeddable":true,"href":"https:\/\/www.upm.es\/recursosidi\/wp-json\/wp\/v2\/mapa?post=11324"},{"taxonomy":"disponibilidad","embeddable":true,"href":"https:\/\/www.upm.es\/recursosidi\/wp-json\/wp\/v2\/disponibilidad?post=11324"},{"taxonomy":"donde","embeddable":true,"href":"https:\/\/www.upm.es\/recursosidi\/wp-json\/wp\/v2\/donde?post=11324"},{"taxonomy":"infraestructura","embeddable":true,"href":"https:\/\/www.upm.es\/recursosidi\/wp-json\/wp\/v2\/infraestructura?post=11324"},{"taxonomy":"ods","embeddable":true,"href":"https:\/\/www.upm.es\/recursosidi\/wp-json\/wp\/v2\/ods?post=11324"},{"taxonomy":"origen","embeddable":true,"href":"https:\/\/www.upm.es\/recursosidi\/wp-json\/wp\/v2\/origen?post=11324"}],"curies":[{"name":"wp","href":"https:\/\/api.w.org\/{rel}","templated":true}]}}