{"id":11369,"date":"2022-10-27T13:44:21","date_gmt":"2022-10-27T11:44:21","guid":{"rendered":"https:\/\/www.upm.es\/recursosidi\/offers-resources\/sin categor\u00eda\/emip-biochips\/"},"modified":"2022-10-27T13:44:31","modified_gmt":"2022-10-27T11:44:31","slug":"emip-biochips","status":"publish","type":"product","link":"https:\/\/www.upm.es\/recursosidi\/offers-resources\/soluciones-tecnologicas\/emip-biochips\/","title":{"rendered":"eMIP (biochips)"},"content":{"rendered":"<h4 style=\"text-align: left\"><strong>Descripci&oacute;n breve conjunta de la soluci&oacute;n y valor a&ntilde;adido que aporta <\/strong><\/h4>\n<p style=\"text-align: justify\">La <a title=\"UPM\" href=\"http:\/\/www.upm.es\/institucional\" target=\"_blank\" rel=\"noopener\">Universidad Polit&eacute;cnica de Madrid<\/a> y la <a title=\"UCM\" href=\"http:\/\/www.ucm.es\/\" target=\"_blank\" rel=\"noopener\">Universidad Complutense de Madrid<\/a> han desarrollado eMIP, una t&eacute;cnica de no-contacto que permite la fabricaci&oacute;n a escala nanom&eacute;trica de pol&iacute;meros de impronta molecular o MIPs. Este m&eacute;todo de s&iacute;ntesis permite el dise&ntilde;o de &ldquo;arrays&rdquo; (matrices) de MIPs para la detecci&oacute;n simult&aacute;nea de m&uacute;ltiples sustancias (bio)qu&iacute;micas. Su tama&ntilde;o nanom&eacute;trico ofrece una mayor sensibilidad por lo que se requerir&aacute;n menores vol&uacute;menes de muestras (analitos) y de potencia de funcionamiento. Adem&aacute;s, al tratarse de una t&eacute;cnica de no contacto, se evita contaminar el material MIP como sucede en otras t&eacute;cnicas de estructuraci&oacute;n de MIPs, tales como la impresi&oacute;n por moldes.<\/p>\n<p style=\"text-align: justify\">Desde el punto de vista social, el uso de biochips y bioetiquetas inteligentes fabricados mediante este m&eacute;todo, permitir&aacute; que no se requieran estrictas condiciones de conservaci&oacute;n, haciendo accesible esta innovaci&oacute;n a las sociedades menos desarrolladas y de menor poder adquisitivo.<\/p>\n<h4 style=\"text-align: left\"><strong>Descripci&oacute;n de la base tecnol&oacute;gica<\/strong><\/h4>\n<p style=\"text-align: justify\">T&eacute;cnica de no-contacto de fabricaci&oacute;n de nanoestructuras de MIPs, a trav&eacute;s de un sistema de escritura directa, resolviendo el problema t&eacute;cnico de contaminaci&oacute;n del material polim&eacute;rico que resulta de la utilizaci&oacute;n de otras t&eacute;cnicas (&ldquo;nanoimprinting&rdquo;).&nbsp;A diferencia de otras t&eacute;cnicas, que emplean radiaci&oacute;n electromagn&eacute;tica, la soluci&oacute;n propuesta se basa en la irradiaci&oacute;n del material circundante de los nanopatrones permitiendo que el nanopatr&oacute;n no irradiado (y por tanto, no da&ntilde;ado) act&uacute;e como MIP.<\/p>\n<p style=\"text-align: justify\">Su tama&ntilde;o nanom&eacute;trico permite su empleo en el an&aacute;lisis de vol&uacute;menes reducidos de muestra, con el consiguiente ahorro. Adem&aacute;s, es posible la detecci&oacute;n simult&aacute;nea de varios analitos empleando &ldquo;arrays&rdquo; (matrices de MIPs). La t&eacute;cnica permite sintetizar MIPsnanoestructurados a medida, tanto en lo referente a las dimensiones del material, como a su capacidad para reconocer un determinado compuesto qu&iacute;mico.<\/p>\n<p style=\"text-align: center\"><em><span style=\"font-family: 'trebuchet ms', geneva;font-size: small\">&#8220;eMIP, como m&eacute;todo de s&iacute;ntesis, permite el dise&ntilde;o de &lsquo;arrays&rsquo; (matrices) de MIPs para la detecci&oacute;n simult&aacute;nea de m&uacute;ltiples sustancias (bio)qu&iacute;micas&#8221;<\/span><\/em><\/p>\n<p style=\"text-align: center\"><em><strong><span style=\"font-size: small\">&nbsp;<\/span><\/strong><\/em><\/p>\n<h4 style=\"text-align: left\"><strong>Necesidades de negocio \/ aplicaci&oacute;n<\/strong><\/h4>\n<p style=\"text-align: justify\"><strong>Sector alimentario<\/strong><\/p>\n<ul>\n<li style=\"text-align: justify\">\n<p>Seguridad alimentaria: la legislaci&oacute;n sobre seguridad alimentaria es cada vez m&aacute;s estricta por lo tanto son necesarios m&eacute;todos anal&iacute;ticos que permitan la detecci&oacute;n de contaminantes incluso a niveles de concentraci&oacute;n muy bajos.<\/p>\n<\/li>\n<\/ul>\n<p style=\"text-align: justify\"><strong>Seguridad<\/strong><\/p>\n<ul>\n<li style=\"text-align: justify\">\n<p style=\"text-align: justify\">Falsificaci&oacute;n de marcas: la Comisi&oacute;n Internacional Anti-falsificaciones estima que el volumen del comercio mundial de falsificaciones podr&iacute;a situarse entre el 5 % y el 7 %. El etiquetado inteligente se posiciona como soluci&oacute;n a esta problem&aacute;tica.<\/p>\n<\/li>\n<li style=\"text-align: justify\">\n<p style=\"text-align: justify\">Detecci&oacute;n de sustancias prohibidas y\/o t&oacute;xicas: la globalizaci&oacute;n supone un movimiento de mercanc&iacute;as a gran escala entre pa&iacute;ses con diferentes normativas en cuento a sustancias t&oacute;xicas. La detecci&oacute;n de estas sustancias es por tanto esencial y no siempre factible debido a la carencia de sustancias biol&oacute;gicas sensibles a dichas sustancias.<\/p>\n<\/li>\n<\/ul>\n<h4 style=\"text-align: left\"><strong>Ventajas competitivas<\/strong><\/h4>\n<div class=\"O1\">\n<ul>\n<li>\n<p style=\"text-align: justify\">Doble sistema de seguridad basado en la especificidad del m&eacute;todo de fabricaci&oacute;n de los motivos nanom&eacute;tricos y la selectividad qu&iacute;mica del propio material MIP. Caracter&iacute;sticas que permiten generar etiquetas o c&oacute;digos fabricados que dificultan notablemente cualquier intento de falsificaci&oacute;n.<\/p>\n<\/li>\n<li style=\"text-align: justify\">\n<p>La posibilidad de sintetizar MIPs nanoestructurados a medida de la aplicaci&oacute;n concreta, tanto en lo referente a dimensiones del material como a su capacidad de reconocer un determinado compuesto qu&iacute;mico. Esto soluciona la falta de sustancias biol&oacute;gicas sensibles a sustancias de inter&eacute;s.<\/p>\n<\/li>\n<li>\n<p style=\"text-align: justify\">T&eacute;cnica de no contacto, evit&aacute;ndose la contaminaci&oacute;n del material MIP. Esto constituye una ventaja fundamental frente a t&eacute;cnicas de nano-impresi&oacute;n.<\/p>\n<\/li>\n<\/ul>\n<p style=\"text-align: center\"><span style=\"font-family: 'trebuchet ms', geneva\"><em><span style=\"font-size: small\">&ldquo;eMIP ofrece un sistema doble&nbsp; de defensa&nbsp; frente&nbsp; a intentos de reproducci&oacute;n fraudulenta de etiquetas gracias a la especificidad de la t&eacute;cnica de nanofabricaci&oacute;n y selectividad qu&iacute;mica del material&ldquo;<\/span><\/em><\/span><\/p>\n<\/div>\n<h4 style=\"text-align: left\">&nbsp;<\/h4>\n<h4 style=\"text-align: left\"><strong>Referencias<\/strong><\/h4>\n<p style=\"text-align: justify\">Equipo multidisciplinar e interuniversitario especializado en nanotecnolog&iacute;a, nanofot&oacute;nica y nanomateriales funcionales y en MIPs y biosensores &oacute;pticos.<\/p>\n<h4 style=\"text-align: left\"><strong>Protecci&oacute;n industrial<\/strong><\/h4>\n<p style=\"text-align: justify\">Patente concedida en Espa&ntilde;a ES2525769B2.<\/p>\n<h4 style=\"text-align: left\"><strong>Grado de desarrollo<\/strong><\/h4>\n<ul>\n<li>\n<p>Concepto<\/p>\n<\/li>\n<li>\n<p>Investigaci&oacute;n<\/p>\n<\/li>\n<li>\n<p><span style=\"text-decoration: underline\"><strong>Prototipo Lab<\/strong><\/span><\/p>\n<\/li>\n<li>\n<p>Prototipo industrial<\/p>\n<\/li>\n<li>\n<p>Producci&oacute;n<\/p>\n<\/li>\n<\/ul>\n<h4 style=\"text-align: left\"><strong>Contacto<\/strong><\/h4>\n<p><strong>Contacto eMIP<\/strong><\/p>\n<p>Carlos Angulo Barrios<\/p>\n<p>Instituto de Sistemas Optoelectr&oacute;nicos y Microtecnolog&iacute;a, ISOM-UPM<\/p>\n<p>e: <span rel=\"7531213098310c31aa311531af31203176312331be313731c6313131c431263092310e31ab312931c2312e31af310c30bb313031a131113099313c31\" class=\"cryptex \" style=\"\"><span class=\"CryptexImg ctxM_uxWoaL9fBwwzf_W5GWNf_QsZo4prOGHCiVaw9sB1c\"><\/span><\/span><\/p>\n<p><strong>Contacto UPM<\/strong><\/p>\n<p>Programas de Innovaci&oacute;n y Emprendimiento<\/p>\n<p>Centro de Apoyo a la Innovaci&oacute;n Tecnol&oacute;gica&nbsp; &ndash; UPM&nbsp;<\/p>\n<p>e: <span rel=\"753121309e311931a6311831b6310e31ab312b31bf313e317f313931ba310f319e311c31a5312631c03128319f31153186313531a4312e3162312e31b631\" class=\"cryptex \" style=\"\"><span class=\"CryptexImg ctxR7neImVV1tJoTSyttUGBAuiESKXKLLyzTwJSN1lk9Z0\"><\/span><\/span><\/p>\n<div class=\"pdfprnt-buttons pdfprnt-buttons-product pdfprnt-bottom-left\"><a href=\"https:\/\/www.upm.es\/recursosidi\/wp-json\/wp\/v2\/product\/11369?print=pdf\" class=\"pdfprnt-button pdfprnt-button-pdf\" target=\"_blank\"><span class=\"pdfprnt-button-title pdfprnt-button-pdf-title\">Descargar ficha<\/span><\/a><\/div>","protected":false},"excerpt":{"rendered":"<p>Nuevo m\u00e9todo para fabricar biochips, basados en MIPs a escala nanom\u00e9trica.<\/p>\n<p>Fabricaci\u00f3n de patrones de MIPs en pel\u00edcula fina con motivos micro y nanom\u00e9tricos mediante t\u00e9cnicas convencionales de micro y nanofabricaci\u00f3n.<\/p>\n","protected":false},"featured_media":11367,"template":"","meta":{"_acf_changed":false},"product_cat":[2384],"product_tag":[2427,159],"comunidades-upm":[],"quien":[],"mapa":[{"term_id":137,"name":"Bioeconom\u00eda, Biotecnolog\u00eda y Sistemas Alimentarios","slug":"bioeconomia-biotecnologia-sistemas_alimentarios","term_group":0,"term_taxonomy_id":137,"taxonomy":"mapa","description":"","parent":0,"count":45,"filter":"raw","term_order":"6"},{"term_id":122,"name":"Salud y bienestar","slug":"salud-y-bienestar","term_group":0,"term_taxonomy_id":122,"taxonomy":"mapa","description":"","parent":0,"count":105,"filter":"raw","term_order":"17"},{"term_id":130,"name":"Seguridad, defensa y resiliencia","slug":"seguridad-defensa-resiliencia","term_group":0,"term_taxonomy_id":130,"taxonomy":"mapa","description":"","parent":0,"count":26,"filter":"raw","term_order":"20"}],"disponibilidad":[{"term_id":205,"name":"Consultar disponibilidad","slug":"consultar","term_group":0,"term_taxonomy_id":205,"taxonomy":"disponibilidad","description":"","parent":0,"count":290,"filter":"raw","term_order":"0"}],"donde":[{"term_id":442,"name":"Grupo de Dispositivos Semiconductores del ISOM","slug":"grupo-de-dispositivos-semiconductores-del-isom","term_group":0,"term_taxonomy_id":442,"taxonomy":"donde","description":"L&iacute;neas de investigaci&oacute;n e innovaci&oacute;n:  \n\n<strong>OPTOELECTR&Oacute;NICA: <\/strong>L&aacute;seres. Matrices de nanoLEDs. Micro y nanocavidades. C&eacute;lulas solares. MOEMS.\n\n\n<strong>SISTEMAS CON SENSORES &Oacute;PTICOS: <\/strong>Fotodetecci&oacute;n de UV y VIS. Fotodetecci&oacute;n multiespectral en el IR. Sensores basados en heterouniones. Nanofot&oacute;nica integrada.\n\n\n<strong>MICROSISTEMAS Y NANOTECNOLOG&Iacute;A: <\/strong>Transistores HEMT. NanoFETs. Dispositivos de ondas ac&uacute;sticas. Micro\/nanosistemas electr&oacute;mec&aacute;nicos (MEMS y NEMS). Efectos plasm&oacute;nicos. Dispositivos &nbsp;de grafeno.\n\n\n<strong>SIMULACI&Oacute;N DE MATERIALES NO MET&Aacute;LICOS: <\/strong>Simulaci&oacute;n de materiales. Monte Carlo. Materiales nanoestructurados\n\n&nbsp;","parent":0,"count":28,"filter":"raw","term_order":"0"},{"term_id":244,"name":"Instituto Universitario de Sistemas Optoelectr\u00f3nicos y Microtecnolog\u00eda (ISOM)","slug":"instituto-universitario-de-sistemas-optoelectronicos-y-microtecnologia-isom","term_group":0,"term_taxonomy_id":244,"taxonomy":"donde","description":"","parent":0,"count":33,"filter":"raw","term_order":"0"},{"term_id":1666,"name":"ISOM Semiconductor Devices Group","slug":"en_isom-semiconductor-devices-group","term_group":0,"term_taxonomy_id":1666,"taxonomy":"donde","description":"L&iacute;neas de investigaci&oacute;n e innovaci&oacute;n:  \n\n<strong>OPTOELECTR&Oacute;NICA: <\/strong>L&aacute;seres. Matrices de nanoLEDs. Micro y nanocavidades. C&eacute;lulas solares. MOEMS.\n\n\n<strong>SISTEMAS CON SENSORES &Oacute;PTICOS: <\/strong>Fotodetecci&oacute;n de UV y VIS. Fotodetecci&oacute;n multiespectral en el IR. Sensores basados en heterouniones. Nanofot&oacute;nica integrada.\n\n\n<strong>MICROSISTEMAS Y NANOTECNOLOG&Iacute;A: <\/strong>Transistores HEMT. NanoFETs. Dispositivos de ondas ac&uacute;sticas. Micro\/nanosistemas electr&oacute;mec&aacute;nicos (MEMS y NEMS). Efectos plasm&oacute;nicos. Dispositivos &nbsp;de grafeno.\n\n\n<strong>SIMULACI&Oacute;N DE MATERIALES NO MET&Aacute;LICOS: <\/strong>Simulaci&oacute;n de materiales. Monte Carlo. Materiales nanoestructurados\n\n&nbsp;","parent":0,"count":28,"filter":"raw","term_order":"0"},{"term_id":1468,"name":"University Optoelectronics and Microtechnology Systems Institute","slug":"en_university-optoelectronics-and-microtechnology-systems-institute","term_group":0,"term_taxonomy_id":1468,"taxonomy":"donde","description":"","parent":0,"count":29,"filter":"raw","term_order":"0"}],"infraestructura":[],"ods":[{"term_id":2247,"name":"Industria, Innovaci\u00f3n e Infraestructura","slug":"industria-innovacion-e-infraestructura","term_group":0,"term_taxonomy_id":2247,"taxonomy":"ods","description":"","parent":0,"count":171,"filter":"raw","term_order":"0"},{"term_id":2271,"name":"Salud y Bienestar","slug":"salud-y-bienestar","term_group":0,"term_taxonomy_id":2271,"taxonomy":"ods","description":"","parent":0,"count":59,"filter":"raw","term_order":"0"}],"origen":[{"term_id":192,"name":"Soluciones tecnol\u00f3gicas","slug":"soluciones-tecnologicas","term_group":0,"term_taxonomy_id":192,"taxonomy":"origen","description":"","parent":0,"count":278,"filter":"raw","term_order":"0"}],"familia_tax":false,"quien_tax":false,"donde_tax":false,"year":"2020-01-01","contacto":"ISOM, ETSI de Telecomunicac\u00f3n - UPM, Avenida  Complutense, 30, Ciudad Universitaria, 28040, Madrid","telefono":"910672573","pagina_web":"http:\/\/www.isom.upm.es\/","email":"carlos.angulo.barrios@upm.es","id_ficha_portal":"17","video":"","adjuntos":false,"adjuntos_portal":"","inf":false,"departamento":"","acf":[],"lang":"es","translation":{"es":11369,"en":11372},"_links":{"self":[{"href":"https:\/\/www.upm.es\/recursosidi\/wp-json\/wp\/v2\/product\/11369"}],"collection":[{"href":"https:\/\/www.upm.es\/recursosidi\/wp-json\/wp\/v2\/product"}],"about":[{"href":"https:\/\/www.upm.es\/recursosidi\/wp-json\/wp\/v2\/types\/product"}],"wp:featuredmedia":[{"embeddable":true,"href":"https:\/\/www.upm.es\/recursosidi\/wp-json\/wp\/v2\/media\/11367"}],"wp:attachment":[{"href":"https:\/\/www.upm.es\/recursosidi\/wp-json\/wp\/v2\/media?parent=11369"}],"wp:term":[{"taxonomy":"product_cat","embeddable":true,"href":"https:\/\/www.upm.es\/recursosidi\/wp-json\/wp\/v2\/product_cat?post=11369"},{"taxonomy":"product_tag","embeddable":true,"href":"https:\/\/www.upm.es\/recursosidi\/wp-json\/wp\/v2\/product_tag?post=11369"},{"taxonomy":"comunidad_upm","embeddable":true,"href":"https:\/\/www.upm.es\/recursosidi\/wp-json\/wp\/v2\/comunidades-upm?post=11369"},{"taxonomy":"quien","embeddable":true,"href":"https:\/\/www.upm.es\/recursosidi\/wp-json\/wp\/v2\/quien?post=11369"},{"taxonomy":"mapa","embeddable":true,"href":"https:\/\/www.upm.es\/recursosidi\/wp-json\/wp\/v2\/mapa?post=11369"},{"taxonomy":"disponibilidad","embeddable":true,"href":"https:\/\/www.upm.es\/recursosidi\/wp-json\/wp\/v2\/disponibilidad?post=11369"},{"taxonomy":"donde","embeddable":true,"href":"https:\/\/www.upm.es\/recursosidi\/wp-json\/wp\/v2\/donde?post=11369"},{"taxonomy":"infraestructura","embeddable":true,"href":"https:\/\/www.upm.es\/recursosidi\/wp-json\/wp\/v2\/infraestructura?post=11369"},{"taxonomy":"ods","embeddable":true,"href":"https:\/\/www.upm.es\/recursosidi\/wp-json\/wp\/v2\/ods?post=11369"},{"taxonomy":"origen","embeddable":true,"href":"https:\/\/www.upm.es\/recursosidi\/wp-json\/wp\/v2\/origen?post=11369"}],"curies":[{"name":"wp","href":"https:\/\/api.w.org\/{rel}","templated":true}]}}