{"id":11374,"date":"2022-10-27T14:08:51","date_gmt":"2022-10-27T12:08:51","guid":{"rendered":"https:\/\/www.upm.es\/recursosidi\/offers-resources\/sin categor\u00eda\/escam-electronic-scanning-antenna-for-millimeter-wave-apps\/"},"modified":"2022-10-27T14:08:57","modified_gmt":"2022-10-27T12:08:57","slug":"escam-electronic-scanning-antenna-for-millimeter-wave-apps","status":"publish","type":"product","link":"https:\/\/www.upm.es\/recursosidi\/offers-resources\/soluciones-tecnologicas\/escam-electronic-scanning-antenna-for-millimeter-wave-apps\/","title":{"rendered":"ESCAM (Electronic Scanning Antenna for Millimeter-Wave Apps)"},"content":{"rendered":"<h4 style=\"text-align: left\"><strong>Descripci&oacute;n breve conjunta de la soluci&oacute;n y valor a&ntilde;adido que aporta <\/strong><\/h4>\n<p style=\"text-align: justify\">ESCAM (<em>Electronic Scanning Antenna for Millimeter-wave applications<\/em>) es una soluci&oacute;n de bajo coste que proporciona un barrido o reconfiguraci&oacute;n electr&oacute;nica del haz a frecuencias superiores a 100 GHz, como una alternativa al barrido mec&aacute;nico, para ciertas aplicaciones en comunicaciones, radar, reconstrucci&oacute;n de im&aacute;genes en sistemas de seguridad y en misiones cient&iacute;ficas de estudio de la atmosfera desde el espacio.<\/p>\n<p style=\"text-align: justify\">Esta invenci&oacute;n proporciona una soluci&oacute;n tecnol&oacute;gica de bajo coste y alta fiabilidad mediante antenas basados en cristales l&iacute;quidos para proporcionar&nbsp; barrido o reconfiguraci&oacute;n electr&oacute;nica del haz de ondas milim&eacute;tricas y rangos de Terahercios. La invenci&oacute;n mejora las prestaciones de la antena mediante el uso de celdas multi-resonantes en una o dos capas de cristal l&iacute;quido. En la actualidad, no hay ninguna tecnolog&iacute;a disponible que proporcione barrido electr&oacute;nico a frecuencias superiores a 100 GHz. Las principales ventajas de esta nueva tecnolog&iacute;a en comparaci&oacute;n con las antenas de barrido mec&aacute;nico utilizando motores son: bajo coste, mayor fiabilidad y bajo consumo de energ&iacute;a.<\/p>\n<h4 style=\"text-align: left\"><strong>Descripci&oacute;n de la base tecnol&oacute;gica<\/strong><\/h4>\n<p style=\"text-align: justify\"><span style=\"font-size: small\"><img fetchpriority=\"high\" decoding=\"async\" style=\"margin-left: 5px;margin-right: 5px;float: left\" title=\"ESCAM\" src=\"http:\/\/www.upm.es\/observatorio\/vi\/gestor_general\/recuperar_archivo.jsp?id=462\" alt=\"antena reflectarray, barrido del haz, antena, 100 GHz\" width=\"354\" height=\"226\" \/><\/span>Para ciertas aplicaciones ser&iacute;a deseable poder realizar un barrido electr&oacute;nico del haz a frecuencias superiores a los 100 GHz. Los demostraciones anteriores de antenas de barrido basados en cristal l&iacute;quido (LC) utilizaban como desfasador un solo elemento resonante sobre una capa de cristal l&iacute;quido (LC). Dicha configuraci&oacute;n tiene grandes limitaciones en ancho de banda, rango de fase y p&eacute;rdidas, que la hacen inapropiada para aplicaciones pr&aacute;cticas.<\/p>\n<p style=\"text-align: justify\">ESCAM resuelve los problemas mencionados anteriormente utilizando celdas multi-resonantes que proporcionan una mejora en el rango de fase, ancho de banda y p&eacute;rdidas. Las resonancias m&uacute;ltiples se pueden implementar en cada c&eacute;lda desfasadora mediante 3 dipolos paralelos, donde las longitudes de cada dipolo est&aacute;n optimizadas para mejorar el ancho de banda y el rango de fase. Otra alternativa es el uso de dos capas de LC para una mejora adicional de las prestaciones de&nbsp; la antena.<\/p>\n<p style=\"text-align: center\"><em><span style=\"font-size: small\">&ldquo;Desarrollo de antenas de bajo coste basadas en cristal l&iacute;quido para proporcionar barridos de haz electr&oacute;nico en ondas milim&eacute;tricas y en THz&rdquo;<\/span><\/em><\/p>\n<h4>&nbsp;<\/h4>\n<h4 style=\"text-align: left\"><strong>Necesidades de negocio \/ aplicaci&oacute;n<\/strong><\/h4>\n<p><strong>Espacio<\/strong><\/p>\n<ul>\n<li>\n<p style=\"text-align: justify\">En el estudio de la atmosfera desde el espacio, la antena propuesta de barrido electr&oacute;nico en ondas milim&eacute;tricas y THz se presenta como una alternativa a los sistemas mec&aacute;nicos que usan motores, los cuales requieren de una lubricaci&oacute;n especial para estar operativos durante muchos a&ntilde;os.<\/p>\n<\/li>\n<li style=\"text-align: justify\">\n<p>&nbsp;La industria espacial necesita de tecnolog&iacute;as que permitan la investigaci&oacute;n en diferentes campos y rangos de frecuencia.<\/p>\n<\/li>\n<li>\n<p style=\"text-align: justify\">Debido al alto coste que supone el orbitar un sat&eacute;lite, tecnolog&iacute;as de bajo coste y peso son cruciales y altamente demandadas.<\/p>\n<\/li>\n<\/ul>\n<p><strong>Seguridad<\/strong><\/p>\n<ul>\n<li>\n<p>Despu&eacute;s de los hechos producidos el 11-S,tanto las agencias como el mercado de seguridad est&aacute;n buscando continuamente por nuevas tecnolog&iacute;as que mejoren la detecci&oacute;n de armas y explosivos.<\/p>\n<\/li>\n<li>\n<p>En los &uacute;ltimos a&ntilde;os se han promulgado y aprobado un amplio rango de leyes en cuestiones de privacidad del individuo, siendo los radares en el rango de bandas de frecuencia submilim&eacute;trica un paso importante para poder cumplir con esta ley y asegurar la detecci&oacute;n de armas y explosivos, ya que permite los controles de seguridad sin llegar a la intrusi&oacute;n personal.<\/p>\n<\/li>\n<\/ul>\n<p><strong>TIC, sistemas embebidos para comunicaciones<\/strong><\/p>\n<ul>\n<li>\n<p style=\"text-align: justify\">La comunicaci&oacute;n de ultra banda ancha es un mercado incipiente. Esta tecnolog&iacute;a permite una alta transferencia de datos y es perfecto para entornos sensibles a las radio frecuencias, tanto en interior como exterior.<\/p>\n<\/li>\n<\/ul>\n<h4 style=\"text-align: left\"><strong>Ventajas competitivas<\/strong><\/h4>\n<ul>\n<li>\n<p style=\"text-align: justify\">La tecnolog&iacute;a propuesta provee una soluci&oacute;n de bajo coste y alta fiabilidad para antenas de barrido electr&oacute;nico a frecuencias en el rango de las ondas milim&eacute;tricas y THz como una alternativa a las antenas de&nbsp; barrido mec&aacute;nico que usan motores.<\/p>\n<\/li>\n<li style=\"text-align: justify\">\n<p>El coste de ESCAM es mucho menor que el coste de sistemas de barrido mec&aacute;nico complejos (al menos una cuarta parte).<\/p>\n<\/li>\n<li style=\"text-align: justify\">\n<p>Actualmente no est&aacute; disponible ninguna tecnolog&iacute;a que permita un barrido electr&oacute;nico de haz a frecuencias superiores a 100 GHz.<\/p>\n<\/li>\n<li style=\"text-align: justify\">\n<p>El consumo de energ&iacute;a en el sistema propuesto de barrido electr&oacute;nico de haz es muy bajo, al menos una d&eacute;cima parte del consumo en sistemas mec&aacute;nicos.<\/p>\n<\/li>\n<li>\n<p style=\"text-align: justify\">Permite la obtenci&oacute;n de im&aacute;genes en tiempo real de bajo coste para la detecci&oacute;n de armas y explosivos.<\/p>\n<\/li>\n<\/ul>\n<p style=\"text-align: center\"><span style=\"font-size: small\"><img decoding=\"async\" title=\"ESCAM\" src=\"http:\/\/www.upm.es\/observatorio\/vi\/gestor_general\/recuperar_archivo.jsp?id=459\" alt=\"antena reflectarray, barrido del haz, antena, 100 GHz\" width=\"307\" height=\"204\" \/><img decoding=\"async\" title=\"ESCAM\" src=\"http:\/\/www.upm.es\/observatorio\/vi\/gestor_general\/recuperar_archivo.jsp?id=461\" alt=\"antena reflectarray, barrido del haz, antena, 100 GHz\" width=\"266\" height=\"210\" \/><\/span><\/p>\n<p style=\"text-align: center\">&nbsp;<\/p>\n<h4 style=\"text-align: left\"><strong>Referencias<\/strong><\/h4>\n<p style=\"text-align: justify\">Esta invenci&oacute;n ha sido desarrollada con la financiaci&oacute;n del Gobierno espa&ntilde;ol (CICYT) y de la ESA. Una referencia de la ESA al respecto es: &ldquo;<em>Este enfoque puede utilizarse para crear una nueva clase de sistemas totalmente integrados con control electr&oacute;nico de la antena, sensores inteligentes y sintonizables FSS para los instrumentos de observaci&oacute;n cient&iacute;fica en el espacio en frecuencias de ondas milim&eacute;tricas y de THz<\/em>&#8220;.<\/p>\n<h4 style=\"text-align: left\"><strong>Protecci&oacute;n industrial<\/strong><\/h4>\n<p style=\"text-align: justify\">Patente concedida en Espa&ntilde;a ES2388213.<\/p>\n<h4 style=\"text-align: left\"><strong>Grado de desarrollo<\/strong><\/h4>\n<ul>\n<li>\n<p>Concepto<\/p>\n<\/li>\n<li>\n<p>Investigaci&oacute;n<\/p>\n<\/li>\n<li>\n<p><span style=\"text-decoration: underline\"><strong>Prototipo Lab<\/strong><\/span><\/p>\n<\/li>\n<li>\n<p>Prototipo industrial<\/p>\n<\/li>\n<li>\n<p>Producci&oacute;n<\/p>\n<\/li>\n<\/ul>\n<h4 style=\"text-align: left\"><strong>Contacto<\/strong><\/h4>\n<p><strong><span lang=\"EN-US\">Contacto&nbsp; ESCAM<\/span><\/strong><\/p>\n<p>J.A. Encinar, G. P&eacute;rez-Palomino,&nbsp; M. Barba,&nbsp; X. Quintana, M. Andreas,&nbsp; J.M. Oton, A. Broquetas, J. Abril, E. Novae<\/p>\n<p>e: <span rel=\"63311230bc312c31b9312f3173311331b1311b31b7312931b831223174312d31c731363180312931a731\" class=\"cryptex \" style=\"\"><span class=\"CryptexImg ctxhXdSghu6v2lgldr5V0U594tYJ7yp88Pz6LU1Dn87t-4\"><\/span><\/span>; e: <span rel=\"63311230ca311e31a831333185312231a93127317c313031c7311d3162311d31ca31\" class=\"cryptex \" style=\"\"><span class=\"CryptexImg ctxfh6UPQViGMf3CxgtNOON3qyc_4dLi-N8IMwHK_KkEa4\"><\/span><\/span><\/p>\n<p><strong>Contacto UPM<\/strong><\/p>\n<p>Programas de Innovaci&oacute;n y Emprendimiento<\/p>\n<p>Centro de Apoyo a la Innovaci&oacute;n Tecnol&oacute;gica &ndash; UPM<\/p>\n<p>e: <span rel=\"63311230bb312b31b4313931bb310f31a6312131bd3129318531243199311b31c5313831be3133319b312131a1312e3191313c31ac3126317d312131bc31\" class=\"cryptex \" style=\"\"><span class=\"CryptexImg ctxR7neImVV1tJoTSyttUGBAuiESKXKLLyzTwJSN1lk9Z0\"><\/span><\/span><\/p>\n<div class=\"pdfprnt-buttons pdfprnt-buttons-product pdfprnt-bottom-left\"><a href=\"https:\/\/www.upm.es\/recursosidi\/wp-json\/wp\/v2\/product\/11374?print=pdf\" class=\"pdfprnt-button pdfprnt-button-pdf\" target=\"_blank\"><span class=\"pdfprnt-button-title pdfprnt-button-pdf-title\">Descargar ficha<\/span><\/a><\/div>","protected":false},"excerpt":{"rendered":"<p>Una alternativa al barrido mec\u00e1nico en ondas milim\u00e9tricas.<\/p>\n<p>Antena del tipo reflectarray basada en celdas de cristal l\u00edquido para barrido electr\u00f3nico en aplicaciones de ondas milim\u00e9tricas.<\/p>\n","protected":false},"featured_media":11373,"template":"","meta":{"_acf_changed":false},"product_cat":[2384],"product_tag":[2451,2433,2286],"comunidades-upm":[],"quien":[],"mapa":[{"term_id":128,"name":"Espacio y Observaci\u00f3n de la Tierra","slug":"espacio-observacion_tierra","term_group":0,"term_taxonomy_id":128,"taxonomy":"mapa","description":"","parent":0,"count":19,"filter":"raw","term_order":"12"},{"term_id":130,"name":"Seguridad, defensa y resiliencia","slug":"seguridad-defensa-resiliencia","term_group":0,"term_taxonomy_id":130,"taxonomy":"mapa","description":"","parent":0,"count":26,"filter":"raw","term_order":"20"},{"term_id":126,"name":"Tecnolog\u00edas digitales, Inteligencia Artificial, ciberseguridad, 5G, rob\u00f3tica","slug":"tecnologias_digitales-ai-ciberseguridad-5g-robotica","term_group":0,"term_taxonomy_id":126,"taxonomy":"mapa","description":"","parent":0,"count":194,"filter":"raw","term_order":"23"}],"disponibilidad":[{"term_id":205,"name":"Consultar disponibilidad","slug":"consultar","term_group":0,"term_taxonomy_id":205,"taxonomy":"disponibilidad","description":"","parent":0,"count":290,"filter":"raw","term_order":"0"}],"donde":[{"term_id":1836,"name":"Applied Electromagnetism Group","slug":"en_applied-electromagnetism-group","term_group":0,"term_taxonomy_id":1836,"taxonomy":"donde","description":"","parent":0,"count":4,"filter":"raw","term_order":"0"},{"term_id":614,"name":"Grupo de Electromagnetismo Aplicado","slug":"grupo-de-electromagnetismo-aplicado","term_group":0,"term_taxonomy_id":614,"taxonomy":"donde","description":"","parent":0,"count":14,"filter":"raw","term_order":"0"},{"term_id":1864,"name":"Information Processing and Telecommunications Center","slug":"en_information-processing-and-telecommunications-center","term_group":0,"term_taxonomy_id":1864,"taxonomy":"donde","description":"","parent":0,"count":32,"filter":"raw","term_order":"0"},{"term_id":642,"name":"Information Processing and Telecommunications Center (IPTC)","slug":"information-processing-and-telecommunications-center-iptc","term_group":0,"term_taxonomy_id":642,"taxonomy":"donde","description":"","parent":0,"count":74,"filter":"raw","term_order":"0"}],"infraestructura":[],"ods":[{"term_id":2247,"name":"Industria, Innovaci\u00f3n e Infraestructura","slug":"industria-innovacion-e-infraestructura","term_group":0,"term_taxonomy_id":2247,"taxonomy":"ods","description":"","parent":0,"count":171,"filter":"raw","term_order":"0"}],"origen":[{"term_id":192,"name":"Soluciones tecnol\u00f3gicas","slug":"soluciones-tecnologicas","term_group":0,"term_taxonomy_id":192,"taxonomy":"origen","description":"","parent":0,"count":278,"filter":"raw","term_order":"0"}],"familia_tax":false,"quien_tax":false,"donde_tax":false,"year":"2020-01-01","contacto":"ETSI de Telecomunicac\u00f3n - UPM, Avenida  Complutense, 30, Ciudad Universitaria, 28040, Madrid","telefono":"910671900","pagina_web":"https:\/\/www.etsit.upm.es\/","email":"jose.encinar@upm.es","id_ficha_portal":"33","video":"","adjuntos":false,"adjuntos_portal":"","inf":false,"departamento":"","acf":[],"lang":"es","translation":{"es":11374,"en":11376},"_links":{"self":[{"href":"https:\/\/www.upm.es\/recursosidi\/wp-json\/wp\/v2\/product\/11374"}],"collection":[{"href":"https:\/\/www.upm.es\/recursosidi\/wp-json\/wp\/v2\/product"}],"about":[{"href":"https:\/\/www.upm.es\/recursosidi\/wp-json\/wp\/v2\/types\/product"}],"wp:featuredmedia":[{"embeddable":true,"href":"https:\/\/www.upm.es\/recursosidi\/wp-json\/wp\/v2\/media\/11373"}],"wp:attachment":[{"href":"https:\/\/www.upm.es\/recursosidi\/wp-json\/wp\/v2\/media?parent=11374"}],"wp:term":[{"taxonomy":"product_cat","embeddable":true,"href":"https:\/\/www.upm.es\/recursosidi\/wp-json\/wp\/v2\/product_cat?post=11374"},{"taxonomy":"product_tag","embeddable":true,"href":"https:\/\/www.upm.es\/recursosidi\/wp-json\/wp\/v2\/product_tag?post=11374"},{"taxonomy":"comunidad_upm","embeddable":true,"href":"https:\/\/www.upm.es\/recursosidi\/wp-json\/wp\/v2\/comunidades-upm?post=11374"},{"taxonomy":"quien","embeddable":true,"href":"https:\/\/www.upm.es\/recursosidi\/wp-json\/wp\/v2\/quien?post=11374"},{"taxonomy":"mapa","embeddable":true,"href":"https:\/\/www.upm.es\/recursosidi\/wp-json\/wp\/v2\/mapa?post=11374"},{"taxonomy":"disponibilidad","embeddable":true,"href":"https:\/\/www.upm.es\/recursosidi\/wp-json\/wp\/v2\/disponibilidad?post=11374"},{"taxonomy":"donde","embeddable":true,"href":"https:\/\/www.upm.es\/recursosidi\/wp-json\/wp\/v2\/donde?post=11374"},{"taxonomy":"infraestructura","embeddable":true,"href":"https:\/\/www.upm.es\/recursosidi\/wp-json\/wp\/v2\/infraestructura?post=11374"},{"taxonomy":"ods","embeddable":true,"href":"https:\/\/www.upm.es\/recursosidi\/wp-json\/wp\/v2\/ods?post=11374"},{"taxonomy":"origen","embeddable":true,"href":"https:\/\/www.upm.es\/recursosidi\/wp-json\/wp\/v2\/origen?post=11374"}],"curies":[{"name":"wp","href":"https:\/\/api.w.org\/{rel}","templated":true}]}}