{"id":11394,"date":"2022-10-28T12:42:21","date_gmt":"2022-10-28T10:42:21","guid":{"rendered":"https:\/\/www.upm.es\/recursosidi\/offers-resources\/sin categor\u00eda\/gamecare-lose-weight-the-healthy-way\/"},"modified":"2022-10-28T12:42:24","modified_gmt":"2022-10-28T10:42:24","slug":"gamecare-lose-weight-the-healthy-way","status":"publish","type":"product","link":"https:\/\/www.upm.es\/recursosidi\/en\/offers-resources\/technological-solutions\/gamecare-lose-weight-the-healthy-way\/","title":{"rendered":"GAMECARE. Lose weight the healthy way"},"content":{"rendered":"<h4><strong>Brief description of the technology solution and the added value it provides <\/strong><\/h4>\n<p style=\"text-align: justify\">Life Supporting Technologies (LST) of the Technical University of Madrid (UPM) together with healthcare professionals, has developed Gamecare, a virtual clinic based on intelligent systems that are able to monitor and control biological parameters and the user&rsquo;s diet information, with the aim of treating obesity. By applying innovative technologies, LST has achieved a low cost system that engages users. It also controls and supervises their activity steadily. Training modules and voice guidance have been validated with more than 30 users in a medical environment. The global market related to obesity &nbsp;in Spain is around 8% of the annual public health expenditure, therefore it is estimated that in 2013 the potential target market of Gamecare could grow up to 4,600 M &euro;.<\/p>\n<h4><strong>Description of the technological base<\/strong><\/h4>\n<p style=\"text-align: justify\"><span style=\"font-size: small\"><img fetchpriority=\"high\" decoding=\"async\" style=\"float: left;margin-left: 10px;margin-right: 10px\" title=\"GameCare\" src=\"http:\/\/www.upm.es\/observatorio\/vi\/gestor_general\/recuperar_archivo.jsp?id=189\" alt=\"GameCare\" width=\"400\" height=\"127\" \/><\/span><\/p>\n<p>The solution developed is an online clinic where the patient through virtual visits has the opportunity to follow the right method to treat obesity without having to commute. This clinic is based on intelligent systems able to monitor and control both biological parameters and the patient&rsquo;s nutrition with the goal of losing weight.<\/p>\n<p>By using different technologies the system can monitor the health of the patients and it is also able to engage them through games and achievements, as well as by means of social networks between doctors and patients. During physical training session, the doctor can control the patient in real time and he also has the opportunity to send supportive and motivational messages.<\/p>\n<p style=\"text-align: justify\"><span style=\"font-size: small\"><img decoding=\"async\" style=\"text-align: justify;float: right;margin: 10px\" title=\"Intelligent textile\" src=\"http:\/\/www.upm.es\/observatorio\/vi\/gestor_general\/recuperar_archivo.jsp?id=191\" alt=\"Intelligent textile\" width=\"150\" height=\"151\" \/><\/span><\/p>\n<p style=\"text-align: justify\">&nbsp;<\/p>\n<p style=\"text-align: center\"><em><span style=\"font-size: small\"><strong><em><strong>&#8220;A new solution that helps to lose weight in a fun way while playing games, with continuous monitoring of the patient by professionals in a full immersion of social network with experts&#8221;<\/strong><\/em><\/strong><\/span><\/em><\/p>\n<p><em><span style=\"font-size: small\"><strong><em><strong>&nbsp;<\/strong><\/em><\/strong><\/span><\/em><\/p>\n<p><em><span style=\"font-size: small\"><strong><em><strong>&nbsp;<\/strong><\/em><\/strong><\/span><\/em><\/p>\n<p>&nbsp;<\/p>\n<h4><strong>Market demands<\/strong><\/h4>\n<div>\n<ul>\n<li style=\"text-align: justify\">Obesity is considered the responsible for more than 3 million deaths per year worldwide. Obesity and overweight pose a major risk for developing chronic diseases, including type 2 diabetes, cardiovascular disease, hypertension and stroke, and certain forms of cancer. A total of &nbsp;502 million people worldwide are obese and in the last 30 years the numbers have doubled; nowadays, more than 10% people are obese people. The World Health Organization (WHO) rates &nbsp;obesity as the pandemic of the 21st century.<\/li>\n<li style=\"text-align: justify\">These 3 million obesity related deaths in 2010 is 3 times as much as the number of people who died due to malnutrition. The trend has been reversed, according to data collected over the past 20 years in the prestigious journal The Lancet report &#8220;Global Burden of Disease Study 2010&#8221;.<\/li>\n<\/ul>\n<p style=\"text-align: center\"><em><span style=\"font-size: small\"><strong>&ldquo;This is a Global public health problem. Obesity is one of the four risk factors responsible for a high number of global premature deaths: 3 million deaths related to obesity have been recorded in 2010.&rdquo;<\/strong><\/span><\/em><\/p>\n<\/div>\n<h4><strong>Competitive advantages<\/strong><\/h4>\n<ul>\n<li style=\"text-align: justify\">Pioneered development of the use of non-invasive textile sensors based on Continua Standards compliance interoperability with low-power technology Bluetooth 4.0: devices cost savings (50 &euro; compared to 200 &euro;).<\/li>\n<li style=\"text-align: justify\">Training system and voice guidance validated with more than 30 users, getting an acceptance degree more than 95%.<br \/>The use of games, personalised exercise with voice guidance and gamification in training sessions to support health care: users engagement.<\/li>\n<li style=\"text-align: justify\">Realtime monitoring, management system of patients, creating custom rules (alerts, notifications&#8230;), feedback between doctors and users: continuous control and supervision.<\/li>\n<li style=\"text-align: justify\">The use of social networks between doctors and users.&nbsp;<\/li>\n<\/ul>\n<p style=\"text-align: center\"><span style=\"font-size: small;text-align: center\"><br \/><img decoding=\"async\" style=\"vertical-align: middle\" title=\"Obesity\" src=\"http:\/\/www.upm.es\/observatorio\/vi\/gestor_general\/recuperar_archivo.jsp?id=190\" alt=\"Obesity\" width=\"400\" height=\"132\" \/><br \/><\/span><\/p>\n<h4><strong>Development stage<\/strong><\/h4>\n<ul>\n<li>Concept<\/li>\n<li>Research<\/li>\n<li><span style=\"text-decoration: underline\"><strong>Lab prototype<\/strong><\/span><\/li>\n<li>Industrial prototype<\/li>\n<li>Production<\/li>\n<\/ul>\n<h4>Contact<\/h4>\n<p><span style=\"font-size: small\"><strong style=\"text-align: justify\">Contacto&nbsp; GameCare<\/strong><\/span><\/p>\n<p style=\"text-align: justify\"><span style=\"font-size: small\">M Teresa Arredondo, Eugenio Gaeta, Gloria Cea<\/span><\/p>\n<p style=\"text-align: justify\"><span style=\"font-size: small\">Life Supporting Technologies (LST) &#8211; UPM<\/span><\/p>\n<p style=\"text-align: justify\"><span style=\"font-size: small\">e: <span rel=\"8b313030a931213194310731bc312731b1311230ba312631a1311130ce311e31a7310430a8312931\" class=\"cryptex \" style=\"\"><span class=\"CryptexImg ctxQ1bmhMoHnSJZ_QVIxwfaLDrvHH0LhV2YduqdQ-XKWA0\"><\/span><\/span>, <span rel=\"8b313030a13122319a312c31be311d31ac311230ad31213197313531ba311230a6314131b7311c30c6310f31c9310230b4312631ab310330b0313831\" class=\"cryptex \" style=\"\"><span class=\"CryptexImg ctxEk7r70DCZHRHNFL7NOKTCEANgsphcmm46eON2YzXgwM\"><\/span><\/span>, <span rel=\"8b313030a33110319831283190312031b0313431743134319831303187312331aa313b3171311b31c531\" class=\"cryptex \" style=\"\"><span class=\"CryptexImg ctxn0x7KPHVbjwph3yNTghLu7ZV-99Tou0b-6fgFw8uW70\"><\/span><\/span><\/span><\/p>\n<p style=\"text-align: justify\"><span style=\"font-size: small\"><strong>Contacto UPM<\/strong><\/span><\/p>\n<p style=\"text-align: justify\"><span style=\"font-size: small\">&Aacute;rea de Innovaci&oacute;n, Comercializaci&oacute;n y Creaci&oacute;n de Empresas<\/span><\/p>\n<p style=\"text-align: justify\"><span style=\"font-size: small\">Centro de Apoyo a la Innovaci&oacute;n Tecnol&oacute;gica &ndash; UPM<\/span><\/p>\n<p style=\"text-align: justify\"><span style=\"font-size: small\">e: <span rel=\"8b313030a5311b31a1313631c6311531a0312931b5312e3160313531be311131a8313d31af312531b9311231bd3131317f312b31ae313c3179312a31b231\" class=\"cryptex \" style=\"\"><span class=\"CryptexImg ctxR7neImVV1tJoTSyttUGBAuiESKXKLLyzTwJSN1lk9Z0\"><\/span><\/span><\/span><\/p>\n<div class=\"pdfprnt-buttons pdfprnt-buttons-product pdfprnt-bottom-left\"><a href=\"https:\/\/www.upm.es\/recursosidi\/wp-json\/wp\/v2\/product\/11394?print=pdf\" class=\"pdfprnt-button pdfprnt-button-pdf\" target=\"_blank\"><span class=\"pdfprnt-button-title pdfprnt-button-pdf-title\">Descargar ficha<\/span><\/a><\/div>","protected":false},"excerpt":{"rendered":"<p>Customized solution for obesity treatment designed to help you lose weight in a healthy way through ICT in such a simple way that it will even seem like a game.<\/p>\n","protected":false},"featured_media":11393,"template":"","meta":{"_acf_changed":false},"product_cat":[2386],"product_tag":[8479],"comunidades-upm":[],"quien":[],"mapa":[{"term_id":37,"name":"Digital Technologies, Artificial Intelligence, Cybersecurity, 5G, Robotics","slug":"digital_technologies-ai-cybersecurity-5g-robotics","term_group":0,"term_taxonomy_id":37,"taxonomy":"mapa","description":"","parent":0,"count":83,"filter":"raw","term_order":"24"},{"term_id":38,"name":"Health and Wellbeing","slug":"health-and-wellbeing","term_group":0,"term_taxonomy_id":38,"taxonomy":"mapa","description":"","parent":0,"count":51,"filter":"raw","term_order":"18"}],"disponibilidad":[{"term_id":205,"name":"Consultar disponibilidad","slug":"consultar","term_group":0,"term_taxonomy_id":205,"taxonomy":"disponibilidad","description":"","parent":0,"count":290,"filter":"raw","term_order":"0"}],"donde":[{"term_id":1700,"name":"Life Support Technologies","slug":"en_life-support-technologies","term_group":0,"term_taxonomy_id":1700,"taxonomy":"donde","description":"Somos uno de los principales grupos europeos de investigaci\u00f3n e innovaci\u00f3n en el sector de la eSalud y la eInclusion social y mantenemos colaboraciones estables con el sector privado y p\u00fablico en diversas \u00e1reas de I+D+i.\r\nTenemos una larga trayectoria en el dise\u00f1o, desarrollo y evaluaci\u00f3n de servicios y aplicaciones basados en las Tecnolog\u00edas de la Informaci\u00f3n y la Comunicaci\u00f3n para la creaci\u00f3n y promoci\u00f3n de nuevas ideas, m\u00e9todos y soluciones tecnol\u00f3gicas en todos los aspectos de la cadena de valor de las organizaciones.\r\n\r\nNuestros principales ejes de investigaci\u00f3n son:\r\n\r\nTIC en sanidad y servicios sociales (e-salud y e-inclusi\u00f3n)\r\nNeurofot\u00f3nica\r\nRedes y Sensores Fot\u00f3nicos","parent":0,"count":16,"filter":"raw","term_order":"0"},{"term_id":476,"name":"Tecnolog\u00edas de Apoyo a la Vida","slug":"tecnologias-de-apoyo-a-la-vida","term_group":0,"term_taxonomy_id":476,"taxonomy":"donde","description":"Somos uno de los principales grupos europeos de investigaci\u00f3n e innovaci\u00f3n en el sector de la eSalud y la eInclusion social y mantenemos colaboraciones estables con el sector privado y p\u00fablico en diversas \u00e1reas de I+D+i.\r\nTenemos una larga trayectoria en el dise\u00f1o, desarrollo y evaluaci\u00f3n de servicios y aplicaciones basados en las Tecnolog\u00edas de la Informaci\u00f3n y la Comunicaci\u00f3n para la creaci\u00f3n y promoci\u00f3n de nuevas ideas, m\u00e9todos y soluciones tecnol\u00f3gicas en todos los aspectos de la cadena de valor de las organizaciones.\r\n\r\nNuestros principales ejes de investigaci\u00f3n son:\r\n\r\nTIC en sanidad y servicios sociales (e-salud y e-inclusi\u00f3n)\r\nNeurofot\u00f3nica\r\nRedes y Sensores Fot\u00f3nicos","parent":0,"count":23,"filter":"raw","term_order":"0"}],"infraestructura":[],"ods":[{"term_id":2273,"name":"Good Health and Well-Being","slug":"good-health-and-well-being","term_group":0,"term_taxonomy_id":2273,"taxonomy":"ods","description":"","parent":0,"count":54,"filter":"raw","term_order":"0"}],"origen":[{"term_id":192,"name":"Soluciones tecnol\u00f3gicas","slug":"soluciones-tecnologicas","term_group":0,"term_taxonomy_id":192,"taxonomy":"origen","description":"","parent":0,"count":278,"filter":"raw","term_order":"0"}],"familia_tax":false,"quien_tax":false,"donde_tax":false,"year":"2020-01-01","contacto":"ETSI de Telecomunicaci\u00f3n - UPM, Avenida  Complutense, 30, Ciudad Universitaria, 28040, Madrid","telefono":"910671900","pagina_web":"https:\/\/www.etsit.upm.es\/","email":"eugenio.gaeta@lst.tfo.upm.es","id_ficha_portal":"64","video":"","adjuntos":false,"adjuntos_portal":"","inf":false,"departamento":"","acf":[],"lang":"en","translation":{"en":11394,"es":11392},"_links":{"self":[{"href":"https:\/\/www.upm.es\/recursosidi\/wp-json\/wp\/v2\/product\/11394"}],"collection":[{"href":"https:\/\/www.upm.es\/recursosidi\/wp-json\/wp\/v2\/product"}],"about":[{"href":"https:\/\/www.upm.es\/recursosidi\/wp-json\/wp\/v2\/types\/product"}],"wp:featuredmedia":[{"embeddable":true,"href":"https:\/\/www.upm.es\/recursosidi\/wp-json\/wp\/v2\/media\/11393"}],"wp:attachment":[{"href":"https:\/\/www.upm.es\/recursosidi\/wp-json\/wp\/v2\/media?parent=11394"}],"wp:term":[{"taxonomy":"product_cat","embeddable":true,"href":"https:\/\/www.upm.es\/recursosidi\/wp-json\/wp\/v2\/product_cat?post=11394"},{"taxonomy":"product_tag","embeddable":true,"href":"https:\/\/www.upm.es\/recursosidi\/wp-json\/wp\/v2\/product_tag?post=11394"},{"taxonomy":"comunidad_upm","embeddable":true,"href":"https:\/\/www.upm.es\/recursosidi\/wp-json\/wp\/v2\/comunidades-upm?post=11394"},{"taxonomy":"quien","embeddable":true,"href":"https:\/\/www.upm.es\/recursosidi\/wp-json\/wp\/v2\/quien?post=11394"},{"taxonomy":"mapa","embeddable":true,"href":"https:\/\/www.upm.es\/recursosidi\/wp-json\/wp\/v2\/mapa?post=11394"},{"taxonomy":"disponibilidad","embeddable":true,"href":"https:\/\/www.upm.es\/recursosidi\/wp-json\/wp\/v2\/disponibilidad?post=11394"},{"taxonomy":"donde","embeddable":true,"href":"https:\/\/www.upm.es\/recursosidi\/wp-json\/wp\/v2\/donde?post=11394"},{"taxonomy":"infraestructura","embeddable":true,"href":"https:\/\/www.upm.es\/recursosidi\/wp-json\/wp\/v2\/infraestructura?post=11394"},{"taxonomy":"ods","embeddable":true,"href":"https:\/\/www.upm.es\/recursosidi\/wp-json\/wp\/v2\/ods?post=11394"},{"taxonomy":"origen","embeddable":true,"href":"https:\/\/www.upm.es\/recursosidi\/wp-json\/wp\/v2\/origen?post=11394"}],"curies":[{"name":"wp","href":"https:\/\/api.w.org\/{rel}","templated":true}]}}