{"id":11518,"date":"2022-10-31T14:10:01","date_gmt":"2022-10-31T13:10:01","guid":{"rendered":"https:\/\/www.upm.es\/recursosidi\/offers-resources\/sin categor\u00eda\/mindzilla-mind-your-mind\/"},"modified":"2022-10-31T14:10:04","modified_gmt":"2022-10-31T13:10:04","slug":"mindzilla-mind-your-mind","status":"publish","type":"product","link":"https:\/\/www.upm.es\/recursosidi\/en\/offers-resources\/technological-solutions\/mindzilla-mind-your-mind\/","title":{"rendered":"MINDZILLA. Mind your mind"},"content":{"rendered":"<h4><strong>Brief description of the technology solution and the added value it provides <\/strong><\/h4>\n<p>According to the World Health Organization stress will become the epidemic of the 21th century, a growing pathology mainly aggravated by our lifestyle 24\/7 always available and our increasingly demanding jobs, that inevitably affect our health and quality of life. 40 million people are affected by stress in Europe, which entails a cost of &euro; 20,000 million per year. This situation also produces a high cost to companies and governments diminishing their productivity. One out of four sick work leaves is related to stress. MINDZILLA is a medical grade device that controls stress levels offering an elegant and clinically reliable solution to this problem. For that purpose, we have developed a wireless electroencephalography (EEG) device along with a unique Software that can exploit all its technological potential. Therefore, creating a complete system based on Neurofeedback &ndash;conditioning real-time neural activity as it is recorded&ndash; that works for both diagnosis and treatment, getting rid of most common problems associated with standard solutions nowadays, and thus, enabling companies to increase their productivity by reducing the stress of their employees.<\/p>\n<h4><strong>Description of the technological base<\/strong><\/h4>\n<p>MINDZILLA consists of a hardware device and a unique software, with the following features:<\/p>\n<ul>\n<li><strong>Hardware:<\/strong> Wireless medical grade EEG device. It uses a new type of electrode &ndash;dry electrode&ndash; which ensures a quick and hygienic placement of the device and requires no gel or water to function. Being auto-amplified, no wires from the head of the subject to an external amplifier are needed, allowing complete mobility. The headset design where the sensors are placed achieves a great attachment and comfort for the user, being as easy to use as a cap. The location of the electrodes follows the international 10-20 standard system used in clinic and research. Moreover, the device has a Li-ion high capacity battery to prevent power cables and provide a long durability. Its bluetooth interface connects the device with tablets, smartphones and PCs .<\/li>\n<li><strong>Software:<\/strong> The associated SW application is based on neurofeedback. Through a unique functional brain connectivity algorithm it detects brain stress levels of the subject and helps you reduce it.<\/li>\n<\/ul>\n<p style=\"text-align: center\"><em><strong><span style=\"font-size: small\">&ldquo;MINDZILLA records brain electrical waves to monitor and reduce stress levels &rdquo;<\/span><\/strong><\/em><\/p>\n<p style=\"text-align: center\"><em><strong><span style=\"font-size: small\"><img fetchpriority=\"high\" decoding=\"async\" title=\"Mindzilla\" src=\"http:\/\/www.upm.es\/observatorio\/vi\/gestor_general\/recuperar_archivo.jsp?id=584\" alt=\"Mindzilla\" width=\"600\" height=\"262\" \/><\/span><\/strong><\/em><\/p>\n<h4><strong>Market demands<\/strong><\/h4>\n<p><strong>ICT applied to health<\/strong><\/p>\n<ul>\n<li>In 2020, anxiety disorders, stress and depression will be the number one cause of disease in the developed world [World Health Organization, WHO].<\/li>\n<li>60% of consultations in primary care are related to stress. Stress knows no age or sex [American Psychological Association, APA], [Sociedad Espa&ntilde;ola para el Estudio de la Ansiedad y el Estr&eacute;s, SEAS].<\/li>\n<li>Today there is a huge gap between what the health system provides and what people affected expect from it. Thus, they often have to ultimately use anti-stress balls, yoga or psychotherapies. However, 81% of patients fail treatments based on changes in lifestyle, due to willpower, confidence, time and stress itsel [APA].<\/li>\n<li>Companies can not provide personalized tracking of their employees, which are subject to an increasingly &#8220;stressful&#8221; environment.<\/li>\n<\/ul>\n<h4><strong>Competitive advantages<\/strong><\/h4>\n<ul>\n<li>Improves time efficiency: a conventional EEG placement requires 45 minutes, we reduce this time up to 80%.<\/li>\n<li>Mobility: full mobility with our wireless solution, in comparison to those using cables.<\/li>\n<li>Hygiene: uses dry electrodes, which allows greater hygiene and comfort for the user that when using gel.<\/li>\n<li>Medical Grade quality: and sensors positioned in the international 10-20 system used in clinic.<\/li>\n<li>Objectivity of results: current techniques for stress are subjective and difficult to monitor progress, we bring reliability and objectivity.<\/li>\n<li>Cost more than 50 times lower than the current research devices.<\/li>\n<\/ul>\n<p style=\"text-align: center\"><em><strong><span style=\"font-size: small\">&ldquo;In 2020, anxiety disorders, stress and depression will be the number one cause of disease in the developed world, according to a study carried last year by the World Heath Organization&rdquo;<\/span><\/strong><\/em><\/p>\n<p style=\"text-align: center\"><span style=\"font-size: small\">&nbsp;<\/span><em><strong><span style=\"font-size: small\"><img decoding=\"async\" title=\"Mindzilla\" src=\"http:\/\/www.upm.es\/observatorio\/vi\/gestor_general\/recuperar_archivo.jsp?id=583\" alt=\"Mindzilla\" width=\"300\" height=\"208\" \/><\/span><\/strong><\/em><\/p>\n<h4><strong>Development stage<\/strong><\/h4>\n<ul>\n<li>Concept<\/li>\n<li>Research<\/li>\n<li><strong><u>Lab prototype<\/u><\/strong><\/li>\n<li>Industrial prototype<\/li>\n<li>Production<\/li>\n<\/ul>\n<h4>Contact<\/h4>\n<p class=\"MsoNormal\"><strong><span style=\"font-size: small\">Contacto&nbsp;Mindzilla<\/span><\/strong><\/p>\n<p class=\"MsoNormal\"><span style=\"font-size: small\">Gerardo G&aacute;lvez; Guiomar Niso<\/span><\/p>\n<p class=\"MsoNormal\"><span style=\"font-size: small\">e: <span rel=\"75312530c9312a31b531303176313531bb312131ab314531b1312531b531083183312e31a6312131b731163160310e31a5312b31\" class=\"cryptex \" style=\"\"><span class=\"CryptexImg ctxV9ZMHzchagTyFftBfsw2qO2AQlBmwmt7khoj1oVcCag\"><\/span><\/span> <\/span><\/p>\n<p class=\"MsoNormal\"><span style=\"font-size: small\">w: http:\/\/www.mindzilla.es<\/span><\/p>\n<p class=\"MsoNormal\"><strong><span style=\"font-size: small\">Contacto UPM<\/span><\/strong><\/p>\n<p class=\"MsoNormal\"><span style=\"font-size: small\">&Aacute;rea de Innovaci&oacute;n, Comercializaci&oacute;n y Creaci&oacute;n de Empresas<\/span><\/p>\n<p class=\"MsoNormal\"><span style=\"font-size: small\">Centro de Apoyo a la Innovaci&oacute;n Tecnol&oacute;gica &ndash; UPM <\/span><\/p>\n<p><span style=\"font-size: small\">e: <span rel=\"75312530bb313331be313831be312931b5311c31b631393176312d31ae310a31b1313631a5312f31b531133195310c3176313331ba31273183312331a631\" class=\"cryptex \" style=\"\"><span class=\"CryptexImg ctxR7neImVV1tJoTSyttUGBAuiESKXKLLyzTwJSN1lk9Z0\"><\/span><\/span><\/span><\/p>\n<div class=\"pdfprnt-buttons pdfprnt-buttons-product pdfprnt-bottom-left\"><a href=\"https:\/\/www.upm.es\/recursosidi\/wp-json\/wp\/v2\/product\/11518?print=pdf\" class=\"pdfprnt-button pdfprnt-button-pdf\" target=\"_blank\"><span class=\"pdfprnt-button-title pdfprnt-button-pdf-title\">Descargar ficha<\/span><\/a><\/div>","protected":false},"excerpt":{"rendered":"<p>Wireless medical grade EEG device that sends electrical signals from the brain to a unique algorithm designed to detect acute stress and reduce it.<\/p>\n","protected":false},"featured_media":11516,"template":"","meta":{"_acf_changed":false},"product_cat":[2386],"product_tag":[8535],"comunidades-upm":[],"quien":[],"mapa":[{"term_id":37,"name":"Digital Technologies, Artificial Intelligence, Cybersecurity, 5G, Robotics","slug":"digital_technologies-ai-cybersecurity-5g-robotics","term_group":0,"term_taxonomy_id":37,"taxonomy":"mapa","description":"","parent":0,"count":83,"filter":"raw","term_order":"24"},{"term_id":38,"name":"Health and Wellbeing","slug":"health-and-wellbeing","term_group":0,"term_taxonomy_id":38,"taxonomy":"mapa","description":"","parent":0,"count":51,"filter":"raw","term_order":"18"}],"disponibilidad":[{"term_id":205,"name":"Consultar disponibilidad","slug":"consultar","term_group":0,"term_taxonomy_id":205,"taxonomy":"disponibilidad","description":"","parent":0,"count":290,"filter":"raw","term_order":"0"}],"donde":[{"term_id":1780,"name":"Center for Biomedical Technology","slug":"en_center-for-biomedical-technology","term_group":0,"term_taxonomy_id":1780,"taxonomy":"donde","description":"","parent":0,"count":56,"filter":"raw","term_order":"0"},{"term_id":556,"name":"Centro de Tecnolog\u00eda Biom\u00e9dica (CTB)","slug":"centro-de-tecnologia-biomedica-ctb","term_group":0,"term_taxonomy_id":556,"taxonomy":"donde","description":"","parent":0,"count":84,"filter":"raw","term_order":"0"},{"term_id":380,"name":"Investigaci\u00f3n en Instrumentaci\u00f3n y Ac\u00fastica Aplicada (I2A2)","slug":"investigacion-en-instrumentacion-y-acustica-aplicada-i2a2","term_group":0,"term_taxonomy_id":380,"taxonomy":"donde","description":"Desarrollamos nuestra actividad en <strong>diversos &aacute;mbitos de la Ac&uacute;stica y las TIC<\/strong>, en los que buscamos aportar nuestra experiencia en para contribuir a resolver algunos de los retos que afronta nuestra sociedad. Esta visi&oacute;n nos lleva trabajar <strong>en contacto permanente con empresas y administraciones<\/strong> buscando continuamente la transferencia de los resultados de nuestros trabajos, bien a trav&eacute;s de la transferencia de tecnolog&iacute;a o de conocimiento, u ofreciendo directamente servicios de valor a&ntilde;adido a la industria.&nbsp;&nbsp;\n&nbsp;\nNuestras <strong>l&iacute;neas de investigaci&oacute;n<\/strong> se pueden resumir en:\n\nRuido ambiental.\nAc&uacute;stica en la edificaci&oacute;n.\nControl de ruido y Vibraciones.\nRuido en el puesto del trabajo.\nTerapias Ac&uacute;sticas.\nSistemas de Adquisici&oacute;n de Datos Avanzados.\nEquipos Electr&oacute;nicos y sistemas Embebidos.\nMonitorizaci&oacute;n de Salud Estructural.\n","parent":0,"count":16,"filter":"raw","term_order":"0"},{"term_id":1604,"name":"Research into Instrumentation and Applied Acoustics (I2A2)","slug":"en_research-into-instrumentation-and-applied-acoustics-i2a2","term_group":0,"term_taxonomy_id":1604,"taxonomy":"donde","description":"Desarrollamos nuestra actividad en <strong>diversos &aacute;mbitos de la Ac&uacute;stica y las TIC<\/strong>, en los que buscamos aportar nuestra experiencia en para contribuir a resolver algunos de los retos que afronta nuestra sociedad. Esta visi&oacute;n nos lleva trabajar <strong>en contacto permanente con empresas y administraciones<\/strong> buscando continuamente la transferencia de los resultados de nuestros trabajos, bien a trav&eacute;s de la transferencia de tecnolog&iacute;a o de conocimiento, u ofreciendo directamente servicios de valor a&ntilde;adido a la industria.&nbsp;&nbsp;\n&nbsp;\nNuestras <strong>l&iacute;neas de investigaci&oacute;n<\/strong> se pueden resumir en:\n\nRuido ambiental.\nAc&uacute;stica en la edificaci&oacute;n.\nControl de ruido y Vibraciones.\nRuido en el puesto del trabajo.\nTerapias Ac&uacute;sticas.\nSistemas de Adquisici&oacute;n de Datos Avanzados.\nEquipos Electr&oacute;nicos y sistemas Embebidos.\nMonitorizaci&oacute;n de Salud Estructural.\n","parent":0,"count":11,"filter":"raw","term_order":"0"}],"infraestructura":[],"ods":[{"term_id":2273,"name":"Good Health and Well-Being","slug":"good-health-and-well-being","term_group":0,"term_taxonomy_id":2273,"taxonomy":"ods","description":"","parent":0,"count":54,"filter":"raw","term_order":"0"}],"origen":[{"term_id":192,"name":"Soluciones tecnol\u00f3gicas","slug":"soluciones-tecnologicas","term_group":0,"term_taxonomy_id":192,"taxonomy":"origen","description":"","parent":0,"count":278,"filter":"raw","term_order":"0"}],"familia_tax":false,"quien_tax":false,"donde_tax":false,"year":"2020-01-01","contacto":"CTB - UPM, Campus de Montegancedo, 28223 Pozuelo de Alarc\u00f3n (Madrid)","telefono":"910679250","pagina_web":"http:\/\/www.ctb.upm.es\/","email":"gerardo.galvez.garcia@alumnos.upm.es","id_ficha_portal":"54","video":"","adjuntos":false,"adjuntos_portal":"","inf":false,"departamento":"","acf":[],"lang":"en","translation":{"en":11518,"es":11515},"_links":{"self":[{"href":"https:\/\/www.upm.es\/recursosidi\/wp-json\/wp\/v2\/product\/11518"}],"collection":[{"href":"https:\/\/www.upm.es\/recursosidi\/wp-json\/wp\/v2\/product"}],"about":[{"href":"https:\/\/www.upm.es\/recursosidi\/wp-json\/wp\/v2\/types\/product"}],"wp:featuredmedia":[{"embeddable":true,"href":"https:\/\/www.upm.es\/recursosidi\/wp-json\/wp\/v2\/media\/11516"}],"wp:attachment":[{"href":"https:\/\/www.upm.es\/recursosidi\/wp-json\/wp\/v2\/media?parent=11518"}],"wp:term":[{"taxonomy":"product_cat","embeddable":true,"href":"https:\/\/www.upm.es\/recursosidi\/wp-json\/wp\/v2\/product_cat?post=11518"},{"taxonomy":"product_tag","embeddable":true,"href":"https:\/\/www.upm.es\/recursosidi\/wp-json\/wp\/v2\/product_tag?post=11518"},{"taxonomy":"comunidad_upm","embeddable":true,"href":"https:\/\/www.upm.es\/recursosidi\/wp-json\/wp\/v2\/comunidades-upm?post=11518"},{"taxonomy":"quien","embeddable":true,"href":"https:\/\/www.upm.es\/recursosidi\/wp-json\/wp\/v2\/quien?post=11518"},{"taxonomy":"mapa","embeddable":true,"href":"https:\/\/www.upm.es\/recursosidi\/wp-json\/wp\/v2\/mapa?post=11518"},{"taxonomy":"disponibilidad","embeddable":true,"href":"https:\/\/www.upm.es\/recursosidi\/wp-json\/wp\/v2\/disponibilidad?post=11518"},{"taxonomy":"donde","embeddable":true,"href":"https:\/\/www.upm.es\/recursosidi\/wp-json\/wp\/v2\/donde?post=11518"},{"taxonomy":"infraestructura","embeddable":true,"href":"https:\/\/www.upm.es\/recursosidi\/wp-json\/wp\/v2\/infraestructura?post=11518"},{"taxonomy":"ods","embeddable":true,"href":"https:\/\/www.upm.es\/recursosidi\/wp-json\/wp\/v2\/ods?post=11518"},{"taxonomy":"origen","embeddable":true,"href":"https:\/\/www.upm.es\/recursosidi\/wp-json\/wp\/v2\/origen?post=11518"}],"curies":[{"name":"wp","href":"https:\/\/api.w.org\/{rel}","templated":true}]}}