{"id":11593,"date":"2022-11-11T13:13:16","date_gmt":"2022-11-11T12:13:16","guid":{"rendered":"https:\/\/www.upm.es\/recursosidi\/offers-resources\/sin categor\u00eda\/parkinson-monitor\/"},"modified":"2022-11-11T13:13:26","modified_gmt":"2022-11-11T12:13:26","slug":"parkinson-monitor","status":"publish","type":"product","link":"https:\/\/www.upm.es\/recursosidi\/offers-resources\/soluciones-tecnologicas\/parkinson-monitor\/","title":{"rendered":"PARKINSON-MONITOR"},"content":{"rendered":"<h4 style=\"text-align: left\"><strong>Descripci&oacute;n breve conjunta de la soluci&oacute;n y valor a&ntilde;adido que aporta <\/strong><\/h4>\n<p style=\"text-align: justify\">El grupo <a title=\"Life Supporting Technologies\" href=\"http:\/\/www.lst.tfo.upm.es\/\" target=\"_blank\" rel=\"noopener\">Life Supporting Technologies<\/a> de la <a title=\"Universidad Polit&eacute;cnica de Madrid\" href=\"\/institucional\" target=\"_blank\" rel=\"noopener\">Universidad Polit&eacute;cnica de Madrid<\/a> ha desarrollado una innovadora soluci&oacute;n basada en sensores vestibles de bajo coste que permiten la monitorizaci&oacute;n de pacientes de la enfermedad de Parkinson (EP). Dicho sistema permite detectar y cuantificar los principales s&iacute;ntomas motores de la EP. La soluci&oacute;n est&aacute; integrada en una plataforma TIC, el procesamiento se hace en la nube y el m&eacute;dico dispone de una aplicaci&oacute;n web en la que puede visualizar y gestionar toda la informaci&oacute;n relacionada con sus pacientes. Este sistema ha sido probado en tres hospitales europeos diferentes. Los sensores han mostrado hasta ahora una precisi&oacute;n de m&aacute;s del 80% para cuantificar la severidad de los diversos s&iacute;ntomas motores. El sistema ha sido dise&ntilde;ado y validado con el feedback proporcionado tanto por m&eacute;dicos como pacientes.<\/p>\n<h4 style=\"text-align: left\"><strong>Descripci&oacute;n de la base tecnol&oacute;gica<\/strong><\/h4>\n<p style=\"text-align: justify\">La soluci&oacute;n desarrollada consta de una serie de sensores vestibles integrados con una plataforma web que autom&aacute;ticamente recibe y procesa los datos del paciente diariamente para posteriormente ser enviados al profesional m&eacute;dico.<\/p>\n<p style=\"text-align: justify\">Este sistema tiene como objetivo proporcionar a los profesionales sanitarios una herramienta que permita de forma objetiva y eficiente, monitorizar el estado de los pacientes de la enfermedad de Parkinson.<\/p>\n<p style=\"text-align: justify\">Gracias a esta monitorizaci&oacute;n y evaluaci&oacute;n continua el m&eacute;dico dispone de m&aacute;s y mejor informaci&oacute;n para diagnosticar y personalizar el tratamiento de sus pacientes.<\/p>\n<p style=\"text-align: center\"><em>&ldquo;Soluci&oacute;n basada algoritmos inteligentes que permite la monitorizaci&oacute;n remota, la evaluaci&oacute;n continua y el seguimiento de pacientes con Parkinson&ldquo;<\/em><\/p>\n<p style=\"text-align: center\">&nbsp;<\/p>\n<h4 style=\"text-align: left\"><strong>Necesidades de negocio \/ aplicaci&oacute;n<\/strong><\/h4>\n<ul>\n<li>\n<p style=\"text-align: justify\">El Parkinson es la segunda enfermedad neurodegenerativa m&aacute;s com&uacute;n y afecta a aproximadamente a unos 7 millones de personas a nivel mundial. Es una enfermedad intr&iacute;nsecamente ligada&nbsp; a la edad y su impacto crece exponencialmente con &eacute;sta.<\/p>\n<\/li>\n<li style=\"text-align: justify\">\n<p>Mayor incidencia en pa&iacute;ses m&aacute;s envejecidos, como la EU y EEUU. El Parkinson contribuye al 0.1% de la carga de las enfermedades a nivel mundial y al 0.6% en la UE [World Health Report, OMS]<\/p>\n<\/li>\n<li style=\"text-align: justify\">\n<p>Los sistemas sanitarios necesitan nuevas herramientas que permitan gestionar a los pacientes cr&oacute;nicos de forma m&aacute;s eficiente, reduciendo costes y aumentando al eficiencia de los profesionales cl&iacute;nicos.<\/p>\n<\/li>\n<li>\n<p style=\"text-align: justify\">La industria farmac&eacute;utica busca desde hace tiempo una herramienta que permita monitorizar y cuantificar los s&iacute;ntomas de manera objetiva y de esta forma mejorar el proceso de validaci&oacute;n de nuevos medicamentos.<\/p>\n<\/li>\n<\/ul>\n<h4 style=\"text-align: left\"><strong>Ventajas competitivas<\/strong><\/h4>\n<div style=\"text-align: justify\">\n<ul>\n<li>\n<p style=\"text-align: justify\">Permite la monitorizaci&oacute;n y evaluaci&oacute;n de pacientes de Parkinson de forma objetiva y cuantitativa.<\/p>\n<\/li>\n<li style=\"text-align: justify\">\n<p>La monitorizaci&oacute;n continua y la evaluaci&oacute;n remota permite la personalizaci&oacute;n farmacol&oacute;gica.<\/p>\n<\/li>\n<li style=\"text-align: justify\">\n<p>Las herramienta para m&eacute;dicos ha sido desarrollada siguiendo las indicaciones y las requisitos propuestos por los equipos m&eacute;dicos de tres hospitales europeos diferentes. El dise&ntilde;o ha seguido un proceso iterativo analizando y mejorando las funcionalidades seg&uacute;n el feedback propuesto por los m&eacute;dicos.<\/p>\n<\/li>\n<\/ul>\n<p style=\"text-align: center\"><em>&ldquo;Esta soluci&oacute;n ha obtenido el pHealth Innovation Award 2010 en el marco del 7th International Conference on Wearable Micro and Nano Technologies for Personalised Health&ldquo;<\/em><\/p>\n<p style=\"text-align: center\">&nbsp;<\/p>\n<\/div>\n<h4 style=\"text-align: left\"><strong>Referencias<\/strong><\/h4>\n<ul>\n<li>\n<p style=\"text-align: justify\">Probado en m&aacute;s de 100 pacientes; precisi&oacute;n superior al 80% en la cuantificaci&oacute;n de la severidad&nbsp; de los s&iacute;ntomas motores<\/p>\n<\/li>\n<li>\n<p style=\"text-align: justify\">Grupo de investigaci&oacute;n con m&aacute;s de 8 a&ntilde;os de experiencia en el dise&ntilde;o, desarrollo y validaci&oacute;n de sistemas de telemonitorizaci&oacute;n<\/p>\n<\/li>\n<\/ul>\n<h4 style=\"text-align: left\"><strong>Grado de desarrollo<\/strong><\/h4>\n<ul>\n<li>\n<p>Concepto<\/p>\n<\/li>\n<li>\n<p>Investigaci&oacute;n<\/p>\n<\/li>\n<li>\n<p><span style=\"text-decoration: underline\"><strong>Prototipo-Lab<\/strong><\/span><\/p>\n<\/li>\n<li>\n<p>Prototipo Industrial<\/p>\n<\/li>\n<li>\n<p>Producci&oacute;n<\/p>\n<\/li>\n<\/ul>\n<h4><strong>Contacto<\/strong><\/h4>\n<p><strong>Contacto PARKINSON-MONITOR<\/strong><\/p>\n<p>Mar&iacute;a Teresa Arredondo<\/p>\n<p>Life Supporting Technologies &#8211; UPM<\/p>\n<p>e: <span rel=\"68312630c4313b319d310430a4311e31a6312730c0310e31ab310730ac311c31a0311130a8313031\" class=\"cryptex \" style=\"\"><span class=\"CryptexImg ctxQ1bmhMoHnSJZ_QVIxwfaLDrvHH0LhV2YduqdQ-XKWA0\"><\/span><\/span><\/p>\n<p><strong>Contacto UPM<\/strong><\/p>\n<p>Programas de Innovaci&oacute;n y Emprendimiento<\/p>\n<p>Centro de Apoyo a la Innovaci&oacute;n Tecnol&oacute;gica &ndash; UPM&nbsp;<\/p>\n<p>e: <span rel=\"68312630c0313531aa312b31ae310c3195311431bb3116316a313f319c310f31a1313031af312c31b731143198310f3178313c31a931183185311d31a531\" class=\"cryptex \" style=\"\"><span class=\"CryptexImg ctxR7neImVV1tJoTSyttUGBAuiESKXKLLyzTwJSN1lk9Z0\"><\/span><\/span><\/p>\n<div class=\"pdfprnt-buttons pdfprnt-buttons-product pdfprnt-bottom-left\"><a href=\"https:\/\/www.upm.es\/recursosidi\/wp-json\/wp\/v2\/product\/11593?print=pdf\" class=\"pdfprnt-button pdfprnt-button-pdf\" target=\"_blank\"><span class=\"pdfprnt-button-title pdfprnt-button-pdf-title\">Descargar ficha<\/span><\/a><\/div>","protected":false},"excerpt":{"rendered":"<p>Monitorizaci\u00f3n y seguimiento de pacientes con la Enfermedad de Parkinson y Parkinsonismos.<\/p>\n<p>Sensores vestibles y una plataforma web permiten la monitorizaci\u00f3n remota, evaluaci\u00f3n y seguimiento diario de pacientes con la enfermedad de Parkinson.<\/p>\n","protected":false},"featured_media":11591,"template":"","meta":{"_acf_changed":false},"product_cat":[2384],"product_tag":[2520,2308],"comunidades-upm":[],"quien":[],"mapa":[{"term_id":122,"name":"Salud y bienestar","slug":"salud-y-bienestar","term_group":0,"term_taxonomy_id":122,"taxonomy":"mapa","description":"","parent":0,"count":105,"filter":"raw","term_order":"17"},{"term_id":126,"name":"Tecnolog\u00edas digitales, Inteligencia Artificial, ciberseguridad, 5G, rob\u00f3tica","slug":"tecnologias_digitales-ai-ciberseguridad-5g-robotica","term_group":0,"term_taxonomy_id":126,"taxonomy":"mapa","description":"","parent":0,"count":194,"filter":"raw","term_order":"23"}],"disponibilidad":[{"term_id":205,"name":"Consultar disponibilidad","slug":"consultar","term_group":0,"term_taxonomy_id":205,"taxonomy":"disponibilidad","description":"","parent":0,"count":290,"filter":"raw","term_order":"0"}],"donde":[{"term_id":1780,"name":"Center for Biomedical Technology","slug":"en_center-for-biomedical-technology","term_group":0,"term_taxonomy_id":1780,"taxonomy":"donde","description":"","parent":0,"count":56,"filter":"raw","term_order":"0"},{"term_id":556,"name":"Centro de Tecnolog\u00eda Biom\u00e9dica (CTB)","slug":"centro-de-tecnologia-biomedica-ctb","term_group":0,"term_taxonomy_id":556,"taxonomy":"donde","description":"","parent":0,"count":84,"filter":"raw","term_order":"0"},{"term_id":1700,"name":"Life Support Technologies","slug":"en_life-support-technologies","term_group":0,"term_taxonomy_id":1700,"taxonomy":"donde","description":"Somos uno de los principales grupos europeos de investigaci\u00f3n e innovaci\u00f3n en el sector de la eSalud y la eInclusion social y mantenemos colaboraciones estables con el sector privado y p\u00fablico en diversas \u00e1reas de I+D+i.\r\nTenemos una larga trayectoria en el dise\u00f1o, desarrollo y evaluaci\u00f3n de servicios y aplicaciones basados en las Tecnolog\u00edas de la Informaci\u00f3n y la Comunicaci\u00f3n para la creaci\u00f3n y promoci\u00f3n de nuevas ideas, m\u00e9todos y soluciones tecnol\u00f3gicas en todos los aspectos de la cadena de valor de las organizaciones.\r\n\r\nNuestros principales ejes de investigaci\u00f3n son:\r\n\r\nTIC en sanidad y servicios sociales (e-salud y e-inclusi\u00f3n)\r\nNeurofot\u00f3nica\r\nRedes y Sensores Fot\u00f3nicos","parent":0,"count":16,"filter":"raw","term_order":"0"},{"term_id":476,"name":"Tecnolog\u00edas de Apoyo a la Vida","slug":"tecnologias-de-apoyo-a-la-vida","term_group":0,"term_taxonomy_id":476,"taxonomy":"donde","description":"Somos uno de los principales grupos europeos de investigaci\u00f3n e innovaci\u00f3n en el sector de la eSalud y la eInclusion social y mantenemos colaboraciones estables con el sector privado y p\u00fablico en diversas \u00e1reas de I+D+i.\r\nTenemos una larga trayectoria en el dise\u00f1o, desarrollo y evaluaci\u00f3n de servicios y aplicaciones basados en las Tecnolog\u00edas de la Informaci\u00f3n y la Comunicaci\u00f3n para la creaci\u00f3n y promoci\u00f3n de nuevas ideas, m\u00e9todos y soluciones tecnol\u00f3gicas en todos los aspectos de la cadena de valor de las organizaciones.\r\n\r\nNuestros principales ejes de investigaci\u00f3n son:\r\n\r\nTIC en sanidad y servicios sociales (e-salud y e-inclusi\u00f3n)\r\nNeurofot\u00f3nica\r\nRedes y Sensores Fot\u00f3nicos","parent":0,"count":23,"filter":"raw","term_order":"0"}],"infraestructura":[],"ods":[{"term_id":2243,"name":"Reducci\u00f3n de las Desigualdades","slug":"reduccion-de-las-desigualdades","term_group":0,"term_taxonomy_id":2243,"taxonomy":"ods","description":"","parent":0,"count":17,"filter":"raw","term_order":"0"},{"term_id":2271,"name":"Salud y Bienestar","slug":"salud-y-bienestar","term_group":0,"term_taxonomy_id":2271,"taxonomy":"ods","description":"","parent":0,"count":59,"filter":"raw","term_order":"0"}],"origen":[{"term_id":192,"name":"Soluciones tecnol\u00f3gicas","slug":"soluciones-tecnologicas","term_group":0,"term_taxonomy_id":192,"taxonomy":"origen","description":"","parent":0,"count":278,"filter":"raw","term_order":"0"}],"familia_tax":false,"quien_tax":false,"donde_tax":false,"year":"2020-01-01","contacto":"ETSI de Telecomunicaci\u00f3n - UPM, Avenida  Complutense, 30, Ciudad Universitaria, 28040, Madrid","telefono":"910671900","pagina_web":"https:\/\/www.etsit.upm.es\/","email":"mta@lst.tfo.upm.es","id_ficha_portal":"92","video":"","adjuntos":false,"adjuntos_portal":"","inf":false,"departamento":"","acf":[],"lang":"es","translation":{"es":11593,"en":11596},"_links":{"self":[{"href":"https:\/\/www.upm.es\/recursosidi\/wp-json\/wp\/v2\/product\/11593"}],"collection":[{"href":"https:\/\/www.upm.es\/recursosidi\/wp-json\/wp\/v2\/product"}],"about":[{"href":"https:\/\/www.upm.es\/recursosidi\/wp-json\/wp\/v2\/types\/product"}],"wp:featuredmedia":[{"embeddable":true,"href":"https:\/\/www.upm.es\/recursosidi\/wp-json\/wp\/v2\/media\/11591"}],"wp:attachment":[{"href":"https:\/\/www.upm.es\/recursosidi\/wp-json\/wp\/v2\/media?parent=11593"}],"wp:term":[{"taxonomy":"product_cat","embeddable":true,"href":"https:\/\/www.upm.es\/recursosidi\/wp-json\/wp\/v2\/product_cat?post=11593"},{"taxonomy":"product_tag","embeddable":true,"href":"https:\/\/www.upm.es\/recursosidi\/wp-json\/wp\/v2\/product_tag?post=11593"},{"taxonomy":"comunidad_upm","embeddable":true,"href":"https:\/\/www.upm.es\/recursosidi\/wp-json\/wp\/v2\/comunidades-upm?post=11593"},{"taxonomy":"quien","embeddable":true,"href":"https:\/\/www.upm.es\/recursosidi\/wp-json\/wp\/v2\/quien?post=11593"},{"taxonomy":"mapa","embeddable":true,"href":"https:\/\/www.upm.es\/recursosidi\/wp-json\/wp\/v2\/mapa?post=11593"},{"taxonomy":"disponibilidad","embeddable":true,"href":"https:\/\/www.upm.es\/recursosidi\/wp-json\/wp\/v2\/disponibilidad?post=11593"},{"taxonomy":"donde","embeddable":true,"href":"https:\/\/www.upm.es\/recursosidi\/wp-json\/wp\/v2\/donde?post=11593"},{"taxonomy":"infraestructura","embeddable":true,"href":"https:\/\/www.upm.es\/recursosidi\/wp-json\/wp\/v2\/infraestructura?post=11593"},{"taxonomy":"ods","embeddable":true,"href":"https:\/\/www.upm.es\/recursosidi\/wp-json\/wp\/v2\/ods?post=11593"},{"taxonomy":"origen","embeddable":true,"href":"https:\/\/www.upm.es\/recursosidi\/wp-json\/wp\/v2\/origen?post=11593"}],"curies":[{"name":"wp","href":"https:\/\/api.w.org\/{rel}","templated":true}]}}