{"id":11596,"date":"2022-11-11T13:13:21","date_gmt":"2022-11-11T12:13:21","guid":{"rendered":"https:\/\/www.upm.es\/recursosidi\/offers-resources\/sin categor\u00eda\/parkinson-monitor-monitoring-of-patients-with-parkinsons-disease\/"},"modified":"2022-11-11T13:13:24","modified_gmt":"2022-11-11T12:13:24","slug":"parkinson-monitor-monitoring-of-patients-with-parkinsons-disease","status":"publish","type":"product","link":"https:\/\/www.upm.es\/recursosidi\/en\/offers-resources\/technological-solutions\/parkinson-monitor-monitoring-of-patients-with-parkinsons-disease\/","title":{"rendered":"PARKINSON &#8211; MONITOR. Monitoring of patients with Parkinson&#8217;s disease"},"content":{"rendered":"<h4><strong>Brief description of the technology solution and the added value it provides <\/strong><\/h4>\n<p class=\"MsoNormal\">Life Supporting Technologies group, belonging to the Universidad Polit&eacute;cnica de Madrid, has developed an innovative solution based on low cost wearable sensors that allow remote monitoring of patients with Parkinson&#8217;s disease (PD). The system can detect and quantify the major motor symptoms of PD. The solution is built on an ICT platform, the processing is done in the cloud while doctors can view and manage all the information related to their patients using a web application. The system has been tested in three different European hospitals showing an accuracy of over 80% to quantify the severity of various motor symptoms. The system has been designed and validated with the feedback provided by both physicians and patients.<\/p>\n<h4><strong>Description of the technological base<\/strong><\/h4>\n<p style=\"text-align: justify\"><span style=\"font-size: small\"><img decoding=\"async\" style=\"float: left;margin: 5px\" title=\"Wearable sensors \" src=\"http:\/\/www.upm.es\/observatorio\/vi\/gestor_general\/recuperar_archivo.jsp?id=379\" alt=\"Wearable sensors \" width=\"190\" height=\"241\" \/><\/span><\/p>\n<p>The developed solution consist of a Web platform that automatically receives and processes daily motion information of patient with PD, &nbsp;gathered from a series of wearable sensors. The Web portal also includes a professional portal that allow medical professional to the remote follow-up of their associated patients.<\/p>\n<p>This system aims to provide a tool for the objective and efficient monitor the status of patients with Parkinson&#8217;s disease for the healthcare professionals.<\/p>\n<p>Thanks to the continuous monitoring and the objective evaluation given by the system, physicians have a detailed information in order to improve the diagnose and personalize treatment for their patients.<\/p>\n<p style=\"text-align: center\"><em><strong><span style=\"font-size: small\">&ldquo;The first intelligent ICT solution that enables remote monitoring, continuous evaluation and monitoring of Parkinson&rsquo;s Disease patients&rdquo;<\/span><\/strong><\/em><\/p>\n<h4><strong>Market demands<\/strong><\/h4>\n<ul>\n<li style=\"text-align: justify\">Parkinson&rsquo;s disease is the second most prevalent disease. PD affects around 7 million people worldwide. It is closely related with ageing and consequently its impact growths exponentially with the age.<\/li>\n<li style=\"text-align: justify\">Due to the link between PD and age the incidence of the disease is specially remarkable on the most aged countries, such as US and the EU. Parkinson&rsquo;s disease contributes to 0.1% of the global disease burden and 0.6% burden on the EU [World Health Report &nbsp;&#8211; 2001, OMS].<\/li>\n<li style=\"text-align: justify\">The healthcare system required novel and innovative tools &nbsp;to deal efficiently with chronic disease patients and specifically with Parkinson&rsquo;s disease patients. These new tools should reduce the costs and provide an efficient communication tool between patients and healthcare professionals.<\/li>\n<li style=\"text-align: justify\">Pharma industry is also looking for monitoring tools able to provide a continuous monitoring and objective measure of the patient status in order to reduce cost in drugs trials<\/li>\n<\/ul>\n<h4><strong>Competitive advantages<\/strong><\/h4>\n<ul>\n<li style=\"text-align: justify\">Allows the objective and quantitative monitoring and evaluation of Parkinson&#8217;s patients .<\/li>\n<li style=\"text-align: justify\">The continuous monitoring and the evaluation allows the treatment&rsquo;s personalisation<\/li>\n<li style=\"text-align: justify\">The medical tool has been developed following the indications and the requirements suggested by the doctors of three different European hospitals.<\/li>\n<li style=\"text-align: justify\">The system has been developed following an iterative process to analyze and improve the features according to the feedback suggested by doctors.<\/li>\n<\/ul>\n<p style=\"text-align: center\"><strong><em><span style=\"font-size: small\">&ldquo;This solution won the pHealth Innovation Award 2010 under the 7th International Conference on Wearable Micro and Nano Technologies for Personalised Health&rdquo;<\/span><\/em><\/strong><\/p>\n<p style=\"text-align: center\"><strong><em><span style=\"font-size: small\"><img fetchpriority=\"high\" decoding=\"async\" title=\"Parkinson\" src=\"http:\/\/www.upm.es\/observatorio\/vi\/gestor_general\/recuperar_archivo.jsp?id=380\" alt=\"Parkinson\" width=\"300\" height=\"192\" \/><\/span><\/em><\/strong><\/p>\n<h4><strong>Previous references<\/strong><\/h4>\n<ul>\n<li>Tested with more than 100 patients, accuracy grater than 80% in quantifying the severity of motor symptoms.<\/li>\n<li>Research group with over 8 years of experience in the design, development and validation of tele-monitoring systems.<\/li>\n<\/ul>\n<h4><strong>Development stage<\/strong><\/h4>\n<ul>\n<li><span style=\"font-size: small\">Concept<\/span><\/li>\n<li><span style=\"font-size: small\">R&amp;D<\/span><\/li>\n<li><span style=\"text-decoration: underline\"><strong><span style=\"font-size: small\">Lab-Protoype<\/span><\/strong><\/span><\/li>\n<li><span style=\"font-size: small\">Industrial Prototype<\/span><\/li>\n<li><span style=\"font-size: small\">Production<\/span><\/li>\n<\/ul>\n<h4>Contact<\/h4>\n<p class=\"MsoNormal\"><strong><span style=\"font-size: small\">Contacto soluci&oacute;n tecnol&oacute;gica<\/span><\/strong><\/p>\n<p class=\"MsoNormal\"><span style=\"font-size: small\">Mar&iacute;a Teresa Arredondo<\/span><\/p>\n<p class=\"MsoNormal\"><span style=\"font-size: small\">Life Supporting Technologies &#8211; UPM<\/span><\/p>\n<p class=\"MsoNormal\"><span style=\"font-size: small\">e: <span rel=\"6c311b30a831223198310431a1312731c7311b30bd313131ab312330c6312a31c73126309a314031\" class=\"cryptex \" style=\"\"><span class=\"CryptexImg ctxQ1bmhMoHnSJZ_QVIxwfaLDrvHH0LhV2YduqdQ-XKWA0\"><\/span><\/span><\/span><\/p>\n<p class=\"MsoNormal\"><span style=\"font-size: small\">w: http:\/\/www.lst.tfo.upm.es<\/span><\/p>\n<p class=\"MsoNormal\"><strong><span style=\"font-size: small\">Contacto UPM<\/span><\/strong><\/p>\n<p class=\"MsoNormal\"><span style=\"font-size: small\">&Aacute;rea de Innovaci&oacute;n, Comercializaci&oacute;n y Creaci&oacute;n de Empresas<\/span><\/p>\n<p class=\"MsoNormal\"><span style=\"font-size: small\">Vicerrectorado de Investigaci&oacute;n &ndash; UPM<\/span>&nbsp;<\/p>\n<p class=\"MsoNormal\"><span style=\"font-size: small\">e: <span rel=\"6c311b30a4311c31a5313331ab311531b6312031b83139316a312331b6311d31c8311b31a1313c31a4313831af31163197313831a4312b3171312f31a331\" class=\"cryptex \" style=\"\"><span class=\"CryptexImg ctxR7neImVV1tJoTSyttUGBAuiESKXKLLyzTwJSN1lk9Z0\"><\/span><\/span><\/span><\/p>\n<div class=\"pdfprnt-buttons pdfprnt-buttons-product pdfprnt-bottom-left\"><a href=\"https:\/\/www.upm.es\/recursosidi\/wp-json\/wp\/v2\/product\/11596?print=pdf\" class=\"pdfprnt-button pdfprnt-button-pdf\" target=\"_blank\"><span class=\"pdfprnt-button-title pdfprnt-button-pdf-title\">Descargar ficha<\/span><\/a><\/div>","protected":false},"excerpt":{"rendered":"<p>Wearable sensors and WEB platform enables remote monitoring, evaluation and daily monitoring of patients with Parkinson&#8217;s disease.<\/p>\n","protected":false},"featured_media":11594,"template":"","meta":{"_acf_changed":false},"product_cat":[2386],"product_tag":[6576,8168],"comunidades-upm":[],"quien":[],"mapa":[{"term_id":37,"name":"Digital Technologies, Artificial Intelligence, Cybersecurity, 5G, Robotics","slug":"digital_technologies-ai-cybersecurity-5g-robotics","term_group":0,"term_taxonomy_id":37,"taxonomy":"mapa","description":"","parent":0,"count":83,"filter":"raw","term_order":"24"},{"term_id":38,"name":"Health and Wellbeing","slug":"health-and-wellbeing","term_group":0,"term_taxonomy_id":38,"taxonomy":"mapa","description":"","parent":0,"count":51,"filter":"raw","term_order":"18"}],"disponibilidad":[{"term_id":205,"name":"Consultar disponibilidad","slug":"consultar","term_group":0,"term_taxonomy_id":205,"taxonomy":"disponibilidad","description":"","parent":0,"count":290,"filter":"raw","term_order":"0"}],"donde":[{"term_id":1780,"name":"Center for Biomedical Technology","slug":"en_center-for-biomedical-technology","term_group":0,"term_taxonomy_id":1780,"taxonomy":"donde","description":"","parent":0,"count":56,"filter":"raw","term_order":"0"},{"term_id":556,"name":"Centro de Tecnolog\u00eda Biom\u00e9dica (CTB)","slug":"centro-de-tecnologia-biomedica-ctb","term_group":0,"term_taxonomy_id":556,"taxonomy":"donde","description":"","parent":0,"count":84,"filter":"raw","term_order":"0"},{"term_id":1700,"name":"Life Support Technologies","slug":"en_life-support-technologies","term_group":0,"term_taxonomy_id":1700,"taxonomy":"donde","description":"Somos uno de los principales grupos europeos de investigaci\u00f3n e innovaci\u00f3n en el sector de la eSalud y la eInclusion social y mantenemos colaboraciones estables con el sector privado y p\u00fablico en diversas \u00e1reas de I+D+i.\r\nTenemos una larga trayectoria en el dise\u00f1o, desarrollo y evaluaci\u00f3n de servicios y aplicaciones basados en las Tecnolog\u00edas de la Informaci\u00f3n y la Comunicaci\u00f3n para la creaci\u00f3n y promoci\u00f3n de nuevas ideas, m\u00e9todos y soluciones tecnol\u00f3gicas en todos los aspectos de la cadena de valor de las organizaciones.\r\n\r\nNuestros principales ejes de investigaci\u00f3n son:\r\n\r\nTIC en sanidad y servicios sociales (e-salud y e-inclusi\u00f3n)\r\nNeurofot\u00f3nica\r\nRedes y Sensores Fot\u00f3nicos","parent":0,"count":16,"filter":"raw","term_order":"0"},{"term_id":476,"name":"Tecnolog\u00edas de Apoyo a la Vida","slug":"tecnologias-de-apoyo-a-la-vida","term_group":0,"term_taxonomy_id":476,"taxonomy":"donde","description":"Somos uno de los principales grupos europeos de investigaci\u00f3n e innovaci\u00f3n en el sector de la eSalud y la eInclusion social y mantenemos colaboraciones estables con el sector privado y p\u00fablico en diversas \u00e1reas de I+D+i.\r\nTenemos una larga trayectoria en el dise\u00f1o, desarrollo y evaluaci\u00f3n de servicios y aplicaciones basados en las Tecnolog\u00edas de la Informaci\u00f3n y la Comunicaci\u00f3n para la creaci\u00f3n y promoci\u00f3n de nuevas ideas, m\u00e9todos y soluciones tecnol\u00f3gicas en todos los aspectos de la cadena de valor de las organizaciones.\r\n\r\nNuestros principales ejes de investigaci\u00f3n son:\r\n\r\nTIC en sanidad y servicios sociales (e-salud y e-inclusi\u00f3n)\r\nNeurofot\u00f3nica\r\nRedes y Sensores Fot\u00f3nicos","parent":0,"count":23,"filter":"raw","term_order":"0"}],"infraestructura":[],"ods":[{"term_id":2273,"name":"Good Health and Well-Being","slug":"good-health-and-well-being","term_group":0,"term_taxonomy_id":2273,"taxonomy":"ods","description":"","parent":0,"count":54,"filter":"raw","term_order":"0"},{"term_id":2245,"name":"Reduced Inequalities","slug":"reduced-inequalities","term_group":0,"term_taxonomy_id":2245,"taxonomy":"ods","description":"","parent":0,"count":17,"filter":"raw","term_order":"0"}],"origen":[{"term_id":192,"name":"Soluciones tecnol\u00f3gicas","slug":"soluciones-tecnologicas","term_group":0,"term_taxonomy_id":192,"taxonomy":"origen","description":"","parent":0,"count":278,"filter":"raw","term_order":"0"}],"familia_tax":false,"quien_tax":false,"donde_tax":false,"year":"2020-01-01","contacto":"ETSI de Telecomunicaci\u00f3n - UPM, Avenida  Complutense, 30, Ciudad Universitaria, 28040, Madrid","telefono":"910671900","pagina_web":"https:\/\/www.etsit.upm.es\/","email":"mta@lst.tfo.upm.es","id_ficha_portal":"92","video":"","adjuntos":false,"adjuntos_portal":"","inf":false,"departamento":"","acf":[],"lang":"en","translation":{"en":11596,"es":11593},"_links":{"self":[{"href":"https:\/\/www.upm.es\/recursosidi\/wp-json\/wp\/v2\/product\/11596"}],"collection":[{"href":"https:\/\/www.upm.es\/recursosidi\/wp-json\/wp\/v2\/product"}],"about":[{"href":"https:\/\/www.upm.es\/recursosidi\/wp-json\/wp\/v2\/types\/product"}],"wp:featuredmedia":[{"embeddable":true,"href":"https:\/\/www.upm.es\/recursosidi\/wp-json\/wp\/v2\/media\/11594"}],"wp:attachment":[{"href":"https:\/\/www.upm.es\/recursosidi\/wp-json\/wp\/v2\/media?parent=11596"}],"wp:term":[{"taxonomy":"product_cat","embeddable":true,"href":"https:\/\/www.upm.es\/recursosidi\/wp-json\/wp\/v2\/product_cat?post=11596"},{"taxonomy":"product_tag","embeddable":true,"href":"https:\/\/www.upm.es\/recursosidi\/wp-json\/wp\/v2\/product_tag?post=11596"},{"taxonomy":"comunidad_upm","embeddable":true,"href":"https:\/\/www.upm.es\/recursosidi\/wp-json\/wp\/v2\/comunidades-upm?post=11596"},{"taxonomy":"quien","embeddable":true,"href":"https:\/\/www.upm.es\/recursosidi\/wp-json\/wp\/v2\/quien?post=11596"},{"taxonomy":"mapa","embeddable":true,"href":"https:\/\/www.upm.es\/recursosidi\/wp-json\/wp\/v2\/mapa?post=11596"},{"taxonomy":"disponibilidad","embeddable":true,"href":"https:\/\/www.upm.es\/recursosidi\/wp-json\/wp\/v2\/disponibilidad?post=11596"},{"taxonomy":"donde","embeddable":true,"href":"https:\/\/www.upm.es\/recursosidi\/wp-json\/wp\/v2\/donde?post=11596"},{"taxonomy":"infraestructura","embeddable":true,"href":"https:\/\/www.upm.es\/recursosidi\/wp-json\/wp\/v2\/infraestructura?post=11596"},{"taxonomy":"ods","embeddable":true,"href":"https:\/\/www.upm.es\/recursosidi\/wp-json\/wp\/v2\/ods?post=11596"},{"taxonomy":"origen","embeddable":true,"href":"https:\/\/www.upm.es\/recursosidi\/wp-json\/wp\/v2\/origen?post=11596"}],"curies":[{"name":"wp","href":"https:\/\/api.w.org\/{rel}","templated":true}]}}