{"id":11613,"date":"2022-11-11T13:21:05","date_gmt":"2022-11-11T12:21:05","guid":{"rendered":"https:\/\/www.upm.es\/recursosidi\/offers-resources\/sin categor\u00eda\/plataforma-para-la-deteccion-de-trastornos-neurologicos\/"},"modified":"2022-11-11T13:21:17","modified_gmt":"2022-11-11T12:21:17","slug":"plataforma-para-la-deteccion-de-trastornos-neurologicos","status":"publish","type":"product","link":"https:\/\/www.upm.es\/recursosidi\/offers-resources\/soluciones-tecnologicas\/plataforma-para-la-deteccion-de-trastornos-neurologicos\/","title":{"rendered":"Plataforma para la detecci\u00f3n de trastornos neurol\u00f3gicos"},"content":{"rendered":"<h4 style=\"text-align: left\"><strong>Descripci&oacute;n breve conjunta de la soluci&oacute;n y valor a&ntilde;adido que aporta <\/strong><\/h4>\n<p style=\"text-align: justify\"><span lang=\"EN-GB\">Plataforma para la asistencia en el diagn&oacute;stico de trastornos neurol&oacute;gicos basado en un test visual y en&nbsp; un sistema de medida de algunos de los movimientos m&aacute;s relevantes que proporciona datos objetivos, bioindicadores funcionales, sobre el comportamiento del sistema nervioso central. Es un test no invasivo y r&aacute;pido que dura entre unos 5 y 8 minutos.<\/span>&nbsp;<\/p>\n<p style=\"text-align: justify\"><span lang=\"EN-GB\">Los datos proporcionados por la plataforma no pueden obtenerse ni deducidos por otro test del protocolo, por lo que son &uacute;tiles y aportan informaci&oacute;n extra al personal m&eacute;dico. La plataforma se ha inspirado por el Trastorno de D&eacute;ficit de Atenci&oacute;n con o sin Hiperactividad, TDAH, y la versatilidad de los bioindicadores hacen de esta soluci&oacute;n una herramienta para ayudar en el diagn&oacute;stico de enfermedades como la ataxia, enfermedad de Parkinson, parkinsonismo, demencia, esquizofrenia, deterioro cognitivo, etc.<\/span><\/p>\n<h4 style=\"text-align: left\"><strong>Descripci&oacute;n de la base tecnol&oacute;gica<\/strong><\/h4>\n<p style=\"text-align: justify\">Esta plataforma proporciona bioindicadores asociados al comportamiento del sistema nervioso central mediante la medida de algunos movimientos motores espec&iacute;ficos. El test es no invasivo y r&aacute;pido, y est&aacute; basado en un test visual dise&ntilde;ado por un equipo m&eacute;dico. No es posible obtener bioindicadores con otro test incluido en el protocolo de diagn&oacute;stico de enfermedades. El dispositivo es de bajo coste, port&aacute;til y vers&aacute;til.<\/p>\n<p style=\"text-align: justify\">La soluci&oacute;n tecnol&oacute;gica fue solicitada por un grupo de neurolog&iacute;a pedi&aacute;trica en el Hospital Universitario La Paz, Madrid. Es un hospital de referencia nacional e internacional en esa &aacute;rea. El equipo m&eacute;dico solicit&oacute; un dispositivo que les ayudara en el diagn&oacute;stico del creciente n&uacute;mero de enfermedades neurol&oacute;gicas en la poblaci&oacute;n. Por tanto, la plataforma se ha desarrollado bajo estrictas instrucciones m&eacute;dicas. Su uso es exclusivamente m&eacute;dico, particularmente para especialistas en neurolog&iacute;a y psiquiatr&iacute;a. La plataforma es v&aacute;lida para fines tanto cient&iacute;ficos como cl&iacute;nicos.<\/p>\n<p style=\"text-align: center\"><em>&ldquo;La plataforma ayuda al m&eacute;dico en el diagn&oacute;stico de enfermedades, como ADHD, autismo, esquizofrenia, ataxia, demencia, Parkinson, parkinsonismo, deterioro cognitivo, etc.&rdquo;<\/em><\/p>\n<h4 style=\"text-align: left\">&nbsp;<\/h4>\n<h4 style=\"text-align: left\"><strong>Necesidades de negocio \/ aplicaci&oacute;n<\/strong><\/h4>\n<ul>\n<li>\n<p style=\"text-align: justify\">La OMS estima que el n&uacute;mero de personas afectadas por el Trastorno de D&eacute;ficit de Atenci&oacute;n con o sin Hiperactividad es de 370 millones (5,3% de la poblaci&oacute;n mundial). En Espa&ntilde;a, es de un 6%, igual que en Europa. En EEUU es del 10%. Seg&uacute;n las estad&iacute;sticas se ha incrementado en un 53% en los &uacute;ltimos 10 a&ntilde;os.<\/p>\n<\/li>\n<li style=\"text-align: justify\">\n<p>La diferencia entre las cifras de Europa y EEUU se puede justificar b&aacute;sicamente por dos razones:&nbsp; Protocolos de diagn&oacute;stico diferentes; no hay una metodolog&iacute;a universalmente aceptada por la comunidad m&eacute;dica que apoye el diagn&oacute;stico.<\/p>\n<\/li>\n<li>\n<p style=\"text-align: justify\">El informe &ldquo;Haciendo visible lo invisible&rdquo; (Comunidad Econ&oacute;mica Europea, abril 2013) sugiere que entre los costes de tratamiento de enfermedades sean computados costes extra como el sistema educativo, el sistema judicial o p&eacute;rdidas en la productividad de los trabajadores con TDAH. Adem&aacute;s, da las directrices para tratar esta enfermedad: mejorar el conocimiento sobre el TDAH, incrementar el diagn&oacute;stico temprano y preciso, asegurar el apropiado acceso al tratamiento, fomentar la participaci&oacute;n de las asociaciones de pacientes de esta enfermedad e invertir m&aacute;s esfuerzo en su investigaci&oacute;n.<\/p>\n<\/li>\n<\/ul>\n<h4 style=\"text-align: left\"><strong>Ventajas competitivas<\/strong><\/h4>\n<ul>\n<li style=\"text-align: justify\">\n<p style=\"text-align: justify\">Bajo coste y portabilidad<\/p>\n<\/li>\n<li style=\"text-align: justify\">\n<p>Capacidad para descartar otras patolog&iacute;as com&oacute;rbidas y la versatilidad para detectar otros trastornos neurol&oacute;gicos en la infancia o en la edad adulta.<\/p>\n<\/li>\n<li style=\"text-align: justify\">\n<p>Contribuir significativamente en la investigaci&oacute;n de enfermedades del sistema nervioso central.<\/p>\n<\/li>\n<li style=\"text-align: justify\">\n<p style=\"text-align: justify\">Proporciona biomarcadores funcional<\/p>\n<\/li>\n<\/ul>\n<p style=\"text-align: center\"><em>&ldquo;El prototipo ha sido desarrollado con el Departamento de Anatom&iacute;a, Histolog&iacute;a y Neurociencia, Facultad de Medicina de la Universidad Aut&oacute;noma de Madrid, investigadores IdiPAZ y el equipo m&eacute;dico del Hospital Universitario La Paz, Madrid, Espa&ntilde;a&rdquo;<\/em><\/p>\n<p style=\"text-align: center\">&nbsp;<\/p>\n<h4 style=\"text-align: left\"><strong>Referencias<\/strong><\/h4>\n<ul>\n<li>\n<p style=\"text-align: justify\">M&aacute;s de 20 a&ntilde;os de experiencia en investigaci&oacute;n en automoci&oacute;n y sus posibles aplicaciones industriales.<\/p>\n<\/li>\n<li>\n<p style=\"text-align: justify\">La plataforma se ha desarrollado en la Universidad Polit&eacute;cnica de Madrid con un equipo de neurocient&iacute;ficos de la Facultad de Medicina de la Universidad Aut&oacute;noma de Madrid, el Centro de Investigaci&oacute;n IdiPAZ y el Hospital Universitario de La Paz.<\/p>\n<\/li>\n<\/ul>\n<h4 style=\"text-align: left\"><strong>Grado de desarrollo<\/strong><\/h4>\n<ul>\n<li>\n<p>Concepto<\/p>\n<\/li>\n<li>\n<p>Investigaci&oacute;n<\/p>\n<\/li>\n<li>\n<p><span style=\"text-decoration: underline\"><strong>Prototipo Lab<\/strong><\/span><\/p>\n<\/li>\n<li>\n<p>Prototipo industrial<\/p>\n<\/li>\n<li>\n<p>Producci&oacute;n<\/p>\n<\/li>\n<\/ul>\n<h4 style=\"text-align: left\"><strong>Contacto<\/strong><\/h4>\n<p style=\"text-align: justify\"><strong><span lang=\"EN-GB\">Contacto Plataforma para la detecci&oacute;n de trastornos neurol&oacute;gicos<\/span><\/strong><\/p>\n<p style=\"text-align: justify\"><span lang=\"EN-GB\">Cecilia E. Garc&iacute;a Cena<\/span><\/p>\n<p style=\"text-align: justify\"><span lang=\"EN-GB\">Centro de Autom&aacute;tica y Rob&oacute;tica UPM-CSIC (CAR)<\/span><\/p>\n<p style=\"text-align: justify\"><span lang=\"EN-GB\">e: <span rel=\"7f313930ab312c31b5312031ac311a31af312130a4312731cc311b31a831283191313331bd311e315e311a31cc31\" class=\"cryptex \" style=\"\"><span class=\"CryptexImg ctx1S8FMJsfN6pJyseX5bchow6hPYHS_uEAXpE4pNI251g\"><\/span><\/span><\/span><\/p>\n<p style=\"text-align: justify\"><strong><span lang=\"EN-GB\">Contacto UPM<\/span><\/strong><\/p>\n<p style=\"text-align: justify\"><span lang=\"EN-GB\">Programas de Innovaci&oacute;n y Emprendimiento<\/span><\/p>\n<p style=\"text-align: justify\"><span lang=\"EN-GB\">Centro de Apoyo a la Innovaci&oacute;n Tecnol&oacute;gica &ndash; UPM<\/span>&nbsp;<\/p>\n<p style=\"text-align: justify\"><span lang=\"EN-GB\">e: <span rel=\"7f313930b1313531c0312631b6311231b1311a31ac31343188312c31a4312a31bf312d31b931203197311e31bc31123184311e31a231233183311c31ac31\" class=\"cryptex \" style=\"\"><span class=\"CryptexImg ctxR7neImVV1tJoTSyttUGBAuiESKXKLLyzTwJSN1lk9Z0\"><\/span><\/span><\/span><\/p>\n<div class=\"pdfprnt-buttons pdfprnt-buttons-product pdfprnt-bottom-left\"><a href=\"https:\/\/www.upm.es\/recursosidi\/wp-json\/wp\/v2\/product\/11613?print=pdf\" class=\"pdfprnt-button pdfprnt-button-pdf\" target=\"_blank\"><span class=\"pdfprnt-button-title pdfprnt-button-pdf-title\">Descargar ficha<\/span><\/a><\/div>","protected":false},"excerpt":{"rendered":"<p>Test no invasivo y r\u00e1pido basado en un test visual y en un sistema de medida para la asistencia de personal m\u00e9dico en el diagn\u00f3stico de trastornos neurol\u00f3gicos<\/p>\n","protected":false},"featured_media":11612,"template":"","meta":{"_acf_changed":false},"product_cat":[2384],"product_tag":[2514],"comunidades-upm":[],"quien":[],"mapa":[{"term_id":122,"name":"Salud y bienestar","slug":"salud-y-bienestar","term_group":0,"term_taxonomy_id":122,"taxonomy":"mapa","description":"","parent":0,"count":105,"filter":"raw","term_order":"17"}],"disponibilidad":[{"term_id":205,"name":"Consultar disponibilidad","slug":"consultar","term_group":0,"term_taxonomy_id":205,"taxonomy":"disponibilidad","description":"","parent":0,"count":290,"filter":"raw","term_order":"0"}],"donde":[{"term_id":1800,"name":"Centre for Automation and Robotics (CAR). Joint UPM-CSIC Centre","slug":"en_centre-for-automation-and-robotics-car-joint-upm-csic-centre","term_group":0,"term_taxonomy_id":1800,"taxonomy":"donde","description":"","parent":0,"count":17,"filter":"raw","term_order":"0"},{"term_id":576,"name":"Centro de Autom\u00e1tica y Rob\u00f3tica (CAR). Centro Mixto UPM-CSIC","slug":"centro-de-automatica-y-robotica-car-centro-mixto-upm-csic","term_group":0,"term_taxonomy_id":576,"taxonomy":"donde","description":"","parent":0,"count":42,"filter":"raw","term_order":"0"},{"term_id":1584,"name":"Robots and smart machines","slug":"en_robots-and-smart-machines","term_group":0,"term_taxonomy_id":1584,"taxonomy":"donde","description":"","parent":0,"count":4,"filter":"raw","term_order":"0"},{"term_id":360,"name":"Robots y m\u00e1quinas inteligentes","slug":"robots-y-maquinas-inteligentes","term_group":0,"term_taxonomy_id":360,"taxonomy":"donde","description":"","parent":0,"count":22,"filter":"raw","term_order":"0"}],"infraestructura":[],"ods":[{"term_id":2243,"name":"Reducci\u00f3n de las Desigualdades","slug":"reduccion-de-las-desigualdades","term_group":0,"term_taxonomy_id":2243,"taxonomy":"ods","description":"","parent":0,"count":17,"filter":"raw","term_order":"0"},{"term_id":2271,"name":"Salud y Bienestar","slug":"salud-y-bienestar","term_group":0,"term_taxonomy_id":2271,"taxonomy":"ods","description":"","parent":0,"count":59,"filter":"raw","term_order":"0"}],"origen":[{"term_id":192,"name":"Soluciones tecnol\u00f3gicas","slug":"soluciones-tecnologicas","term_group":0,"term_taxonomy_id":192,"taxonomy":"origen","description":"","parent":0,"count":278,"filter":"raw","term_order":"0"}],"familia_tax":false,"quien_tax":false,"donde_tax":false,"year":"2020-01-01","contacto":"ETS de Ingenieros Industriales - UPM, c\/ Jos\u00e9 Guti\u00e9rrez Abascal 2, 28006, Madrid","telefono":"910676734","pagina_web":"https:\/\/www.car.upm-csic.es\/","email":"cecilia.garcia@upm.es","id_ficha_portal":"76","video":"","adjuntos":false,"adjuntos_portal":"","inf":false,"departamento":"","acf":[],"lang":"es","translation":{"es":11613,"en":11615},"_links":{"self":[{"href":"https:\/\/www.upm.es\/recursosidi\/wp-json\/wp\/v2\/product\/11613"}],"collection":[{"href":"https:\/\/www.upm.es\/recursosidi\/wp-json\/wp\/v2\/product"}],"about":[{"href":"https:\/\/www.upm.es\/recursosidi\/wp-json\/wp\/v2\/types\/product"}],"wp:featuredmedia":[{"embeddable":true,"href":"https:\/\/www.upm.es\/recursosidi\/wp-json\/wp\/v2\/media\/11612"}],"wp:attachment":[{"href":"https:\/\/www.upm.es\/recursosidi\/wp-json\/wp\/v2\/media?parent=11613"}],"wp:term":[{"taxonomy":"product_cat","embeddable":true,"href":"https:\/\/www.upm.es\/recursosidi\/wp-json\/wp\/v2\/product_cat?post=11613"},{"taxonomy":"product_tag","embeddable":true,"href":"https:\/\/www.upm.es\/recursosidi\/wp-json\/wp\/v2\/product_tag?post=11613"},{"taxonomy":"comunidad_upm","embeddable":true,"href":"https:\/\/www.upm.es\/recursosidi\/wp-json\/wp\/v2\/comunidades-upm?post=11613"},{"taxonomy":"quien","embeddable":true,"href":"https:\/\/www.upm.es\/recursosidi\/wp-json\/wp\/v2\/quien?post=11613"},{"taxonomy":"mapa","embeddable":true,"href":"https:\/\/www.upm.es\/recursosidi\/wp-json\/wp\/v2\/mapa?post=11613"},{"taxonomy":"disponibilidad","embeddable":true,"href":"https:\/\/www.upm.es\/recursosidi\/wp-json\/wp\/v2\/disponibilidad?post=11613"},{"taxonomy":"donde","embeddable":true,"href":"https:\/\/www.upm.es\/recursosidi\/wp-json\/wp\/v2\/donde?post=11613"},{"taxonomy":"infraestructura","embeddable":true,"href":"https:\/\/www.upm.es\/recursosidi\/wp-json\/wp\/v2\/infraestructura?post=11613"},{"taxonomy":"ods","embeddable":true,"href":"https:\/\/www.upm.es\/recursosidi\/wp-json\/wp\/v2\/ods?post=11613"},{"taxonomy":"origen","embeddable":true,"href":"https:\/\/www.upm.es\/recursosidi\/wp-json\/wp\/v2\/origen?post=11613"}],"curies":[{"name":"wp","href":"https:\/\/api.w.org\/{rel}","templated":true}]}}

https://www.upm.es/recursosidi/offers-resources/sin categoría/plataforma-para-la-deteccion-de-trastornos-neurologicos/

Plataforma para la detección de trastornos neurológicos

<p>Test no invasivo y rápido basado en un test visual y en un sistema de medida para la asistencia de personal médico en el diagnóstico de trastornos neurológicos</p>

Centro de Automática y Robótica (CAR). Centro Mixto UPM-CSIC

Robots y máquinas inteligentes

Reducción de las Desigualdades

Soluciones tecnológicas

ETS de Ingenieros Industriales - UPM, c/ José Gutiérrez Abascal 2, 28006, Madrid
