{"id":11644,"date":"2022-11-21T12:21:36","date_gmt":"2022-11-21T11:21:36","guid":{"rendered":"https:\/\/www.upm.es\/recursosidi\/offers-resources\/sin categor\u00eda\/prophet\/"},"modified":"2022-11-21T12:21:44","modified_gmt":"2022-11-21T11:21:44","slug":"prophet","status":"publish","type":"product","link":"https:\/\/www.upm.es\/recursosidi\/offers-resources\/soluciones-tecnologicas\/prophet\/","title":{"rendered":"PROPHET"},"content":{"rendered":"<h4 style=\"text-align: left\"><strong>Descripci&oacute;n breve conjunta de la soluci&oacute;n y valor a&ntilde;adido que aporta <\/strong><\/h4>\n<p style=\"text-align: justify\">PROPHET ofrece una soluci&oacute;n innovadora para reproducir la din&aacute;mica de la potencia generada por un conjunto de plantas fotovoltaicas en una misma regi&oacute;n clim&aacute;tica. Se trata de un emulador que no necesita ni de hardware, ni de monitorizaci&oacute;n en las plantas fotovoltaicas, s&oacute;lo de datos de radiaci&oacute;n de una sola estaci&oacute;n meteorol&oacute;gica ya existente en la regi&oacute;n. De esta manera, facilita la gesti&oacute;n de dichas plantas por el operador del sistema el&eacute;ctrico, permitiendo una mayor penetraci&oacute;n fotovoltaica en el sistema el&eacute;ctrico sin riesgo para la red.<\/p>\n<h4 style=\"text-align: left\"><strong>Descripci&oacute;n de la base tecnol&oacute;gica<\/strong><\/h4>\n<p style=\"text-align: justify\">Investigadores de la Universidad Polit&eacute;cnica de Madrid y de la Universidad P&uacute;blica de Navarra, han desarrollado un emulador de la potencia generada por un conjunto de sistemas fotovoltaicos dispersos en una misma regi&oacute;n clim&aacute;tica.<\/p>\n<p style=\"text-align: justify\">La herramienta trabaja a partir &uacute;nicamente de datos de irradiancia incidente en un punto, reproduciendo fielmente la din&aacute;mica en la potencia generada por el conjunto de plantas fotovoltaicas.<\/p>\n<p style=\"text-align: justify\">De esta manera, se puede comprobar la robustez de la red en t&eacute;rminos de tensi&oacute;n y frecuencia sin necesidad de monitorizaci&oacute;n y de realizar telemedidas de las plantas fotovoltaicas que est&aacute; gestionando.&nbsp;<\/p>\n<p style=\"text-align: center\"><em>&ldquo;La estimaci&oacute;n realizada por PROPHET permitir&aacute; penetraciones de hasta el 30% de potencia fotovoltaica en el sistema el&eacute;ctrico europeo&rdquo;<\/em><\/p>\n<p><span style=\"font-size: small\">&nbsp;<\/span><\/p>\n<h4 style=\"text-align: left\"><strong>Necesidades de negocio \/ aplicaci&oacute;n<\/strong><\/h4>\n<p style=\"text-align: justify\"><strong>Energ&iacute;a<\/strong><\/p>\n<ul>\n<li style=\"text-align: justify\">\n<p style=\"text-align: justify\">Una de las caracter&iacute;sticas de la energ&iacute;a el&eacute;ctrica es que no puede almacenarse en grandes cantidades, por lo que, para el correcto funcionamiento del sistema el&eacute;ctrico, la producci&oacute;n de las centrales de generaci&oacute;n debe igualarse al consumo de forma precisa e instant&aacute;nea.<\/p>\n<\/li>\n<li style=\"text-align: justify\">\n<p>Las plantas fotovoltaicas introducen perturbaciones a la red al generar potencia intermitente que obliga a establecer un l&iacute;mite a la potencia fotovoltaica que se puede introducir en el sistema el&eacute;ctrico.<\/p>\n<\/li>\n<li style=\"text-align: justify\">\n<p style=\"text-align: justify\">Esta variabilidad en la potencia generada es uno de los mayores retos para la integraci&oacute;n masiva de sistemas fotovoltaicos en las redes el&eacute;ctricas.<\/p>\n<\/li>\n<\/ul>\n<h4 style=\"text-align: left\"><strong>Ventajas competitivas<\/strong><\/h4>\n<ul>\n<li>\n<p style=\"text-align: justify\">Permite penetraciones de potencia fotovoltaica de hasta un 30% en el sistema el&eacute;ctrico europeo.<\/p>\n<\/li>\n<li style=\"text-align: justify\">\n<p>&nbsp;F&aacute;cil implantaci&oacute;n; infraestructura necesaria m&iacute;nima.<\/p>\n<\/li>\n<li style=\"text-align: justify\">\n<p>&nbsp;Aplicable a un conjunto de plantas fotovoltaicas en una misma regi&oacute;n clim&aacute;tica (por ejemplo, todas las que vierten a un mismo nodo de la red).<\/p>\n<\/li>\n<li style=\"text-align: justify\">\n<p>&nbsp;No necesita de hardware ni de monitorizaci&oacute;n de las plantas fotovoltaicas.<\/p>\n<\/li>\n<li>\n<p style=\"text-align: justify\">&nbsp;Emplea datos de una sola estaci&oacute;n meteorol&oacute;gica ya existentes en la regi&oacute;n.<\/p>\n<\/li>\n<\/ul>\n<p style=\"text-align: center\"><em>&ldquo;El gran reto es el de adaptar la aportaci&oacute;n de las energ&iacute;as renovables &ndash; dependientes de las condiciones meteorol&oacute;gicas &ndash; al sistema el&eacute;ctrico necesitado de equilibrio entre producci&oacute;n y consumo&rdquo;<\/em><\/p>\n<p style=\"text-align: center\"><em><strong><span style=\"font-size: small\"><img decoding=\"async\" src=\"http:\/\/www.upm.es\/observatorio\/vi\/gestor_general\/recuperar_archivo.jsp?id=1133\" alt=\"\" width=\"250\" height=\"147\" \/><br \/><\/span><\/strong><\/em><\/p>\n<h4 style=\"text-align: left\"><strong>Referencias<\/strong><\/h4>\n<ul>\n<li>\n<p style=\"text-align: justify\">El Instituto de Energ&iacute;a Solar (IES-UPM) es un centro de referencia a nivel mundial en el sector de la energ&iacute;a solar fotovoltaica. &nbsp;Posee una amplia y prolongada relaci&oacute;n con la industria y con otros centros importantes en el campo de la energ&iacute;a &nbsp;reconocidos internacionalmente.<\/p>\n<\/li>\n<li>\n<p style=\"text-align: justify\">La UPNa es un centro l&iacute;der en los equipos electr&oacute;nicos de potencia para uso en sistemas de generaci&oacute;n de energ&iacute;a renovable<\/p>\n<\/li>\n<\/ul>\n<h4><strong>Protecci&oacute;n industrial<\/strong><\/h4>\n<ul>\n<li>\n<p style=\"text-align: justify\">Patente solicitada en Espa&ntilde;a.<\/p>\n<\/li>\n<li>\n<p style=\"text-align: justify\">Patente Internacional solicitada v&iacute;a PCT PCT\/ES2015\/070906.<\/p>\n<\/li>\n<\/ul>\n<h4 style=\"text-align: left\"><strong>Grado de desarrollo<\/strong><\/h4>\n<ul>\n<li><span style=\"font-size: small\">Concepto<\/span><\/li>\n<li><span style=\"font-size: small\">Investigaci&oacute;n<\/span><\/li>\n<li><span style=\"text-decoration: underline\"><strong><span style=\"font-size: small\">Prototipo-Lab<\/span><\/strong><\/span><\/li>\n<li><span style=\"font-size: small\">Prototipo Industrial<\/span><\/li>\n<li><span style=\"font-size: small\">Producci&oacute;n<\/span><\/li>\n<\/ul>\n<h4><strong>Contacto<\/strong><\/h4>\n<p style=\"text-align: justify\"><strong>Contacto PROPHET<\/strong><\/p>\n<p style=\"text-align: justify\">Luis Narvarte Fern&aacute;ndez, Eduardo Lorenzo Pigueiras<\/p>\n<p style=\"text-align: justify\">e:&nbsp;<span rel=\"79311e30af311231a73130319e313e31ab3128318b312931b6311c3160312331b1311f3181312431b231393163312531b731\" class=\"cryptex \" style=\"\"><span class=\"CryptexImg ctx06_unm5wLjmovY8y-ZYcBNFJlSwUbzq4CNsMkGyDdqY\"><\/span><\/span><\/p>\n<p style=\"text-align: justify\">e:&nbsp;<span rel=\"79311e30ad312031a7311f31ab314631a6310331b4312531c4312a3097312431b2311930c8311f31af3106309a313331\" class=\"cryptex \" style=\"\"><span class=\"CryptexImg ctxGFK8bOlOlJEh-Ynsy0252U2YM8ANPhjUzAhmCJDns8c\"><\/span><\/span><\/p>\n<p style=\"text-align: justify\"><strong>Contacto UPM<\/strong><\/p>\n<p style=\"text-align: justify\">Programas de Innovaci&oacute;n y Emprendimiento<\/p>\n<p style=\"text-align: justify\">Centro de Apoyo a la Innovaci&oacute;n Tecnol&oacute;gica &ndash; UPM&nbsp;<\/p>\n<p style=\"text-align: justify\">e: <span rel=\"79311e30aa311f31a3312931b3312d319a312c31ba312e317f311d3198312231ba312831bf311e31a93135319831213184312531a831293176310f31c731\" class=\"cryptex \" style=\"\"><span class=\"CryptexImg ctxR7neImVV1tJoTSyttUGBAuiESKXKLLyzTwJSN1lk9Z0\"><\/span><\/span><\/p>\n<div class=\"pdfprnt-buttons pdfprnt-buttons-product pdfprnt-bottom-left\"><a href=\"https:\/\/www.upm.es\/recursosidi\/wp-json\/wp\/v2\/product\/11644?print=pdf\" class=\"pdfprnt-button pdfprnt-button-pdf\" target=\"_blank\"><span class=\"pdfprnt-button-title pdfprnt-button-pdf-title\">Descargar ficha<\/span><\/a><\/div>","protected":false},"excerpt":{"rendered":"<p>Herramienta de predicci\u00f3n y gesti\u00f3n de la Energ\u00eda Solar Fotovoltaica.<\/p>\n<p>PROPHET proporciona una estimaci\u00f3n de las fluctuaciones de potencia que generar\u00e1 un conjunto de plantas FV en una misma regi\u00f3n clim\u00e1tica.<\/p>\n","protected":false},"featured_media":11643,"template":"","meta":{"_acf_changed":false},"product_cat":[2384],"product_tag":[2306,2567,2409],"comunidades-upm":[],"quien":[],"mapa":[{"term_id":133,"name":"Clima, Energ\u00eda y Movilidad","slug":"clima-energia-movilidad","term_group":0,"term_taxonomy_id":133,"taxonomy":"mapa","description":"","parent":0,"count":129,"filter":"raw","term_order":"9"}],"disponibilidad":[{"term_id":205,"name":"Consultar disponibilidad","slug":"consultar","term_group":0,"term_taxonomy_id":205,"taxonomy":"disponibilidad","description":"","parent":0,"count":290,"filter":"raw","term_order":"0"}],"donde":[{"term_id":236,"name":"Instituto de Energ\u00eda Solar (IES)","slug":"instituto-de-energia-solar-ies","term_group":0,"term_taxonomy_id":236,"taxonomy":"donde","description":"","parent":0,"count":41,"filter":"raw","term_order":"0"},{"term_id":1778,"name":"Photovoltaic Systems","slug":"en_photovoltaic-systems","term_group":0,"term_taxonomy_id":1778,"taxonomy":"donde","description":"","parent":0,"count":2,"filter":"raw","term_order":"0"},{"term_id":554,"name":"Sistemas Fotovoltaicos","slug":"sistemas-fotovoltaicos","term_group":0,"term_taxonomy_id":554,"taxonomy":"donde","description":"","parent":0,"count":10,"filter":"raw","term_order":"0"},{"term_id":1460,"name":"Solar Energy Institute","slug":"en_solar-energy-institute","term_group":0,"term_taxonomy_id":1460,"taxonomy":"donde","description":"","parent":0,"count":14,"filter":"raw","term_order":"0"}],"infraestructura":[],"ods":[{"term_id":2231,"name":"Acci\u00f3n por el Clima","slug":"accion-por-el-clima","term_group":0,"term_taxonomy_id":2231,"taxonomy":"ods","description":"","parent":0,"count":67,"filter":"raw","term_order":"0"},{"term_id":2255,"name":"Energ\u00eda Asequible y no Contaminante","slug":"energia-asequible-y-no-contaminante","term_group":0,"term_taxonomy_id":2255,"taxonomy":"ods","description":"","parent":0,"count":34,"filter":"raw","term_order":"0"}],"origen":[{"term_id":192,"name":"Soluciones tecnol\u00f3gicas","slug":"soluciones-tecnologicas","term_group":0,"term_taxonomy_id":192,"taxonomy":"origen","description":"","parent":0,"count":278,"filter":"raw","term_order":"0"}],"familia_tax":false,"quien_tax":false,"donde_tax":false,"year":"2020-01-01","contacto":"ETSIS de Telecomunicaci\u00f3n - UPM, Campus Sur, c\/Nikola Tesla, s\/n, 28031, Madrid","telefono":"910671900","pagina_web":"https:\/\/www.ies.upm.es\/","email":"narvarte@ies-def.upm.es","id_ficha_portal":"119","video":"","adjuntos":false,"adjuntos_portal":"","inf":false,"departamento":"","acf":[],"lang":"es","translation":{"es":11644,"en":11646},"_links":{"self":[{"href":"https:\/\/www.upm.es\/recursosidi\/wp-json\/wp\/v2\/product\/11644"}],"collection":[{"href":"https:\/\/www.upm.es\/recursosidi\/wp-json\/wp\/v2\/product"}],"about":[{"href":"https:\/\/www.upm.es\/recursosidi\/wp-json\/wp\/v2\/types\/product"}],"wp:featuredmedia":[{"embeddable":true,"href":"https:\/\/www.upm.es\/recursosidi\/wp-json\/wp\/v2\/media\/11643"}],"wp:attachment":[{"href":"https:\/\/www.upm.es\/recursosidi\/wp-json\/wp\/v2\/media?parent=11644"}],"wp:term":[{"taxonomy":"product_cat","embeddable":true,"href":"https:\/\/www.upm.es\/recursosidi\/wp-json\/wp\/v2\/product_cat?post=11644"},{"taxonomy":"product_tag","embeddable":true,"href":"https:\/\/www.upm.es\/recursosidi\/wp-json\/wp\/v2\/product_tag?post=11644"},{"taxonomy":"comunidad_upm","embeddable":true,"href":"https:\/\/www.upm.es\/recursosidi\/wp-json\/wp\/v2\/comunidades-upm?post=11644"},{"taxonomy":"quien","embeddable":true,"href":"https:\/\/www.upm.es\/recursosidi\/wp-json\/wp\/v2\/quien?post=11644"},{"taxonomy":"mapa","embeddable":true,"href":"https:\/\/www.upm.es\/recursosidi\/wp-json\/wp\/v2\/mapa?post=11644"},{"taxonomy":"disponibilidad","embeddable":true,"href":"https:\/\/www.upm.es\/recursosidi\/wp-json\/wp\/v2\/disponibilidad?post=11644"},{"taxonomy":"donde","embeddable":true,"href":"https:\/\/www.upm.es\/recursosidi\/wp-json\/wp\/v2\/donde?post=11644"},{"taxonomy":"infraestructura","embeddable":true,"href":"https:\/\/www.upm.es\/recursosidi\/wp-json\/wp\/v2\/infraestructura?post=11644"},{"taxonomy":"ods","embeddable":true,"href":"https:\/\/www.upm.es\/recursosidi\/wp-json\/wp\/v2\/ods?post=11644"},{"taxonomy":"origen","embeddable":true,"href":"https:\/\/www.upm.es\/recursosidi\/wp-json\/wp\/v2\/origen?post=11644"}],"curies":[{"name":"wp","href":"https:\/\/api.w.org\/{rel}","templated":true}]}}