{"id":11816,"date":"2023-01-26T11:47:07","date_gmt":"2023-01-26T10:47:07","guid":{"rendered":"https:\/\/www.upm.es\/recursosidi\/offers-resources\/sin%20categor\u00eda\/sistema-y-metodo-de-deteccion-de-faltas-a-tierra-o-contra-el-chasis-en-sistemas-de-corriente-continua-con-inversores-alimentados-a-partir-de-baterias\/"},"modified":"2025-02-01T02:46:42","modified_gmt":"2025-02-01T01:46:42","slug":"sistema-y-metodo-de-deteccion-de-faltas-a-tierra-o-contra-el-chasis-en-sistemas-de-corriente-continua-con-inversores-alimentados-a-partir-de-baterias","status":"publish","type":"product","link":"https:\/\/www.upm.es\/recursosidi\/offers-resources\/patentes\/sistema-y-metodo-de-deteccion-de-faltas-a-tierra-o-contra-el-chasis-en-sistemas-de-corriente-continua-con-inversores-alimentados-a-partir-de-baterias\/","title":{"rendered":"Sistema y m\u00e9todo de detecci\u00f3n de faltas a tierra o contra el chasis en sistemas de corriente continua con inversores alimentados a partir de bater\u00edas"},"content":{"rendered":"<h5>Descripci\u00f3n de la patente <\/h5>\n<p>Se divulga un sistema de detecci&oacute;n de faltas a tierra<br \/>en sistemas de corriente continua con inversores<br \/>alimentados mediante bater&iacute;as. El sistema est&aacute;<br \/>comprende: un punto de tensi&oacute;n media (9) de la<br \/>bater&iacute;a (1); una impedancia (6) entre el punto de<br \/>tensi&oacute;n media (9) y tierra o chasis (7); un equipo de<br \/>medida (8) de la corriente\/tensi&oacute;n en la impedancia,<br \/>obteniendo una se&ntilde;al medida (22); un dispositivo<br \/>analizador (10) de la se&ntilde;al. El dispositivo analizador<br \/>comprende: medios de descomposici&oacute;n arm&oacute;nica (11)<br \/>de la se&ntilde;al; medios de obtenci&oacute;n de la amplitud y<br \/>polaridad de la se&ntilde;al en corriente continua (12) y de la<br \/>amplitud de dicha se&ntilde;al en corriente alterna (13);<br \/>medios de comparaci&oacute;n en continua (14) y en alterna<br \/>(16) encargados de comparar dicha amplitud en<br \/>corriente con un valor predeterminado de continua<br \/>AFALLO CC (15) y de alterna AFALLO CA (17), y obtener<br \/>se&ntilde;ales de salida (19 a 21) indicativas de la existencia<br \/>o no de falta a tierra.<\/p>\n<p><img fetchpriority=\"high\" decoding=\"async\" src=\"https:\/\/www.upm.es\/S2i\/Acuse\/recuperarArchivo.jsp?id=1516&amp;id_archivo=12697&amp;tipo=patente&amp;extension=imagen\" alt=\"Figura 1\" width=\"527\" height=\"616\" \/><\/p>\n<p>&nbsp;<\/p>\n<h5>N\u00famero de solicitud<\/h5>\n<p>P201831236<\/p>\n<h5>N\u00famero de publicaci\u00f3n<\/h5>\n<p>ES2716482<\/p>\n<h5>Fecha de presentaci\u00f3n <\/h5>\n<p>18\/12\/2018<\/p>\n<h5>Fecha de publicaci\u00f3n <\/h5>\n<p>12\/06\/2019<\/p>\n<h5>Fecha de concesi\u00f3n <\/h5>\n<p>04\/08\/2020<\/p>\n<div class=\"pdfprnt-buttons pdfprnt-buttons-product pdfprnt-bottom-left\"><a href=\"https:\/\/www.upm.es\/recursosidi\/wp-json\/wp\/v2\/product\/11816?print=pdf\" class=\"pdfprnt-button pdfprnt-button-pdf\" target=\"_blank\"><span class=\"pdfprnt-button-title pdfprnt-button-pdf-title\">Descargar ficha<\/span><\/a><\/div>","protected":false},"excerpt":{"rendered":"<p>Descripci\u00f3n de la patente Se divulga un sistema de detecci&oacute;n de faltas a tierraen sistemas de corriente continua con inversoresalimentados mediante bater&iacute;as. El sistema est&aacute;comprende:&hellip;<\/p>\n","protected":false},"featured_media":0,"template":"","meta":{"_acf_changed":false},"product_cat":[3946],"product_tag":[10880,10882,4116,4084,10317,4121],"comunidades-upm":[],"quien":[],"mapa":[{"term_id":2405,"name":"Ciencia para la ingenier\u00eda y la arquitectura","slug":"ciencia-para-ingenieria-y-arquitectura","term_group":0,"term_taxonomy_id":2405,"taxonomy":"mapa","description":"","parent":0,"count":127,"filter":"raw","term_order":"7"},{"term_id":133,"name":"Clima, Energ\u00eda y Movilidad","slug":"clima-energia-movilidad","term_group":0,"term_taxonomy_id":133,"taxonomy":"mapa","description":"","parent":0,"count":129,"filter":"raw","term_order":"9"},{"term_id":135,"name":"Industria, materiales y econom\u00eda circular","slug":"industria-materiales-economia_circular","term_group":0,"term_taxonomy_id":135,"taxonomy":"mapa","description":"","parent":0,"count":165,"filter":"raw","term_order":"13"}],"disponibilidad":[],"donde":[{"term_id":374,"name":"Generaci\u00f3n el\u00e9ctrica con energ\u00eda e\u00f3lica","slug":"generacion-electrica-con-energia-eolica","term_group":0,"term_taxonomy_id":374,"taxonomy":"donde","description":"","parent":0,"count":70,"filter":"raw","term_order":"0"}],"infraestructura":[],"ods":[],"origen":[{"term_id":180,"name":"Patente","slug":"patente","term_group":0,"term_taxonomy_id":180,"taxonomy":"origen","description":"","parent":0,"count":614,"filter":"raw","term_order":"0"}],"familia_tax":false,"quien_tax":false,"donde_tax":false,"year":"","contacto":"<strong>Principales: <\/strong><ul><li>CARLOS ANTONIO PLATERO GAONA <blockquote><strong>carlosantonio.platero@upm.es<\/strong><\/blockquote><\/li><\/ul>","telefono":"","pagina_web":"","email":"","id_ficha_portal":"1516","video":"","adjuntos":false,"adjuntos_portal":"https:\/\/www.upm.es\/S2i\/Acuse\/recuperarArchivo.jsp?id=1516&id_archivo=11259&tipo=patente&extension=fichero","inf":false,"departamento":"","acf":[],"lang":"es","translation":{"es":11816},"_links":{"self":[{"href":"https:\/\/www.upm.es\/recursosidi\/wp-json\/wp\/v2\/product\/11816"}],"collection":[{"href":"https:\/\/www.upm.es\/recursosidi\/wp-json\/wp\/v2\/product"}],"about":[{"href":"https:\/\/www.upm.es\/recursosidi\/wp-json\/wp\/v2\/types\/product"}],"wp:attachment":[{"href":"https:\/\/www.upm.es\/recursosidi\/wp-json\/wp\/v2\/media?parent=11816"}],"wp:term":[{"taxonomy":"product_cat","embeddable":true,"href":"https:\/\/www.upm.es\/recursosidi\/wp-json\/wp\/v2\/product_cat?post=11816"},{"taxonomy":"product_tag","embeddable":true,"href":"https:\/\/www.upm.es\/recursosidi\/wp-json\/wp\/v2\/product_tag?post=11816"},{"taxonomy":"comunidad_upm","embeddable":true,"href":"https:\/\/www.upm.es\/recursosidi\/wp-json\/wp\/v2\/comunidades-upm?post=11816"},{"taxonomy":"quien","embeddable":true,"href":"https:\/\/www.upm.es\/recursosidi\/wp-json\/wp\/v2\/quien?post=11816"},{"taxonomy":"mapa","embeddable":true,"href":"https:\/\/www.upm.es\/recursosidi\/wp-json\/wp\/v2\/mapa?post=11816"},{"taxonomy":"disponibilidad","embeddable":true,"href":"https:\/\/www.upm.es\/recursosidi\/wp-json\/wp\/v2\/disponibilidad?post=11816"},{"taxonomy":"donde","embeddable":true,"href":"https:\/\/www.upm.es\/recursosidi\/wp-json\/wp\/v2\/donde?post=11816"},{"taxonomy":"infraestructura","embeddable":true,"href":"https:\/\/www.upm.es\/recursosidi\/wp-json\/wp\/v2\/infraestructura?post=11816"},{"taxonomy":"ods","embeddable":true,"href":"https:\/\/www.upm.es\/recursosidi\/wp-json\/wp\/v2\/ods?post=11816"},{"taxonomy":"origen","embeddable":true,"href":"https:\/\/www.upm.es\/recursosidi\/wp-json\/wp\/v2\/origen?post=11816"}],"curies":[{"name":"wp","href":"https:\/\/api.w.org\/{rel}","templated":true}]}}