{"id":11830,"date":"2023-01-26T11:47:50","date_gmt":"2023-01-26T10:47:50","guid":{"rendered":"https:\/\/www.upm.es\/recursosidi\/offers-resources\/sin categor\u00eda\/sistema-y-metodo-de-comunicacion-para-la-optimizacion-del-consumo-en-unared-de-distribucion-electrica\/"},"modified":"2023-01-26T11:47:50","modified_gmt":"2023-01-26T10:47:50","slug":"sistema-y-metodo-de-comunicacion-para-la-optimizacion-del-consumo-en-unared-de-distribucion-electrica","status":"publish","type":"product","link":"https:\/\/www.upm.es\/recursosidi\/offers-resources\/patentes\/sistema-y-metodo-de-comunicacion-para-la-optimizacion-del-consumo-en-unared-de-distribucion-electrica\/","title":{"rendered":"Sistema y m\u00e9todo de comunicaci\u00f3n para la optimizaci\u00f3n del consumo en una\r\nred de distribuci\u00f3n el\u00e9ctrica"},"content":{"rendered":"<h4><strong>Descripci\u00f3n de la patente <\/strong><\/h4>\n<p align=\"LEFT\">Sistema y m&eacute;todo de comunicaci&oacute;n para la optimizaci&oacute;n del consumo en una red de distribuci&oacute;n el&eacute;ctrica, estando conectado a:<\/p>\n<p align=\"LEFT\">&#8211; una red de distribuci&oacute;n el&eacute;ctrica,<\/p>\n<p align=\"LEFT\">&#8211; una fuente de electricidad almacenada,<\/p>\n<p align=\"LEFT\">&#8211; un dispositivo de apertura entre la red de distribuci&oacute;n el&eacute;ctrica y la fuente de electricidad almacenada,<\/p>\n<p align=\"LEFT\">&#8211; una primera base de datos con el precio de la electricidad en periodos de tiempo t,<\/p>\n<p align=\"LEFT\">&#8211; una segunda base de datos de predicciones del precio de la electricidad.<\/p>\n<p align=\"LEFT\">El sistema comprende unos medios programables<\/p>\n<p align=\"LEFT\">configurados para:<\/p>\n<p align=\"LEFT\">&#8211; la obtenci&oacute;n de la primera base de datos de:<\/p>\n<p align=\"LEFT\"><span style=\"font-family: Arial;font-size: xx-small\"><span style=\"font-family: Arial;font-size: xx-small\">&#8211; el precio en un periodo de tiempo t<\/span><\/span><span style=\"font-family: Arial;font-size: xx-small\"><span style=\"font-family: Arial;font-size: xx-small\">0 <\/span><\/span><span style=\"font-family: Arial;font-size: xx-small\"><span style=\"font-family: Arial;font-size: xx-small\">anterior a <span style=\"font-family: Arial;font-size: xx-small\"><span style=\"font-family: Arial;font-size: xx-small\">t<\/span><\/span><span style=\"font-family: Arial;font-size: xx-small\"><span style=\"font-family: Arial;font-size: xx-small\">actual<\/span><\/span><span style=\"font-family: Arial;font-size: xx-small\"><span style=\"font-family: Arial;font-size: xx-small\">,<\/span><\/span><\/span><\/span><\/p>\n<p align=\"LEFT\"><span style=\"font-family: Arial;font-size: xx-small\"><span style=\"font-family: Arial;font-size: xx-small\">&#8211; el precio en t<\/span><\/span><span style=\"font-family: Arial;font-size: xx-small\"><span style=\"font-family: Arial;font-size: xx-small\">actual,<\/span><\/span><\/p>\n<p align=\"LEFT\">&#8211; la obtenci&oacute;n de la segunda base de datos de<\/p>\n<p align=\"LEFT\">predicciones,<\/p>\n<p align=\"LEFT\"><span style=\"font-family: Arial;font-size: xx-small\"><span style=\"font-family: Arial;font-size: xx-small\">&#8211; si t<\/span><\/span><span style=\"font-family: Arial;font-size: xx-small\"><span style=\"font-family: Arial;font-size: xx-small\">actual<\/span><\/span><span style=\"font-family: Arial;font-size: xx-small\"><span style=\"font-family: Arial;font-size: xx-small\">&gt;t<\/span><\/span><span style=\"font-family: Arial;font-size: xx-small\"><span style=\"font-family: Arial;font-size: xx-small\">0<\/span><\/span><span style=\"font-family: Arial;font-size: xx-small\"><span style=\"font-family: Arial;font-size: xx-small\">, permitir la salida de electricidad de<\/span><\/span><\/p>\n<p align=\"LEFT\">la fuente de electricidad almacenada,<\/p>\n<p align=\"LEFT\"><span style=\"font-family: Arial;font-size: xx-small\"><span style=\"font-family: Arial;font-size: xx-small\">&#8211; si t<\/span><\/span><span style=\"font-family: Arial;font-size: xx-small\"><span style=\"font-family: Arial;font-size: xx-small\">actual<\/span><\/span><span style=\"font-family: Arial;font-size: xx-small\"><span style=\"font-family: Arial;font-size: xx-small\">&lt;t<\/span><\/span><span style=\"font-family: Arial;font-size: xx-small\"><span style=\"font-family: Arial;font-size: xx-small\">0<\/span><\/span><span style=\"font-family: Arial;font-size: xx-small\"><span style=\"font-family: Arial;font-size: xx-small\">, permitir la entrada de electricidad a la<\/span><\/span><\/p>\n<p>fuente de almacenamiento.<\/p>\n<p>&nbsp;<\/p>\n<h4><strong>N\u00famero de solicitud<\/h5>\n<p>P202131214<\/p>\n<h5>N\u00famero de publicaci\u00f3n<\/h5>\n<p>ES2912317A1<\/p>\n<h5>Fecha de presentaci\u00f3n <\/h5>\n<p>24\/12\/2021<\/p>\n<h5>Fecha de publicaci\u00f3n <\/h5>\n<p>25\/05\/2022<\/p>\n<div class=\"pdfprnt-buttons pdfprnt-buttons-product pdfprnt-bottom-left\"><a href=\"https:\/\/www.upm.es\/recursosidi\/wp-json\/wp\/v2\/product\/11830?print=pdf\" class=\"pdfprnt-button pdfprnt-button-pdf\" target=\"_blank\"><span class=\"pdfprnt-button-title pdfprnt-button-pdf-title\">Descargar ficha<\/span><\/a><\/div>","protected":false},"excerpt":{"rendered":"<p>Descripci\u00f3n de la patente Sistema y m&eacute;todo de comunicaci&oacute;n para la optimizaci&oacute;n del consumo en una red de distribuci&oacute;n el&eacute;ctrica, estando conectado a: &#8211; una&hellip;<\/p>\n","protected":false},"featured_media":0,"template":"","meta":{"_acf_changed":false},"product_cat":[3946],"product_tag":[],"comunidades-upm":[],"quien":[],"mapa":[],"disponibilidad":[],"donde":[{"term_id":1820,"name":"Next Generation Networks and Services Group (GRyS)","slug":"en_next-generation-networks-and-services-group-grys","term_group":0,"term_taxonomy_id":1820,"taxonomy":"donde","description":"La actividad investigadora del grupo compagina las siguientes l&iacute;neas de investigaci&oacute;n relacionadas con la Ingenier&iacute;a Telem&aacute;tica:\n&nbsp;\n\nWireless Sensor Networks\nUbiquitous Computing&nbsp; for Internet of Things\nUbiquitous Computing for Robotics and Avionics Perception and Cognition\nNatural Interfaces and Augmented Reality\nNetwork Management (resilience)\nNetwork and Services Security\nMathematical techniques applied to imaging, vision and CAGD problems\nAdvanced Services Architectures\nSmart Cities\n","parent":0,"count":3,"filter":"raw","term_order":"0"},{"term_id":1706,"name":"Software and systems technology group","slug":"en_software-and-systems-technology-group","term_group":0,"term_taxonomy_id":1706,"taxonomy":"donde","description":"&nbsp;Nuestro grupo tiene una amplia experiencia en:\n&nbsp;\n\nDesarrollo de software global\nArquitectura y modelado de productos software\nInnovaci&oacute;n en ingenier&iacute;a de software\nRedes inteligentes de energ&iacute;a y ciudades inteligentes\n","parent":0,"count":3,"filter":"raw","term_order":"0"}],"infraestructura":[],"ods":[],"origen":[{"term_id":180,"name":"Patente","slug":"patente","term_group":0,"term_taxonomy_id":180,"taxonomy":"origen","description":"","parent":0,"count":614,"filter":"raw","term_order":"0"}],"familia_tax":false,"quien_tax":false,"donde_tax":false,"year":"","contacto":"<strong>Principales: <\/strong><ul><li>JESUS RODRIGUEZ MOLINA <blockquote><strong>jesus.rodriguezm@upm.es<\/strong><\/blockquote><\/li><li>PEDRO CASTILLEJO PARRILLA <blockquote><strong>pedro.castillejo@upm.es<\/strong><\/blockquote><\/li><\/ul><strong>Otros inventores UPM: <\/strong><ul><li>Manuel Fern\u00e1ndez-Hijicos G\u00f3mez E.T.S de Ingenier\u00eda y Sistemas de Telecomunicaci\u00f3n<\/li><li>Carlos Vicente Vallejo L\u00f3pez E.T.S de Ingenier\u00eda y Sistemas de Telecomunicaci\u00f3n<\/li><\/ul>","telefono":"","pagina_web":"","email":"","id_ficha_portal":"1775","video":"","adjuntos":false,"adjuntos_portal":"","inf":false,"departamento":"","acf":[],"lang":"es","translation":{"es":11830},"_links":{"self":[{"href":"https:\/\/www.upm.es\/recursosidi\/wp-json\/wp\/v2\/product\/11830"}],"collection":[{"href":"https:\/\/www.upm.es\/recursosidi\/wp-json\/wp\/v2\/product"}],"about":[{"href":"https:\/\/www.upm.es\/recursosidi\/wp-json\/wp\/v2\/types\/product"}],"wp:attachment":[{"href":"https:\/\/www.upm.es\/recursosidi\/wp-json\/wp\/v2\/media?parent=11830"}],"wp:term":[{"taxonomy":"product_cat","embeddable":true,"href":"https:\/\/www.upm.es\/recursosidi\/wp-json\/wp\/v2\/product_cat?post=11830"},{"taxonomy":"product_tag","embeddable":true,"href":"https:\/\/www.upm.es\/recursosidi\/wp-json\/wp\/v2\/product_tag?post=11830"},{"taxonomy":"comunidad_upm","embeddable":true,"href":"https:\/\/www.upm.es\/recursosidi\/wp-json\/wp\/v2\/comunidades-upm?post=11830"},{"taxonomy":"quien","embeddable":true,"href":"https:\/\/www.upm.es\/recursosidi\/wp-json\/wp\/v2\/quien?post=11830"},{"taxonomy":"mapa","embeddable":true,"href":"https:\/\/www.upm.es\/recursosidi\/wp-json\/wp\/v2\/mapa?post=11830"},{"taxonomy":"disponibilidad","embeddable":true,"href":"https:\/\/www.upm.es\/recursosidi\/wp-json\/wp\/v2\/disponibilidad?post=11830"},{"taxonomy":"donde","embeddable":true,"href":"https:\/\/www.upm.es\/recursosidi\/wp-json\/wp\/v2\/donde?post=11830"},{"taxonomy":"infraestructura","embeddable":true,"href":"https:\/\/www.upm.es\/recursosidi\/wp-json\/wp\/v2\/infraestructura?post=11830"},{"taxonomy":"ods","embeddable":true,"href":"https:\/\/www.upm.es\/recursosidi\/wp-json\/wp\/v2\/ods?post=11830"},{"taxonomy":"origen","embeddable":true,"href":"https:\/\/www.upm.es\/recursosidi\/wp-json\/wp\/v2\/origen?post=11830"}],"curies":[{"name":"wp","href":"https:\/\/api.w.org\/{rel}","templated":true}]}}