{"id":11838,"date":"2023-01-26T11:48:14","date_gmt":"2023-01-26T10:48:14","guid":{"rendered":"https:\/\/www.upm.es\/recursosidi\/offers-resources\/sin%20categor\u00eda\/metodo-de-deteccion-de-un-defecto-de-inductancia-de-un-polo-bobinadode-un-rotor-de-una-maquina-electrica\/"},"modified":"2023-10-03T02:30:04","modified_gmt":"2023-10-03T00:30:04","slug":"metodo-de-deteccion-de-un-defecto-de-inductancia-de-un-polo-bobinadode-un-rotor-de-una-maquina-electrica","status":"publish","type":"product","link":"https:\/\/www.upm.es\/recursosidi\/offers-resources\/patentes\/metodo-de-deteccion-de-un-defecto-de-inductancia-de-un-polo-bobinadode-un-rotor-de-una-maquina-electrica\/","title":{"rendered":"M\u00e9todo de detecci\u00f3n de un defecto de inductancia de un polo bobinado\r\nde un rotor de una m\u00e1quina el\u00e9ctrica"},"content":{"rendered":"<h5>Descripci\u00f3n de la patente <\/h5>\n<p>La invenci&oacute;n se refiere a un m&eacute;todo de detecci&oacute;n de<br \/>un defecto de inductancia de un polo bobinado de una<br \/>m&aacute;quina el&eacute;ctrica, comprendiendo el m&eacute;todo:<br \/>i) alimentar un devanado de campo (18) de la<br \/>m&aacute;quina el&eacute;ctrica con corriente continua (11);<br \/>ii) medir una primera tensi&oacute;n continua (12) de un polo<br \/>(5) del devanado de campo (18) y medir una segunda<br \/>tensi&oacute;n continua (13) de otro polo (4) del devanado de<br \/>campo (18);<br \/>iii) determinar que una diferencia entre la primera<br \/>tensi&oacute;n continua (12) y la segunda tensi&oacute;n continua<br \/>(13) est&aacute; entre dos valores;<br \/>iv) alimentar el devanado de campo (18) con corriente<br \/>alterna (15);<br \/>v) medir una primera tensi&oacute;n alterna (16) y una<br \/>segunda tensi&oacute;n alterna (17) del devanado de campo<br \/>(18);<br \/>vi) determinar que una diferencia entre la primera<br \/>tensi&oacute;n alterna (16) y la segunda tensi&oacute;n alterna (17)<br \/>no est&aacute; entre dos valores.<\/p>\n<h5>Situaci\u00f3n <\/h5>\n<p>Concedida<\/p>\n<h5>N\u00famero de solicitud<\/h5>\n<p>P202230411<\/p>\n<h5>N\u00famero de publicaci\u00f3n<\/h5>\n<p>ES2927929<\/p>\n<h5>Fecha de presentaci\u00f3n <\/h5>\n<p>06\/05\/2022<\/p>\n<h5>Fecha de publicaci\u00f3n <\/h5>\n<p>11\/11\/2022<\/p>\n<h5>Fecha de concesi\u00f3n <\/h5>\n<p>25\/09\/2023<\/p>\n<div class=\"pdfprnt-buttons pdfprnt-buttons-product pdfprnt-bottom-left\"><a href=\"https:\/\/www.upm.es\/recursosidi\/wp-json\/wp\/v2\/product\/11838?print=pdf\" class=\"pdfprnt-button pdfprnt-button-pdf\" target=\"_blank\"><span class=\"pdfprnt-button-title pdfprnt-button-pdf-title\">Descargar ficha<\/span><\/a><\/div>","protected":false},"excerpt":{"rendered":"<p>Descripci\u00f3n de la patente La invenci&oacute;n se refiere a un m&eacute;todo de detecci&oacute;n deun defecto de inductancia de un polo bobinado de unam&aacute;quina el&eacute;ctrica, comprendiendo&hellip;<\/p>\n","protected":false},"featured_media":0,"template":"","meta":{"_acf_changed":false},"product_cat":[3946],"product_tag":[4145,4202],"comunidades-upm":[],"quien":[],"mapa":[{"term_id":2405,"name":"Ciencia para la ingenier\u00eda y la arquitectura","slug":"ciencia-para-ingenieria-y-arquitectura","term_group":0,"term_taxonomy_id":2405,"taxonomy":"mapa","description":"","parent":0,"count":127,"filter":"raw","term_order":"7"},{"term_id":133,"name":"Clima, Energ\u00eda y Movilidad","slug":"clima-energia-movilidad","term_group":0,"term_taxonomy_id":133,"taxonomy":"mapa","description":"","parent":0,"count":129,"filter":"raw","term_order":"9"},{"term_id":135,"name":"Industria, materiales y econom\u00eda circular","slug":"industria-materiales-economia_circular","term_group":0,"term_taxonomy_id":135,"taxonomy":"mapa","description":"","parent":0,"count":165,"filter":"raw","term_order":"13"}],"disponibilidad":[],"donde":[{"term_id":374,"name":"Generaci\u00f3n el\u00e9ctrica con energ\u00eda e\u00f3lica","slug":"generacion-electrica-con-energia-eolica","term_group":0,"term_taxonomy_id":374,"taxonomy":"donde","description":"","parent":0,"count":70,"filter":"raw","term_order":"0"}],"infraestructura":[],"ods":[],"origen":[{"term_id":180,"name":"Patente","slug":"patente","term_group":0,"term_taxonomy_id":180,"taxonomy":"origen","description":"","parent":0,"count":614,"filter":"raw","term_order":"0"}],"familia_tax":false,"quien_tax":false,"donde_tax":false,"year":"","contacto":"<strong>Principales: <\/strong><ul><li>DAVID TALAVERA MIGUEL <blockquote><strong>david.talavera@upm.es<\/strong><\/blockquote><\/li><li>JOSE MANUEL GUERRERO GRANADOS <blockquote><strong>josemanuel.guerrero@upm.es<\/strong><\/blockquote><\/li><li>CARLOS ANTONIO PLATERO GAONA <blockquote><strong>carlosantonio.platero@upm.es<\/strong><\/blockquote><\/li><\/ul><strong>Otros investigadores UPM: <\/strong><ul><li>Juan de la Morena Marigorta E.T.S. de Ingenieros Industriales<\/li><\/ul>","telefono":"","pagina_web":"","email":"","id_ficha_portal":"1823","video":"","adjuntos":false,"adjuntos_portal":"https:\/\/www.upm.es\/S2i\/Acuse\/recuperarArchivo.jsp?id=1823&id_archivo=13973&tipo=patente&extension=fichero","inf":false,"departamento":"","acf":[],"lang":"es","translation":{"es":11838},"_links":{"self":[{"href":"https:\/\/www.upm.es\/recursosidi\/wp-json\/wp\/v2\/product\/11838"}],"collection":[{"href":"https:\/\/www.upm.es\/recursosidi\/wp-json\/wp\/v2\/product"}],"about":[{"href":"https:\/\/www.upm.es\/recursosidi\/wp-json\/wp\/v2\/types\/product"}],"wp:attachment":[{"href":"https:\/\/www.upm.es\/recursosidi\/wp-json\/wp\/v2\/media?parent=11838"}],"wp:term":[{"taxonomy":"product_cat","embeddable":true,"href":"https:\/\/www.upm.es\/recursosidi\/wp-json\/wp\/v2\/product_cat?post=11838"},{"taxonomy":"product_tag","embeddable":true,"href":"https:\/\/www.upm.es\/recursosidi\/wp-json\/wp\/v2\/product_tag?post=11838"},{"taxonomy":"comunidad_upm","embeddable":true,"href":"https:\/\/www.upm.es\/recursosidi\/wp-json\/wp\/v2\/comunidades-upm?post=11838"},{"taxonomy":"quien","embeddable":true,"href":"https:\/\/www.upm.es\/recursosidi\/wp-json\/wp\/v2\/quien?post=11838"},{"taxonomy":"mapa","embeddable":true,"href":"https:\/\/www.upm.es\/recursosidi\/wp-json\/wp\/v2\/mapa?post=11838"},{"taxonomy":"disponibilidad","embeddable":true,"href":"https:\/\/www.upm.es\/recursosidi\/wp-json\/wp\/v2\/disponibilidad?post=11838"},{"taxonomy":"donde","embeddable":true,"href":"https:\/\/www.upm.es\/recursosidi\/wp-json\/wp\/v2\/donde?post=11838"},{"taxonomy":"infraestructura","embeddable":true,"href":"https:\/\/www.upm.es\/recursosidi\/wp-json\/wp\/v2\/infraestructura?post=11838"},{"taxonomy":"ods","embeddable":true,"href":"https:\/\/www.upm.es\/recursosidi\/wp-json\/wp\/v2\/ods?post=11838"},{"taxonomy":"origen","embeddable":true,"href":"https:\/\/www.upm.es\/recursosidi\/wp-json\/wp\/v2\/origen?post=11838"}],"curies":[{"name":"wp","href":"https:\/\/api.w.org\/{rel}","templated":true}]}}