{"id":11846,"date":"2023-01-26T11:48:37","date_gmt":"2023-01-26T10:48:37","guid":{"rendered":"https:\/\/www.upm.es\/recursosidi\/offers-resources\/sin categor\u00eda\/dispositivo-de-impacto-ciclico-de-un-fluido-para-ensayo-de-materiales\/"},"modified":"2023-01-26T11:48:37","modified_gmt":"2023-01-26T10:48:37","slug":"dispositivo-de-impacto-ciclico-de-un-fluido-para-ensayo-de-materiales","status":"publish","type":"product","link":"https:\/\/www.upm.es\/recursosidi\/offers-resources\/patentes\/dispositivo-de-impacto-ciclico-de-un-fluido-para-ensayo-de-materiales\/","title":{"rendered":"Dispositivo de impacto c\u00edclico de un fluido para ensayo de materiales"},"content":{"rendered":"<h4><strong>Descripci\u00f3n de la patente <\/strong><\/h4>\n<p align=\"LEFT\">El dispositivo de ensayo de materiales hidrodin&aacute;mico comprende un conducto de ensayo (31) que comprende un primer extremo (31.1) y un segundo extremo (31.2) y que est&aacute; configurado para ser llenado de un fluido de ensayo. Se fija de forma estanca en el segundo extremo (31.2) una probeta (19) de material a ensayar donde al menos una parte de la superficie de la probeta (19) es accesible para el fluido de ensayo. El primer extremo (31.1) comprende al menos un orificio de salida (21) del fluido de ensayo que se obstruye de forma c&iacute;clica y estanca mediante un elemento de cierre (8). Se obstruye el flujo del orificio de salida (21) de forma c&iacute;clica para producir golpes de ariete en el fluido de ensayo que se desplazan hacia el segundo extremo (31 .2) donde se ubica la probeta (19) generando fuerzas de presi&oacute;n sobre la misma.<\/p>\n<p>&nbsp;<\/p>\n<h4><strong>Situaci\u00f3n<\/strong><\/h4>\n<p>Concedida<\/p>\n<h4><strong>N\u00famero de solicitud<\/h5>\n<p>P202131069<\/p>\n<h5>N\u00famero de publicaci\u00f3n<\/h5>\n<p>ES 2 902 025<\/p>\n<h5>Fecha de presentaci\u00f3n <\/h5>\n<p>17\/11\/2021<\/p>\n<h5>Fecha de publicaci\u00f3n <\/h5>\n<p>24\/03\/2022<\/p>\n<h5>Fecha de concesi\u00f3n <\/h5>\n<p>29\/12\/2022<\/p>\n<div class=\"pdfprnt-buttons pdfprnt-buttons-product pdfprnt-bottom-left\"><a href=\"https:\/\/www.upm.es\/recursosidi\/wp-json\/wp\/v2\/product\/11846?print=pdf\" class=\"pdfprnt-button pdfprnt-button-pdf\" target=\"_blank\"><span class=\"pdfprnt-button-title pdfprnt-button-pdf-title\">Descargar ficha<\/span><\/a><\/div>","protected":false},"excerpt":{"rendered":"<p>Descripci\u00f3n de la patente El dispositivo de ensayo de materiales hidrodin&aacute;mico comprende un conducto de ensayo (31) que comprende un primer extremo (31.1) y un&hellip;<\/p>\n","protected":false},"featured_media":0,"template":"","meta":{"_acf_changed":false},"product_cat":[3946],"product_tag":[],"comunidades-upm":[],"quien":[],"mapa":[],"disponibilidad":[],"donde":[{"term_id":1566,"name":"Advanced Structural Materials and Nanomaterials","slug":"en_advanced-structural-materials-and-nanomaterials","term_group":0,"term_taxonomy_id":1566,"taxonomy":"donde","description":"Llevamos m&aacute;s de 20 a&ntilde;os desarrollando numerosas t&eacute;cnicas experimentales con las que podemos estudiar y caracterizar casi cualquier tipo de material y geometr&iacute;a en una variedad muy amplia de condiciones de servicio.\n&nbsp;\nNuestras l&iacute;neas de investigaci&oacute;n se pueden resumir en:\n&nbsp;\n\nMateriales compuestos\nMateriales para la seguridad\nBiomateriales estructurales\nIntegridad y seguridad estructural\nMateriales para la construcci&oacute;n\nNanomateriales\n","parent":0,"count":22,"filter":"raw","term_order":"0"},{"term_id":1722,"name":"Industrial design and manufacture","slug":"en_industrial-design-and-manufacture","term_group":0,"term_taxonomy_id":1722,"taxonomy":"donde","description":"","parent":0,"count":4,"filter":"raw","term_order":"0"},{"term_id":1828,"name":"RESEARCH CENTRE STRUCTURAL MATERIALS (CIME)","slug":"en_research-centre-structural-materials-cime","term_group":0,"term_taxonomy_id":1828,"taxonomy":"donde","description":"","parent":0,"count":37,"filter":"raw","term_order":"0"}],"infraestructura":[],"ods":[],"origen":[{"term_id":180,"name":"Patente","slug":"patente","term_group":0,"term_taxonomy_id":180,"taxonomy":"origen","description":"","parent":0,"count":614,"filter":"raw","term_order":"0"}],"familia_tax":false,"quien_tax":false,"donde_tax":false,"year":"","contacto":"<strong>Principales: <\/strong><ul><li>JUAN CARLOS SUAREZ BERMEJO <blockquote><strong>juancarlos.suarez@upm.es<\/strong><\/blockquote><\/li><li>JOSE MANUEL ARENAS REINA <blockquote><strong>josemanuel.arenas@upm.es<\/strong><\/blockquote><\/li><li>ANA MARIA GARCIA NU\u00d1EZ <blockquote><strong>ana.garcia.nunez@upm.es<\/strong><\/blockquote><\/li><\/ul><strong>Otros inventores UPM: <\/strong><ul><li>Anabelis Carolina Oma\u00f1a Lozada E.T.S. de Ingenier\u00eda y Dise\u00f1o Industrial<\/li><\/ul>","telefono":"","pagina_web":"","email":"","id_ficha_portal":"1808","video":"","adjuntos":false,"adjuntos_portal":"https:\/\/www.upm.es\/S2i\/Acuse\/recuperarArchivo.jsp?id=1808&id_archivo=13435&tipo=patente&extension=fichero","inf":false,"departamento":"","acf":[],"lang":"es","translation":{"es":11846},"_links":{"self":[{"href":"https:\/\/www.upm.es\/recursosidi\/wp-json\/wp\/v2\/product\/11846"}],"collection":[{"href":"https:\/\/www.upm.es\/recursosidi\/wp-json\/wp\/v2\/product"}],"about":[{"href":"https:\/\/www.upm.es\/recursosidi\/wp-json\/wp\/v2\/types\/product"}],"wp:attachment":[{"href":"https:\/\/www.upm.es\/recursosidi\/wp-json\/wp\/v2\/media?parent=11846"}],"wp:term":[{"taxonomy":"product_cat","embeddable":true,"href":"https:\/\/www.upm.es\/recursosidi\/wp-json\/wp\/v2\/product_cat?post=11846"},{"taxonomy":"product_tag","embeddable":true,"href":"https:\/\/www.upm.es\/recursosidi\/wp-json\/wp\/v2\/product_tag?post=11846"},{"taxonomy":"comunidad_upm","embeddable":true,"href":"https:\/\/www.upm.es\/recursosidi\/wp-json\/wp\/v2\/comunidades-upm?post=11846"},{"taxonomy":"quien","embeddable":true,"href":"https:\/\/www.upm.es\/recursosidi\/wp-json\/wp\/v2\/quien?post=11846"},{"taxonomy":"mapa","embeddable":true,"href":"https:\/\/www.upm.es\/recursosidi\/wp-json\/wp\/v2\/mapa?post=11846"},{"taxonomy":"disponibilidad","embeddable":true,"href":"https:\/\/www.upm.es\/recursosidi\/wp-json\/wp\/v2\/disponibilidad?post=11846"},{"taxonomy":"donde","embeddable":true,"href":"https:\/\/www.upm.es\/recursosidi\/wp-json\/wp\/v2\/donde?post=11846"},{"taxonomy":"infraestructura","embeddable":true,"href":"https:\/\/www.upm.es\/recursosidi\/wp-json\/wp\/v2\/infraestructura?post=11846"},{"taxonomy":"ods","embeddable":true,"href":"https:\/\/www.upm.es\/recursosidi\/wp-json\/wp\/v2\/ods?post=11846"},{"taxonomy":"origen","embeddable":true,"href":"https:\/\/www.upm.es\/recursosidi\/wp-json\/wp\/v2\/origen?post=11846"}],"curies":[{"name":"wp","href":"https:\/\/api.w.org\/{rel}","templated":true}]}}