{"id":11848,"date":"2023-01-26T11:48:42","date_gmt":"2023-01-26T10:48:42","guid":{"rendered":"https:\/\/www.upm.es\/recursosidi\/offers-resources\/sin%20categor\u00eda\/procedimientos-y-dispositivos-de-modulacion-demodulacion-para-comunicaciones-multiportadora-y-de-portadora-unica\/"},"modified":"2025-07-31T02:54:49","modified_gmt":"2025-07-31T00:54:49","slug":"procedimientos-y-dispositivos-de-modulacion-demodulacion-para-comunicaciones-multiportadora-y-de-portadora-unica","status":"publish","type":"product","link":"https:\/\/www.upm.es\/recursosidi\/offers-resources\/patentes\/procedimientos-y-dispositivos-de-modulacion-demodulacion-para-comunicaciones-multiportadora-y-de-portadora-unica\/","title":{"rendered":"PROCEDIMIENTOS Y DISPOSITIVOS DE MODULACI\u00d3N\/DEMODULACI\u00d3N PARA COMUNICACIONES MULTIPORTADORA Y DE PORTADORA \u00daNICA"},"content":{"rendered":"<h5>Descripci\u00f3n de la patente <\/h5>\n<p align=\"LEFT\">Procedimientos y dispositivos de modulaci&oacute;n\/demodulaci&oacute;n para comunicaciones multiportadora y de portadora &uacute;nica.<\/p>\n<p align=\"LEFT\">La invenci&oacute;n propone un procedimiento de modulaci&oacute;n y tres procedimientos de demodulaci&oacute;n v&aacute;lidos para comunicaciones punto a punto o multipunto con modulaci&oacute;n multiportadora o de portadora &uacute;nica. El modulador engloba un conjunto de operaciones aritm&eacute;ticas en los datos correspondientes a los subcanales, y una transformada discreta del coseno tipo-I par. De este modo, reservando dos subportadores o subcanales por cada s&iacute;mbolo de N datos, se fuerza a que el s&iacute;mbolo transmitido en el dominio del tiempo tenga un primer y un &uacute;ltimo valor nulo. En demodulaci&oacute;n, a la se&ntilde;al de entrada en el dominio del tiempo se le aplica un procedimiento denominado MIRA (Mirror, Replicate and Add), la transformada discreta del coseno tipo-I par, y un igualador que corrige las distorsiones presentes en cada subcanal. Ventajas:permiten operar con datos reales cuando la modulaci&oacute;n primaria tambi&eacute;n proporciona como resultado n&uacute;meros reales; permite mejorar el r&eacute;gimen binario o tasa de transmisi&oacute;n.<\/p>\n<p align=\"LEFT\"><img fetchpriority=\"high\" decoding=\"async\" src=\"https:\/\/www.upm.es\/S2i\/Acuse\/recuperarArchivo.jsp?id=1680&amp;id_archivo=12666&amp;tipo=patente&amp;extension=imagen\" alt=\"Figura 7\" width=\"377\" height=\"595\" \/><\/p>\n<p>&nbsp;<\/p>\n<h5>Situaci\u00f3n <\/h5>\n<p>Concedida<\/p>\n<h5>N\u00famero de solicitud<\/h5>\n<p>P202031009<\/p>\n<h5>N\u00famero de publicaci\u00f3n<\/h5>\n<p>ES2887357<\/p>\n<h5>Fecha de presentaci\u00f3n <\/h5>\n<p>06\/10\/2020<\/p>\n<h5>Fecha de publicaci\u00f3n <\/h5>\n<p>22\/12\/2021<\/p>\n<h5>Fecha de concesi\u00f3n <\/h5>\n<p>09\/07\/2025<\/p>\n<div class=\"pdfprnt-buttons pdfprnt-buttons-product pdfprnt-bottom-left\"><a href=\"https:\/\/www.upm.es\/recursosidi\/wp-json\/wp\/v2\/product\/11848?print=pdf\" class=\"pdfprnt-button pdfprnt-button-pdf\" target=\"_blank\"><span class=\"pdfprnt-button-title pdfprnt-button-pdf-title\">Descargar ficha<\/span><\/a><\/div>","protected":false},"excerpt":{"rendered":"<p>Descripci\u00f3n de la patente Procedimientos y dispositivos de modulaci&oacute;n\/demodulaci&oacute;n para comunicaciones multiportadora y de portadora &uacute;nica. La invenci&oacute;n propone un procedimiento de modulaci&oacute;n y tres&hellip;<\/p>\n","protected":false},"featured_media":0,"template":"","meta":{"_acf_changed":false},"product_cat":[3946],"product_tag":[3035],"comunidades-upm":[],"quien":[],"mapa":[{"term_id":126,"name":"Tecnolog\u00edas digitales, Inteligencia Artificial, ciberseguridad, 5G, rob\u00f3tica","slug":"tecnologias_digitales-ai-ciberseguridad-5g-robotica","term_group":0,"term_taxonomy_id":126,"taxonomy":"mapa","description":"","parent":0,"count":194,"filter":"raw","term_order":"23"}],"disponibilidad":[],"donde":[{"term_id":504,"name":"Teor\u00eda de Aproximaci\u00f3n Constructiva y Aplicaciones","slug":"teoria-de-aproximacion-constructiva-y-aplicaciones","term_group":0,"term_taxonomy_id":504,"taxonomy":"donde","description":"","parent":0,"count":1,"filter":"raw","term_order":"0"}],"infraestructura":[],"ods":[],"origen":[{"term_id":180,"name":"Patente","slug":"patente","term_group":0,"term_taxonomy_id":180,"taxonomy":"origen","description":"","parent":0,"count":614,"filter":"raw","term_order":"0"}],"familia_tax":false,"quien_tax":false,"donde_tax":false,"year":"","contacto":"<strong>Principales: <\/strong><ul><li>David Luengo Garcia <blockquote><strong>david.luengo@upm.es<\/strong><\/blockquote><\/li><li>Mar\u00eda Elena Dom\u00ednguez Jim\u00e9nez <blockquote><strong>elena.dominguez@upm.es<\/strong><\/blockquote><\/li><li>Gabriela Sansigre Vidal <blockquote><strong>gabriela.sansigre@upm.es<\/strong><\/blockquote><\/li><\/ul><strong>Otros inventores: <\/strong><ul><li>Fernando Cruz Rold\u00e1n UNIVERSIDAD DE ALCALA<\/li> <\/ul>","telefono":"","pagina_web":"","email":"","id_ficha_portal":"1680","video":"","adjuntos":false,"adjuntos_portal":"","inf":false,"departamento":"","acf":[],"lang":"es","translation":{"es":11848},"_links":{"self":[{"href":"https:\/\/www.upm.es\/recursosidi\/wp-json\/wp\/v2\/product\/11848"}],"collection":[{"href":"https:\/\/www.upm.es\/recursosidi\/wp-json\/wp\/v2\/product"}],"about":[{"href":"https:\/\/www.upm.es\/recursosidi\/wp-json\/wp\/v2\/types\/product"}],"wp:attachment":[{"href":"https:\/\/www.upm.es\/recursosidi\/wp-json\/wp\/v2\/media?parent=11848"}],"wp:term":[{"taxonomy":"product_cat","embeddable":true,"href":"https:\/\/www.upm.es\/recursosidi\/wp-json\/wp\/v2\/product_cat?post=11848"},{"taxonomy":"product_tag","embeddable":true,"href":"https:\/\/www.upm.es\/recursosidi\/wp-json\/wp\/v2\/product_tag?post=11848"},{"taxonomy":"comunidad_upm","embeddable":true,"href":"https:\/\/www.upm.es\/recursosidi\/wp-json\/wp\/v2\/comunidades-upm?post=11848"},{"taxonomy":"quien","embeddable":true,"href":"https:\/\/www.upm.es\/recursosidi\/wp-json\/wp\/v2\/quien?post=11848"},{"taxonomy":"mapa","embeddable":true,"href":"https:\/\/www.upm.es\/recursosidi\/wp-json\/wp\/v2\/mapa?post=11848"},{"taxonomy":"disponibilidad","embeddable":true,"href":"https:\/\/www.upm.es\/recursosidi\/wp-json\/wp\/v2\/disponibilidad?post=11848"},{"taxonomy":"donde","embeddable":true,"href":"https:\/\/www.upm.es\/recursosidi\/wp-json\/wp\/v2\/donde?post=11848"},{"taxonomy":"infraestructura","embeddable":true,"href":"https:\/\/www.upm.es\/recursosidi\/wp-json\/wp\/v2\/infraestructura?post=11848"},{"taxonomy":"ods","embeddable":true,"href":"https:\/\/www.upm.es\/recursosidi\/wp-json\/wp\/v2\/ods?post=11848"},{"taxonomy":"origen","embeddable":true,"href":"https:\/\/www.upm.es\/recursosidi\/wp-json\/wp\/v2\/origen?post=11848"}],"curies":[{"name":"wp","href":"https:\/\/api.w.org\/{rel}","templated":true}]}}