{"id":11917,"date":"2023-02-24T13:37:57","date_gmt":"2023-02-24T12:37:57","guid":{"rendered":"https:\/\/www.upm.es\/recursosidi\/offers-resources\/sin categor\u00eda\/smile\/"},"modified":"2023-02-24T13:38:11","modified_gmt":"2023-02-24T12:38:11","slug":"smile","status":"publish","type":"product","link":"https:\/\/www.upm.es\/recursosidi\/offers-resources\/soluciones-tecnologicas\/smile\/","title":{"rendered":"SMILE!"},"content":{"rendered":"<h4 style=\"text-align: left\"><strong>Descripci&oacute;n breve conjunta de la soluci&oacute;n y valor a&ntilde;adido que aporta <\/strong><\/h4>\n<p style=\"text-align: justify\">El grupo de investigaci&oacute;n ha desarrollado, durante los &uacute;ltimos a&ntilde;os de investigaci&oacute;n, un producto y conocimiento para la comercializaci&oacute;n de nueva infraestructura energ&eacute;tica que permita el almacenamiento y gesti&oacute;n de energ&iacute;a renovable. Para ello, se proponen novedosos conceptos: utilizaci&oacute;n de formaciones geol&oacute;gicas adecuadas para dicho fin y\/o infraestructura minera para almacenar energ&iacute;a.<\/p>\n<p style=\"text-align: justify\">Las ventajas que ofrece esta soluci&oacute;n es una mayor capacidad de almacenamiento (superior a los 20 MW) y menor coste que otro tipo de infraestructuras consideradas. Adem&aacute;s, con la segunda de las opciones estudiadas, se reduce el riesgo exploratorio, una mayor adaptaci&oacute;n a las necesidades del cliente y se encuentra utilidad a estructuras que no ten&iacute;an ning&uacute;n uso.<\/p>\n<h4 style=\"text-align: left\"><strong>Descripci&oacute;n de la base tecnol&oacute;gica<\/strong><\/h4>\n<p style=\"text-align: justify\">El fomento de las energ&iacute;as renovables supone un avance hacia la reducci&oacute;n de emisiones de CO2 originadas por este sector. Sin embargo, las energ&iacute;as renovables (solar y e&oacute;lica) supone una mayor incertidumbre por la imprevisi&oacute;n de la energ&iacute;a primaria utilizada para generar electricidad.<\/p>\n<p style=\"text-align: justify\">Se propone la utilizaci&oacute;n de un concepto de almacenamiento de energ&iacute;a mediante aire comprimido en el subsuelo que permita su gesti&oacute;n.<\/p>\n<p style=\"text-align: justify\">La tecnolog&iacute;a desarrollada supone un paso significativo al proponer la utilizaci&oacute;n del espacio subterr&aacute;neo. El enunciado del concepto permite utilizar huecos mineros someros (mini-CAES) o infraestructura dise&ntilde;ada espec&iacute;ficamente para este fin.<\/p>\n<p style=\"text-align: center\"><em><span style=\"font-family: 'trebuchet ms', geneva;font-size: small\">&ldquo;La utilizaci&oacute;n inteligente del espacio subterr&aacute;neo para este tipo de infraestructuras, supone un menor coste e impacto ambiental frente a las tecnolog&iacute;as convencionales.&rdquo;<\/span><\/em><\/p>\n<h4 style=\"text-align: left\">&nbsp;<\/h4>\n<h4 style=\"text-align: left\"><strong>Necesidades de negocio \/ aplicaci&oacute;n<\/strong><\/h4>\n<p><strong>Energ&iacute;a<\/strong><\/p>\n<ul>\n<li style=\"list-style-type: none\">\n<ul>\n<li>El sector se identifica por la necesidad de soluciones sostenibles para la generaci&oacute;n el&eacute;ctrica, considerando tres ejes: medioambiente, seguridad de suministro y competitividad.<\/li>\n<li>Para alcanzar dicho objetivo, se buscan soluciones novedosas, como el almacenamiento de energ&iacute;a, la integraci&oacute;n\/hibridaci&oacute;n de las redes energ&eacute;ticas actuales, y otras soluciones como aplicaci&oacute;n de TIC a este sector o la generaci&oacute;n distribuida.<\/li>\n<li>Las energ&iacute;as renovables adolecen de seguridad de suministro (disponibilidad inferior al 30%), lo que obliga a costosos sistemas de respaldo, reduciendo por tanto su competitividad. Para ello, se hace necesario poder almacenar de forma significativa (cantidades cercanas a los 100 MW).\n<\/li>\n<\/ul>\n<\/li>\n<\/ul>\n<p><strong>&nbsp;Medioambiente<\/strong><\/p>\n<ul>\n<li style=\"list-style-type: none\">\n<ul>\n<li style=\"list-style-type: none\">\n<ul>\n<li style=\"text-align: justify\">La b&uacute;squeda de soluciones sostenibles y reducci&oacute;n de emisiones de CO2 es un reto en el sector energ&eacute;tico.<\/li>\n<li style=\"text-align: justify\">Las Directivas Europeas 2003\/87\/CE, 2009\/28\/CE limitan las emisiones de CO2 en varios sectores, entre los que est&aacute; el sector el&eacute;ctrico.<\/li>\n<\/ul>\n<\/li>\n<\/ul>\n<\/li>\n<\/ul>\n<div class=\"O1\">\n<p style=\"text-align: center\"><em><span style=\"font-family: 'trebuchet ms', geneva;font-size: small\">&ldquo;La propia naturaleza de las energ&iacute;as e&oacute;lica y solar supone una intermitencia de estas. Para evitar este h&aacute;ndicap el almacenamiento y gesti&oacute;n de la energ&iacute;a ofrece una soluci&oacute;n &uacute;nica a este sector.&rdquo;<\/span><\/em><\/p>\n<\/div>\n<h4 style=\"text-align: left\">&nbsp;<\/h4>\n<h4 style=\"text-align: left\"><strong>Ventajas competitivas<\/strong><\/h4>\n<p style=\"text-align: justify\">En el caso del concepto formaciones geol&oacute;gicas:<\/p>\n<ul style=\"text-align: justify\">\n<li style=\"text-align: justify\">Menor coste, riesgo exploratorio al realizar la estructura energ&eacute;tica en menores profundidades.<\/li>\n<li style=\"text-align: justify\">Cantidades de energ&iacute;a significativa, alcanzando potencia cercana a los 100MW.<\/li>\n<\/ul>\n<p style=\"text-align: justify\">En el caso de desarrollo de infraestructura minera:<\/p>\n<ul>\n<li style=\"text-align: justify\">Riesgo exploratorio m&iacute;nimo.<\/li>\n<li style=\"text-align: justify\">Mayor capacidad de ubicar la infraestructura de acuerdo a las necesidades del cliente<\/li>\n<li style=\"text-align: justify\">Se encuentra utilidad a espacios desaprovechados.<\/li>\n<\/ul>\n<h4 style=\"text-align: left\"><strong>Grado de desarrollo<\/strong><\/h4>\n<ul>\n<li>\n<p>Concepto<\/p>\n<\/li>\n<li>\n<p>Investigaci&oacute;n<\/p>\n<\/li>\n<li>\n<p><span style=\"text-decoration: underline\"><strong>Prototipo Lab<\/strong><\/span><\/p>\n<\/li>\n<li>\n<p>Prototipo industrial<\/p>\n<\/li>\n<li>\n<p>Producci&oacute;n<\/p>\n<\/li>\n<\/ul>\n<h4 style=\"text-align: left\"><strong>Contacto<\/strong><\/h4>\n<p><strong>Contacto SMILE!<\/strong><\/p>\n<p>Marcelo Fabi&aacute;n Ortega<\/p>\n<p>ETS de Ingenieros de Minas y Energ&iacute;a<\/p>\n<p><span rel=\"76313530a231233168313331bf314431a9311f31b3310430ab312931a0310530af313e31\" class=\"cryptex \" style=\"\"><span class=\"CryptexImg ctx6s6P25Q6rRFUuqmhtPFDrnZSaoOiqEVBstgX_gqGPtg\"><\/span><\/span><\/p>\n<p><strong>Contacto UPM<\/strong><\/p>\n<p>Programas de Innovaci&oacute;n y Emprendimiento<\/p>\n<p>Centro de Apoyo a la Innovaci&oacute;n Tecnol&oacute;gica &ndash; UPM<\/p>\n<p>e: <span rel=\"763135309e312b31a8313331c3313131a7312131c1312a3164312d3198313031b8313a319f313731a4312b31a831283195312731b8311f3169312731a431\" class=\"cryptex \" style=\"\"><span class=\"CryptexImg ctxR7neImVV1tJoTSyttUGBAuiESKXKLLyzTwJSN1lk9Z0\"><\/span><\/span><\/p>\n<div class=\"pdfprnt-buttons pdfprnt-buttons-product pdfprnt-bottom-left\"><a href=\"https:\/\/www.upm.es\/recursosidi\/wp-json\/wp\/v2\/product\/11917?print=pdf\" class=\"pdfprnt-button pdfprnt-button-pdf\" target=\"_blank\"><span class=\"pdfprnt-button-title pdfprnt-button-pdf-title\">Descargar ficha<\/span><\/a><\/div>","protected":false},"excerpt":{"rendered":"<p>Smart Infrastructure for sustainable Energy.<\/p>\n<p>Desarrollo de nueva infraestructura para el almacenamiento y gesti\u00f3n de la energ\u00eda, considerando para ello el espacio subterr\u00e1neo.<\/p>\n","protected":false},"featured_media":11915,"template":"","meta":{"_acf_changed":false},"product_cat":[2384],"product_tag":[2424,2306,2423],"comunidades-upm":[],"quien":[],"mapa":[{"term_id":133,"name":"Clima, Energ\u00eda y Movilidad","slug":"clima-energia-movilidad","term_group":0,"term_taxonomy_id":133,"taxonomy":"mapa","description":"","parent":0,"count":129,"filter":"raw","term_order":"9"}],"disponibilidad":[{"term_id":205,"name":"Consultar disponibilidad","slug":"consultar","term_group":0,"term_taxonomy_id":205,"taxonomy":"disponibilidad","description":"","parent":0,"count":290,"filter":"raw","term_order":"0"}],"donde":[{"term_id":1628,"name":"Environmental Studies","slug":"en_environmental-studies","term_group":0,"term_taxonomy_id":1628,"taxonomy":"donde","description":"","parent":0,"count":2,"filter":"raw","term_order":"0"},{"term_id":404,"name":"Estudios Ambientales","slug":"estudios-ambientales","term_group":0,"term_taxonomy_id":404,"taxonomy":"donde","description":"","parent":0,"count":3,"filter":"raw","term_order":"0"}],"infraestructura":[],"ods":[{"term_id":2231,"name":"Acci\u00f3n por el Clima","slug":"accion-por-el-clima","term_group":0,"term_taxonomy_id":2231,"taxonomy":"ods","description":"","parent":0,"count":67,"filter":"raw","term_order":"0"},{"term_id":2255,"name":"Energ\u00eda Asequible y no Contaminante","slug":"energia-asequible-y-no-contaminante","term_group":0,"term_taxonomy_id":2255,"taxonomy":"ods","description":"","parent":0,"count":34,"filter":"raw","term_order":"0"}],"origen":[{"term_id":192,"name":"Soluciones tecnol\u00f3gicas","slug":"soluciones-tecnologicas","term_group":0,"term_taxonomy_id":192,"taxonomy":"origen","description":"","parent":0,"count":278,"filter":"raw","term_order":"0"}],"familia_tax":false,"quien_tax":false,"donde_tax":false,"year":"2020-01-01","contacto":"ETSI de Minas y Energ\u00eda, c\/ R\u00edos Rosas, 21, 28003, Madrid","telefono":"910676602","pagina_web":"http:\/\/www.minasyenergia.upm.es\/","email":"mf.ortega@upm.es","id_ficha_portal":"14","video":"","adjuntos":false,"adjuntos_portal":"","inf":false,"departamento":"","acf":[],"lang":"es","translation":{"es":11917,"en":11920},"_links":{"self":[{"href":"https:\/\/www.upm.es\/recursosidi\/wp-json\/wp\/v2\/product\/11917"}],"collection":[{"href":"https:\/\/www.upm.es\/recursosidi\/wp-json\/wp\/v2\/product"}],"about":[{"href":"https:\/\/www.upm.es\/recursosidi\/wp-json\/wp\/v2\/types\/product"}],"wp:featuredmedia":[{"embeddable":true,"href":"https:\/\/www.upm.es\/recursosidi\/wp-json\/wp\/v2\/media\/11915"}],"wp:attachment":[{"href":"https:\/\/www.upm.es\/recursosidi\/wp-json\/wp\/v2\/media?parent=11917"}],"wp:term":[{"taxonomy":"product_cat","embeddable":true,"href":"https:\/\/www.upm.es\/recursosidi\/wp-json\/wp\/v2\/product_cat?post=11917"},{"taxonomy":"product_tag","embeddable":true,"href":"https:\/\/www.upm.es\/recursosidi\/wp-json\/wp\/v2\/product_tag?post=11917"},{"taxonomy":"comunidad_upm","embeddable":true,"href":"https:\/\/www.upm.es\/recursosidi\/wp-json\/wp\/v2\/comunidades-upm?post=11917"},{"taxonomy":"quien","embeddable":true,"href":"https:\/\/www.upm.es\/recursosidi\/wp-json\/wp\/v2\/quien?post=11917"},{"taxonomy":"mapa","embeddable":true,"href":"https:\/\/www.upm.es\/recursosidi\/wp-json\/wp\/v2\/mapa?post=11917"},{"taxonomy":"disponibilidad","embeddable":true,"href":"https:\/\/www.upm.es\/recursosidi\/wp-json\/wp\/v2\/disponibilidad?post=11917"},{"taxonomy":"donde","embeddable":true,"href":"https:\/\/www.upm.es\/recursosidi\/wp-json\/wp\/v2\/donde?post=11917"},{"taxonomy":"infraestructura","embeddable":true,"href":"https:\/\/www.upm.es\/recursosidi\/wp-json\/wp\/v2\/infraestructura?post=11917"},{"taxonomy":"ods","embeddable":true,"href":"https:\/\/www.upm.es\/recursosidi\/wp-json\/wp\/v2\/ods?post=11917"},{"taxonomy":"origen","embeddable":true,"href":"https:\/\/www.upm.es\/recursosidi\/wp-json\/wp\/v2\/origen?post=11917"}],"curies":[{"name":"wp","href":"https:\/\/api.w.org\/{rel}","templated":true}]}}