{"id":11940,"date":"2023-02-27T10:14:01","date_gmt":"2023-02-27T09:14:01","guid":{"rendered":"https:\/\/www.upm.es\/recursosidi\/offers-resources\/sin categor\u00eda\/cogrid\/"},"modified":"2023-02-27T10:14:06","modified_gmt":"2023-02-27T09:14:06","slug":"cogrid","status":"publish","type":"product","link":"https:\/\/www.upm.es\/recursosidi\/offers-resources\/soluciones-tecnologicas\/cogrid\/","title":{"rendered":"CoGRID"},"content":{"rendered":"<h4 style=\"text-align: left\"><strong>Descripci&oacute;n breve conjunta de la soluci&oacute;n y valor a&ntilde;adido que aporta <\/strong><\/h4>\n<p style=\"text-align: justify\">La demanda de energ&iacute;a el&eacute;ctrica se estima que aumentar&aacute; a una tasa media del 2,4% anual hasta 2020, evoluci&oacute;n por encima de la prevista para el conjunto de energ&iacute;as finales y del PIB. Un equipo de investigadores del grupo GEDIRCI de la ETSI Telecomunicaci&oacute;n de la Universidad Polit&eacute;cnica de Madrid ha desarrollado un m&eacute;todo y sistema de coordinaci&oacute;n distribuida de consumos en redes el&eacute;ctricas con el objetivo de suavizar la curva de consumo agregado de la red el&eacute;ctrica, reduciendo la diferencia entre m&aacute;ximos y m&iacute;nimos. Esta coordinaci&oacute;n se realiza de manera distribuida y auto-organizada, sin comunicaci&oacute;n expl&iacute;cita entre instalaciones el&eacute;ctricas ni un centro de control o agente centralizado, solamente haciendo uso de la informaci&oacute;n del consumo agregado de la red el&eacute;ctrica o similar. Con CoGrid se consigue reducir el sobredimensionamiento de la infraestructura, mejorar la rentabilidad de las inversiones en el sistema el&eacute;ctrico, aumentar la seguridad y robustez y mejorar la integraci&oacute;n de nuevas tecnolog&iacute;as como las energ&iacute;as renovables.<\/p>\n<h4 style=\"text-align: left\"><strong>Descripci&oacute;n de la base tecnol&oacute;gica<\/strong><\/h4>\n<p style=\"text-align: justify\">Esta soluci&oacute;n es un m&eacute;todo de coordinaci&oacute;n de consumos en redes el&eacute;ctricas que tiene como objetivo suavizar la curva de consumo agregado de la red el&eacute;ctrica, reduciendo la diferencia entre m&aacute;ximos y m&iacute;nimos. Dicha coordinaci&oacute;n se realiza de manera distribuida y auto-organizada, sin comunicaci&oacute;n expl&iacute;cita entre instalaciones el&eacute;ctricas ni un centro de control o agente centralizado similar, haciendo s&oacute;lo uso de la informaci&oacute;n del consumo agregado de la red el&eacute;ctrica o similar. De esta manera, las cargas de las instalaciones el&eacute;ctricas donde se implemente CoGrid ser&aacute;n planificadas y reguladas para incrementar su eficiencia energ&eacute;tica.<\/p>\n<p style=\"text-align: center\"><em>&ldquo;CoGrid suaviza la curva de consumo agregado de la red el&eacute;ctrica, reduciendo la diferencia entre m&aacute;ximos y m&iacute;nimos&rdquo;<\/em><\/p>\n<p><span style=\"font-family: 'trebuchet ms', geneva;font-size: small\">&nbsp;<\/span><\/p>\n<h4 style=\"text-align: left\"><strong>Necesidades de negocio \/ aplicaci&oacute;n<\/strong><\/h4>\n<p><strong>Mercado el&eacute;ctrico<\/strong><\/p>\n<ul>\n<li>\n<p style=\"text-align: justify\">La demanda el&eacute;ctrica est&aacute; volviendo a crecer tras varios a&ntilde;os de contracci&oacute;n, lo que adem&aacute;s de reflejar la mejor marcha de la econom&iacute;a espa&ntilde;ola puede contribuir a aliviar las cuentas del sistema el&eacute;ctrico<\/p>\n<\/li>\n<li style=\"text-align: justify\">\n<p>El aumento en la complejidad y tama&ntilde;o del sistema el&eacute;ctrico trae consigo una serie de problemas que hace imprescindible la mejora de la gesti&oacute;n de la demanda el&eacute;ctrica para que sea eficiente y sostenible. CoGrid realiza una gesti&oacute;n de la demanda el&eacute;ctrica en redes inteligentes con unos requerimientos muy bajos en comunicaciones.<\/p>\n<\/li>\n<li>\n<p style=\"text-align: justify\">Ser&aacute; clave aumentar los niveles de interconexi&oacute;n con Europa, que son s&oacute;lo de un 4% de la potencia instalada, lejos del objetivo del 10% establecido por la UE.&nbsp;<\/p>\n<\/li>\n<\/ul>\n<p style=\"text-align: center\"><em>&ldquo;CoGrid permite coordinar los consumos de sus clientes y conocer mejor su comportamiento, permitiendo un acceso al mercado mayorista m&aacute;s seguro y en momentos de menos precio de la energ&iacute;a&rdquo;<\/em><\/p>\n<p><span style=\"font-family: 'trebuchet ms', geneva;font-size: small\">&nbsp;<\/span><\/p>\n<h4 style=\"text-align: left\"><strong>Ventajas competitivas<\/strong><\/h4>\n<ul>\n<li>\n<p style=\"text-align: justify\">Reduce el sobredimensionamiento de la infraestructura el&eacute;ctrica y optimiza el uso de los recursos locales. Seg&uacute;n estimaciones, con una penetraci&oacute;n del 10% &nbsp;en el sistema el&eacute;ctrico puede llegar a reducciones promedio anuales del 10% de la diferencia entre pico y valle.<\/p>\n<\/li>\n<li style=\"text-align: justify\">\n<p>&nbsp;Permite un control distribuido, de mayor robustez y fiabilidad que el control centralizado. Adem&aacute;s, tiene&nbsp; bajos requerimientos de infraestructura de comunicaci&oacute;n para la gesti&oacute;n de la red, aumenta la seguridad y permite garantizar la privacidad de datos.<\/p>\n<\/li>\n<li style=\"text-align: justify\">\n<p>&nbsp;Es una forma de gesti&oacute;n auto-organizada de consumos.<\/p>\n<\/li>\n<li style=\"text-align: justify\">\n<p>&nbsp;La coordinaci&oacute;n del consumo de todos los clientes de las comercializadoras de energ&iacute;a el&eacute;ctrica permite&nbsp; alcanzar una situaci&oacute;n m&aacute;s estable y m&aacute;s f&aacute;cil de predecir para la posterior compra de energ&iacute;a.<\/p>\n<\/li>\n<li>\n<p style=\"text-align: justify\">&nbsp;Se trata de una soluci&oacute;n totalmente y f&aacute;cilmente escalable.<\/p>\n<\/li>\n<\/ul>\n<h4 style=\"text-align: left\"><strong>Referencias<\/strong><\/h4>\n<ul>\n<li>\n<p style=\"text-align: justify\">El grupo de investigaci&oacute;n GEDIRCI de la ETSI Telecomunicaci&oacute;n &ndash; UPM investiga en las &aacute;reas de la generaci&oacute;n distribuida renovable y control inteligente http:\/\/gedirci.etsit.upm.es\/<\/p>\n<\/li>\n<li>\n<p style=\"text-align: justify\">Colaboraci&oacute;n habitual con empresas del sector.<\/p>\n<\/li>\n<\/ul>\n<h4 style=\"text-align: left\"><strong>Grado de desarrollo<\/strong><\/h4>\n<ul>\n<li>\n<p>Concepto<\/p>\n<\/li>\n<li>\n<p>Investigaci&oacute;n<\/p>\n<\/li>\n<li>\n<p><span style=\"text-decoration: underline\"><strong>Prototipo Lab<\/strong><\/span><\/p>\n<\/li>\n<li>\n<p>Prototipo industrial<\/p>\n<\/li>\n<li>\n<p>Producci&oacute;n<\/p>\n<\/li>\n<\/ul>\n<h4 style=\"text-align: left\"><strong>Contacto<\/strong><\/h4>\n<p style=\"text-align: justify\"><strong>Contacto CoGrid<\/strong><\/p>\n<p style=\"text-align: justify\">&Aacute;lvaro Guti&eacute;rrez, Eduardo Matallanas, Estefan&iacute;a Caama&ntilde;o<\/p>\n<p style=\"text-align: justify\">ETSI Telecomunicaci&oacute;n &ndash; UPM<\/p>\n<p style=\"text-align: justify\">e: <span rel=\"84312e30a6312931cf3139319b310c319b312f31c6311631b3310e30ac311f31af312130a6313331\" class=\"cryptex \" style=\"\"><span class=\"CryptexImg ctxNl7XtDju-53QUROlt750FzquEk2cpfh2RTdrC-e1aIs\"><\/span><\/span>;<\/p>\n<p style=\"text-align: justify\">e: <span rel=\"84312e30aa312631cf312631a4313031a5311730c0310e31b3312531a3311b31a3311f31a231333182313731c731263184311231b131\" class=\"cryptex \" style=\"\"><span class=\"CryptexImg ctxbQX1lLrw3bYOiZjT6N3zZdiQXnv_t8sQjWCkBzq9L1k\"><\/span><\/span>; e: <span rel=\"84312e30aa313531ce312a3198312d31a4310530bc311231b2310f309b311431a8312130b6313031af311030bc312c31\" class=\"cryptex \" style=\"\"><span class=\"CryptexImg ctxEks0dwaYM89zHfc1gs6OGO2eT51M_tVOs3PueQz2v0k\"><\/span><\/span><\/p>\n<p style=\"text-align: justify\"><strong>Contacto UPM<\/strong><\/p>\n<p style=\"text-align: justify\"><span lang=\"EN-US\">Programas de Innovaci&oacute;n y Comercializaci&oacute;n<\/span><\/p>\n<p style=\"text-align: justify\"><span lang=\"EN-US\">Centro de Apoyo a la Innovaci&oacute;n Tecnol&oacute;gica &ndash; UPM<\/span><\/p>\n<p style=\"text-align: justify\">e: <span rel=\"84312e30ae313031c8313431a8312d3199312431c2311b316d3138319c311231b0312031ad312f31a9312b31ba311a3196312231ae3125316b311531a931\" class=\"cryptex \" style=\"\"><span class=\"CryptexImg ctxR7neImVV1tJoTSyttUGBAuiESKXKLLyzTwJSN1lk9Z0\"><\/span><\/span><\/p>\n<div class=\"pdfprnt-buttons pdfprnt-buttons-product pdfprnt-bottom-left\"><a href=\"https:\/\/www.upm.es\/recursosidi\/wp-json\/wp\/v2\/product\/11940?print=pdf\" class=\"pdfprnt-button pdfprnt-button-pdf\" target=\"_blank\"><span class=\"pdfprnt-button-title pdfprnt-button-pdf-title\">Descargar ficha<\/span><\/a><\/div>","protected":false},"excerpt":{"rendered":"<p>Gesti\u00f3n coordinada, gesti\u00f3n inteligente.<\/p>\n<p>Soluci\u00f3n tecnol\u00f3gica que optimiza y simplifica la gesti\u00f3n de la demanda el\u00e9ctrica mediante la coordinaci\u00f3n distribuida de los consumos.<\/p>\n","protected":false},"featured_media":11939,"template":"","meta":{"_acf_changed":false},"product_cat":[2384],"product_tag":[2477,2306],"comunidades-upm":[],"quien":[],"mapa":[{"term_id":133,"name":"Clima, Energ\u00eda y Movilidad","slug":"clima-energia-movilidad","term_group":0,"term_taxonomy_id":133,"taxonomy":"mapa","description":"","parent":0,"count":129,"filter":"raw","term_order":"9"},{"term_id":135,"name":"Industria, materiales y econom\u00eda circular","slug":"industria-materiales-economia_circular","term_group":0,"term_taxonomy_id":135,"taxonomy":"mapa","description":"","parent":0,"count":165,"filter":"raw","term_order":"13"}],"disponibilidad":[{"term_id":205,"name":"Consultar disponibilidad","slug":"consultar","term_group":0,"term_taxonomy_id":205,"taxonomy":"disponibilidad","description":"","parent":0,"count":290,"filter":"raw","term_order":"0"}],"donde":[{"term_id":600,"name":"Generaci\u00f3n Distribuida Renovable y Control Inteligente","slug":"generacion-distribuida-renovable-y-control-inteligente","term_group":0,"term_taxonomy_id":600,"taxonomy":"donde","description":"","parent":0,"count":10,"filter":"raw","term_order":"0"},{"term_id":1822,"name":"Renewable Distributed Generation and Smart Control","slug":"en_renewable-distributed-generation-and-smart-control","term_group":0,"term_taxonomy_id":1822,"taxonomy":"donde","description":"","parent":0,"count":2,"filter":"raw","term_order":"0"}],"infraestructura":[],"ods":[{"term_id":2231,"name":"Acci\u00f3n por el Clima","slug":"accion-por-el-clima","term_group":0,"term_taxonomy_id":2231,"taxonomy":"ods","description":"","parent":0,"count":67,"filter":"raw","term_order":"0"},{"term_id":2239,"name":"Ciudades y Comunidades Sostenibles","slug":"ciudades-y-comunidades-sostenibles","term_group":0,"term_taxonomy_id":2239,"taxonomy":"ods","description":"","parent":0,"count":43,"filter":"raw","term_order":"0"}],"origen":[{"term_id":192,"name":"Soluciones tecnol\u00f3gicas","slug":"soluciones-tecnologicas","term_group":0,"term_taxonomy_id":192,"taxonomy":"origen","description":"","parent":0,"count":278,"filter":"raw","term_order":"0"}],"familia_tax":false,"quien_tax":false,"donde_tax":false,"year":"2020-01-01","contacto":"ETSI de Telecomunicaci\u00f3n - UPM, Av.  Complutense, 30, 28040, Madrid","telefono":"910671900","pagina_web":"https:\/\/www.etsit.upm.es\/","email":"a.gutierrez@upm.es","id_ficha_portal":"58","video":"","adjuntos":false,"adjuntos_portal":"","inf":false,"departamento":"","acf":[],"lang":"es","translation":{"es":11940,"en":11942},"_links":{"self":[{"href":"https:\/\/www.upm.es\/recursosidi\/wp-json\/wp\/v2\/product\/11940"}],"collection":[{"href":"https:\/\/www.upm.es\/recursosidi\/wp-json\/wp\/v2\/product"}],"about":[{"href":"https:\/\/www.upm.es\/recursosidi\/wp-json\/wp\/v2\/types\/product"}],"wp:featuredmedia":[{"embeddable":true,"href":"https:\/\/www.upm.es\/recursosidi\/wp-json\/wp\/v2\/media\/11939"}],"wp:attachment":[{"href":"https:\/\/www.upm.es\/recursosidi\/wp-json\/wp\/v2\/media?parent=11940"}],"wp:term":[{"taxonomy":"product_cat","embeddable":true,"href":"https:\/\/www.upm.es\/recursosidi\/wp-json\/wp\/v2\/product_cat?post=11940"},{"taxonomy":"product_tag","embeddable":true,"href":"https:\/\/www.upm.es\/recursosidi\/wp-json\/wp\/v2\/product_tag?post=11940"},{"taxonomy":"comunidad_upm","embeddable":true,"href":"https:\/\/www.upm.es\/recursosidi\/wp-json\/wp\/v2\/comunidades-upm?post=11940"},{"taxonomy":"quien","embeddable":true,"href":"https:\/\/www.upm.es\/recursosidi\/wp-json\/wp\/v2\/quien?post=11940"},{"taxonomy":"mapa","embeddable":true,"href":"https:\/\/www.upm.es\/recursosidi\/wp-json\/wp\/v2\/mapa?post=11940"},{"taxonomy":"disponibilidad","embeddable":true,"href":"https:\/\/www.upm.es\/recursosidi\/wp-json\/wp\/v2\/disponibilidad?post=11940"},{"taxonomy":"donde","embeddable":true,"href":"https:\/\/www.upm.es\/recursosidi\/wp-json\/wp\/v2\/donde?post=11940"},{"taxonomy":"infraestructura","embeddable":true,"href":"https:\/\/www.upm.es\/recursosidi\/wp-json\/wp\/v2\/infraestructura?post=11940"},{"taxonomy":"ods","embeddable":true,"href":"https:\/\/www.upm.es\/recursosidi\/wp-json\/wp\/v2\/ods?post=11940"},{"taxonomy":"origen","embeddable":true,"href":"https:\/\/www.upm.es\/recursosidi\/wp-json\/wp\/v2\/origen?post=11940"}],"curies":[{"name":"wp","href":"https:\/\/api.w.org\/{rel}","templated":true}]}}