{"id":11945,"date":"2023-02-27T10:36:45","date_gmt":"2023-02-27T09:36:45","guid":{"rendered":"https:\/\/www.upm.es\/recursosidi\/offers-resources\/sin categor\u00eda\/domestic-big-data\/"},"modified":"2023-02-27T10:36:50","modified_gmt":"2023-02-27T09:36:50","slug":"domestic-big-data","status":"publish","type":"product","link":"https:\/\/www.upm.es\/recursosidi\/offers-resources\/soluciones-tecnologicas\/domestic-big-data\/","title":{"rendered":"DOMESTIC BIG DATA"},"content":{"rendered":"<h4 style=\"text-align: left\"><strong>Descripci&oacute;n breve conjunta de la soluci&oacute;n y valor a&ntilde;adido que aporta <\/strong><\/h4>\n<p style=\"text-align: justify\"><span style=\"font-size: small\">El grupo de Investigaci&oacute;n en Vivienda Colectiva, GIVCO, ha desarrollado una herramienta software de an&aacute;lisis, diagn&oacute;stico y evaluaci&oacute;n que permite proyectar con garant&iacute;as para reincorporar inmuebles vac&iacute;os, actualmente en stock, al mercado de vivienda.&nbsp;<\/span><\/p>\n<p style=\"text-align: justify\"><span style=\"font-size: small\">La rapidez, precisi&oacute;n y claridad con las que permite identificar los aspectos de la vivienda sobre los que se debe actuar, tienen por objetivo devolver al mercado las 3,4 millones de viviendas vac&iacute;as en stock en Espa&ntilde;a, especialmente las m&aacute;s de 800.000 de ellas que han quedado sin terminar desde 2011.<\/span><\/p>\n<h4 style=\"text-align: left\"><strong>Descripci&oacute;n de la base tecnol&oacute;gica<\/strong><\/h4>\n<p style=\"text-align: justify\"><span style=\"font-size: small\">Domestic Big Data es una herramienta de an&aacute;lisis, diagn&oacute;stico y evaluaci&oacute;n que permitir&iacute;a reincorporar al mercado inmuebles vac&iacute;os y en algunos caso no terminados, con las mejores garant&iacute;as.<\/span><\/p>\n<p style=\"text-align: justify\"><span style=\"font-size: small\">Esta soluci&oacute;n de Big data se apoya en par&aacute;metros de referencia y una base de datos propia, que&nbsp; permiten comparar el inmueble a rehabilitar con los par&aacute;metros admisibles en materia de vivienda en la contemporaneidad, detectando r&aacute;pidamente sus minusval&iacute;as y las acciones que le permitan competir en el mercado. All&iacute; ser&aacute; donde se pueda actuar de manera veloz y fiable para la inserci&oacute;n de dicho edificio en el tejido socio-econ&oacute;mico que lo rodea.<\/span><\/p>\n<p style=\"text-align: justify\"><span style=\"font-size: small\">Adem&aacute;s, posibilita la generaci&oacute;n de un veh&iacute;culo de comunicaci&oacute;n claro y con garant&iacute;as para el cliente y para el uso del propio gestor inmobiliario as&iacute; como la&nbsp; generaci&oacute;n de&nbsp; mejores propuestas y m&aacute;s concisas.<\/span><\/p>\n<p style=\"text-align: center\"><em><span style=\"font-size: small\">&ldquo;Tener descritos par&aacute;metros referencia que validen el estado del inmueble a rehabilitar resultar&aacute; altamente beneficioso y ahorra tiempo y dinero a administraciones y constructoras&rdquo;<\/span><\/em><\/p>\n<h4 style=\"text-align: left\">&nbsp;<\/h4>\n<h4 style=\"text-align: left\"><strong>Necesidades de negocio \/ aplicaci&oacute;n<\/strong><\/h4>\n<p><strong>Stock en vivienda actual<\/strong><\/p>\n<ul>\n<li style=\"text-align: justify\">\n<p style=\"text-align: justify\">En Espa&ntilde;a existen actualmente m&aacute;s de 3,4 millones de viviendas vac&iacute;as en stock de las cuales 800.000 han quedado sin terminar desde 2011&nbsp;(INE).<\/p>\n<\/li>\n<li style=\"text-align: justify\">\n<p>Barcelona, Madrid y Valencia encabezan el ranking de provincias con mayor n&uacute;mero de viviendas vac&iacute;as&nbsp;(Radiograf&iacute;a del mercado del alquiler 2014)<\/p>\n<\/li>\n<li style=\"text-align: justify\">\n<p style=\"text-align: justify\">Supone el 13,7% del total construido de 2001 a 2012 (&Iacute;ndice de Mercado de Alquiler de Viviendas, IMAV)<\/p>\n<\/li>\n<\/ul>\n<p><strong>Bajo porcentaje de Vivienda social&nbsp;<\/strong><\/p>\n<ul>\n<li style=\"text-align: justify\">\n<p style=\"text-align: justify\">Espa&ntilde;a destina solo un 1,1%&nbsp;a vivienda social , frente al 32% de Pa&iacute;ses Bajos,el 18% de Reino Unido y el 17% de Francia, entre otros (Informe Amnist&iacute;a Internacional &ldquo;Derechos desalojados. Derecho a la vivienda y desalojos hipotecarios en Espa&ntilde;a&rdquo;, junio 2015). Las AAPP se encuentran ante la oportunidad de hacer frente a esta situaci&oacute;n.<\/p>\n<\/li>\n<\/ul>\n<p><strong>Dise&ntilde;o param&eacute;trico<\/strong><\/p>\n<ul>\n<li style=\"text-align: justify\">\n<p style=\"text-align: justify\">El dise&ntilde;o param&eacute;trico ofrece grandes ventajas en el mercado de la rehabilitaci&oacute;n de edificios, pudiendo ser un nicho de mercado para empresas desarrolladores de software como Autodesk o Revit.<\/p>\n<\/li>\n<\/ul>\n<p style=\"text-align: center\"><em><span style=\"font-size: small\">&ldquo;Devolver los activos en vivienda de los inmuebles en stock para estar habitadas de nuevo&rdquo;<\/span><\/em><\/p>\n<h4 style=\"text-align: left\">&nbsp;<\/h4>\n<h4 style=\"text-align: left\"><strong>Ventajas competitivas<\/strong><\/h4>\n<ul>\n<li style=\"text-align: justify\">\n<p>Eficaz y r&aacute;pida detecci&oacute;n de los aspectos de la vivienda sobre los que se debe actuar.<\/p>\n<\/li>\n<li style=\"text-align: justify\">\n<p>Amplio an&aacute;lisis param&eacute;trico que permite obtener una alta precisi&oacute;n de las acciones a acometer.Amplio an&aacute;lisis param&eacute;trico que permite obtener una alta precisi&oacute;n de las acciones a acometer.<\/p>\n<\/li>\n<li style=\"text-align: justify\">\n<p>Claridad de los resultados devueltos, que posibilitan una interacci&oacute;n m&aacute;s fluida con el cliente.<\/p>\n<\/li>\n<\/ul>\n<h4 style=\"text-align: left\"><strong>Referencias<\/strong><\/h4>\n<ul>\n<li style=\"text-align: justify\">\n<p style=\"text-align: justify\">El grupo de investigaci&oacute;n GIVCO cuenta con una amplia experiencia investigadora en el campo de la Vivienda Colectiva.<\/p>\n<\/li>\n<li style=\"text-align: justify\">\n<p style=\"text-align: justify\">Durante los &uacute;ltimos 10 a&ntilde;os ha participado en proyectos de I+D+i de referencia en dicho &aacute;mbito.<\/p>\n<\/li>\n<\/ul>\n<h4 style=\"text-align: left\"><strong>Grupo de desarrollo<\/strong><\/h4>\n<ul>\n<li>Concepto<\/li>\n<li>Investigaci&oacute;n<\/li>\n<li><span style=\"text-decoration: underline\"><strong>Prototipo Lab<\/strong><\/span><\/li>\n<li>Prototipo industrial<\/li>\n<li>Producci&oacute;n<\/li>\n<\/ul>\n<h4 style=\"text-align: left\"><strong>Contacto<\/strong><\/h4>\n<p><strong>Contacto Domestic Big Data<\/strong><\/p>\n<p>Carmen Espegel<\/p>\n<p>GIVCO &#8211; Grupo de Investigaci&oacute;n en Vivienda Colectiva &#8211; UPM<\/p>\n<p>e: <span rel=\"81311530ac311f31ae312e31a931223175311831c2312231a5313631be31173176312831b2313b3182312e31aa31\" class=\"cryptex \" style=\"\"><span class=\"CryptexImg ctxRRsY0gTxSjToFbpdXe172dzfuTz-XiuYX8Wr_hc7XSA\"><\/span><\/span><\/p>\n<p><strong>Contacto UPM<\/strong><\/p>\n<p>Programas de Innovaci&oacute;n y Emprendimiento<\/p>\n<p>Centro de Apoyo a la Innovaci&oacute;n Tecnol&oacute;gica &ndash; UPM<\/p>\n<p>e: <span rel=\"81311530b2312c31aa313031ba311531aa311c31be3120316e314331be310e31a4312231ae313d31bb3132319a31263173314131b931313180312631ac31\" class=\"cryptex \" style=\"\"><span class=\"CryptexImg ctxR7neImVV1tJoTSyttUGBAuiESKXKLLyzTwJSN1lk9Z0\"><\/span><\/span><\/p>\n<div class=\"pdfprnt-buttons pdfprnt-buttons-product pdfprnt-bottom-left\"><a href=\"https:\/\/www.upm.es\/recursosidi\/wp-json\/wp\/v2\/product\/11945?print=pdf\" class=\"pdfprnt-button pdfprnt-button-pdf\" target=\"_blank\"><span class=\"pdfprnt-button-title pdfprnt-button-pdf-title\">Descargar ficha<\/span><\/a><\/div>","protected":false},"excerpt":{"rendered":"<p>Viviendas que devolver al mercado.<\/p>\n<p>Herramienta avanzada para analizar y rehabilitar viviendas obsoletas dej\u00e1ndolas operativas de forma r\u00e1pida y con garant\u00edas.<\/p>\n","protected":false},"featured_media":11943,"template":"","meta":{"_acf_changed":false},"product_cat":[2384],"product_tag":[2425,2426],"comunidades-upm":[],"quien":[],"mapa":[{"term_id":135,"name":"Industria, materiales y econom\u00eda circular","slug":"industria-materiales-economia_circular","term_group":0,"term_taxonomy_id":135,"taxonomy":"mapa","description":"","parent":0,"count":165,"filter":"raw","term_order":"13"}],"disponibilidad":[{"term_id":205,"name":"Consultar disponibilidad","slug":"consultar","term_group":0,"term_taxonomy_id":205,"taxonomy":"disponibilidad","description":"","parent":0,"count":290,"filter":"raw","term_order":"0"}],"donde":[{"term_id":1498,"name":"Collective Housing","slug":"en_collective-housing","term_group":0,"term_taxonomy_id":1498,"taxonomy":"donde","description":"","parent":0,"count":3,"filter":"raw","term_order":"0"},{"term_id":274,"name":"Vivienda Colectiva","slug":"vivienda-colectiva","term_group":0,"term_taxonomy_id":274,"taxonomy":"donde","description":"","parent":0,"count":3,"filter":"raw","term_order":"0"}],"infraestructura":[],"ods":[{"term_id":2239,"name":"Ciudades y Comunidades Sostenibles","slug":"ciudades-y-comunidades-sostenibles","term_group":0,"term_taxonomy_id":2239,"taxonomy":"ods","description":"","parent":0,"count":43,"filter":"raw","term_order":"0"}],"origen":[{"term_id":192,"name":"Soluciones tecnol\u00f3gicas","slug":"soluciones-tecnologicas","term_group":0,"term_taxonomy_id":192,"taxonomy":"origen","description":"","parent":0,"count":278,"filter":"raw","term_order":"0"}],"familia_tax":false,"quien_tax":false,"donde_tax":false,"year":"2020-01-01","contacto":"ETS de Arquitectura de Madrid - UPM, Av. Juan de Herrera, 4, 28040, Madrid","telefono":"910674700","pagina_web":"http:\/\/etsamadrid.aq.upm.es\/","email":"carmen.espegel@upm.es","id_ficha_portal":"15","video":"","adjuntos":false,"adjuntos_portal":"","inf":false,"departamento":"","acf":[],"lang":"es","translation":{"es":11945,"en":11948},"_links":{"self":[{"href":"https:\/\/www.upm.es\/recursosidi\/wp-json\/wp\/v2\/product\/11945"}],"collection":[{"href":"https:\/\/www.upm.es\/recursosidi\/wp-json\/wp\/v2\/product"}],"about":[{"href":"https:\/\/www.upm.es\/recursosidi\/wp-json\/wp\/v2\/types\/product"}],"wp:featuredmedia":[{"embeddable":true,"href":"https:\/\/www.upm.es\/recursosidi\/wp-json\/wp\/v2\/media\/11943"}],"wp:attachment":[{"href":"https:\/\/www.upm.es\/recursosidi\/wp-json\/wp\/v2\/media?parent=11945"}],"wp:term":[{"taxonomy":"product_cat","embeddable":true,"href":"https:\/\/www.upm.es\/recursosidi\/wp-json\/wp\/v2\/product_cat?post=11945"},{"taxonomy":"product_tag","embeddable":true,"href":"https:\/\/www.upm.es\/recursosidi\/wp-json\/wp\/v2\/product_tag?post=11945"},{"taxonomy":"comunidad_upm","embeddable":true,"href":"https:\/\/www.upm.es\/recursosidi\/wp-json\/wp\/v2\/comunidades-upm?post=11945"},{"taxonomy":"quien","embeddable":true,"href":"https:\/\/www.upm.es\/recursosidi\/wp-json\/wp\/v2\/quien?post=11945"},{"taxonomy":"mapa","embeddable":true,"href":"https:\/\/www.upm.es\/recursosidi\/wp-json\/wp\/v2\/mapa?post=11945"},{"taxonomy":"disponibilidad","embeddable":true,"href":"https:\/\/www.upm.es\/recursosidi\/wp-json\/wp\/v2\/disponibilidad?post=11945"},{"taxonomy":"donde","embeddable":true,"href":"https:\/\/www.upm.es\/recursosidi\/wp-json\/wp\/v2\/donde?post=11945"},{"taxonomy":"infraestructura","embeddable":true,"href":"https:\/\/www.upm.es\/recursosidi\/wp-json\/wp\/v2\/infraestructura?post=11945"},{"taxonomy":"ods","embeddable":true,"href":"https:\/\/www.upm.es\/recursosidi\/wp-json\/wp\/v2\/ods?post=11945"},{"taxonomy":"origen","embeddable":true,"href":"https:\/\/www.upm.es\/recursosidi\/wp-json\/wp\/v2\/origen?post=11945"}],"curies":[{"name":"wp","href":"https:\/\/api.w.org\/{rel}","templated":true}]}}