{"id":11981,"date":"2023-03-07T10:25:22","date_gmt":"2023-03-07T09:25:22","guid":{"rendered":"https:\/\/www.upm.es\/recursosidi\/offers-resources\/sin categor\u00eda\/simulacion-computacional-de-la-estatica-y-dinamica-de-estructuras-y-mecanismos\/"},"modified":"2023-03-07T10:25:22","modified_gmt":"2023-03-07T09:25:22","slug":"simulacion-computacional-de-la-estatica-y-dinamica-de-estructuras-y-mecanismos","status":"publish","type":"product","link":"https:\/\/www.upm.es\/recursosidi\/offers-resources\/servicios-cientifico-tecnologico\/servicios-servicios-cientifico-tecnologico\/simulacion-computacional-de-la-estatica-y-dinamica-de-estructuras-y-mecanismos\/","title":{"rendered":"Simulaci\u00f3n computacional de la est\u00e1tica y din\u00e1mica de estructuras y mecanismos"},"content":{"rendered":"<h4 class=\"\">Necesidades demandadas y aplicaciones<\/h4>\n<p>Respuesta cuantitativa de la respuesta de estructuras y mecanismos complejos ante distintas acciones relevantes en aplicaciones de ingener&iacute;a civil y mec&aacute;nica.<\/p>\n<hr \/>\n<h4 class=\"\">Servicios que se ofrecen<\/h4>\n<ul>\n<li style=\"text-align: justify\">Evaluaci&oacute;n din&aacute;mica de puentes y viaductos ferroviarios bajo acciones<br \/>del tr&aacute;fico<\/li>\n<li style=\"text-align: justify\">Aplicaci&oacute;n de normativa de proyecto y c&aacute;lculo de puentes ferroviarios,<br \/>de carretera o peatonales<\/li>\n<li style=\"text-align: justify\">An&aacute;lisis de impactos o explosiones sobre edificios o infraestructuras<br \/>mediante modelos de c&aacute;lculo no lineales<\/li>\n<li style=\"text-align: justify\">An&aacute;lisis de estructuras (hist&oacute;ricas y modernas) sometidas a acciones<br \/>din&aacute;micas tipo sismo<\/li>\n<li style=\"text-align: justify\">Evaluaci&oacute;n de la seguridad estructural y reforzamiento de construcciones<br \/>de f&aacute;brica<\/li>\n<li style=\"text-align: justify\">An&aacute;lisis de problemas din&aacute;micos no lineales de mecanismos y estructuras<br \/>compuestos por s&oacute;lidos r&iacute;gidos y deformables<\/li>\n<li style=\"text-align: justify\">C&aacute;lculo de sensibilidades de problemas din&aacute;micos de estructuras y mecanismos frente a<br \/>par&aacute;metros geom&eacute;tricos y constitutivos<\/li>\n<li style=\"text-align: justify\">Aerodin&aacute;mica de estructuras (edificaci&oacute;n, puentes)<\/li>\n<\/ul>\n<hr \/>\n<h4 class=\"\" style=\"text-align: justify\">Competencias diferenciales<\/h4>\n<p>El grupo investigador ha desarrollado diversos programas de c&aacute;lculo que incorporan tanto t&eacute;cnicas num&eacute;ricas est&aacute;ndar como otras especiales no disponibles en programas comerciales. &nbsp;El ser desarrolladores de estos programas proporciona una enorme flexibilidad a la hora de incorporar efectos muy concretos para aplicaciones singulares bajo demanda.<\/p>\n<p>Algunos de estos programas son:<\/p>\n<ul>\n<li style=\"text-align: justify\">CALDINTAV 3.0 es un programa de c&aacute;lculo din&aacute;mico de puentes de ferrocarril desarrollado por el Grupo de Mec&aacute;nica Computacional de la E.T.S.I Caminos, Canales y Puertos de la Universidad Polit&eacute;cnica de Madrid. El objetivo del programa es proporcionar al usuario una aplicaci&oacute;n sencilla que le permita realizar los c&aacute;lculos de forma r&aacute;pida tanto para puentes isost&aacute;ticos como para puentes continous y\/o marcos bajo el efecto de los trenes, y por lo tanto le permita tamb&iacute;en una r&aacute;pida revisi&oacute;n de la compatibilidad de los puentes.<\/li>\n<li style=\"text-align: justify\">MDyn. Programa para la simulaci&oacute;n de din&aacute;mica estructural y de su&nbsp;interacci&oacute;n con el viento y con acciones de tr&aacute;fico. Programado en&nbsp;lenguaje Python, se basa en una vectorizaci&oacute;n de las expresiones clasicas&nbsp;de la superposicion modal y de la soluci&oacute;n del sistema de la din&aacute;mica en&nbsp;el dominio del tiempo. Ofrece una reducci&oacute;n significativa del tiempo de&nbsp;c&aacute;lculo en la soluci&oacute;n de problemas estructurales din&aacute;micos en rango&nbsp;el&aacute;stico (bajo viento, sismo, tr&aacute;fico, etc.), comparado con software&nbsp;comercial. Permite definir acciones estoc&aacute;sticas de viento,&nbsp;irregularidades de pavimento y tr&aacute;fico, este ultimo definido como cargas&nbsp;m&oacute;viles o por medio de sistemas de varios grados de libertad que&nbsp;interaccionan con el movimiento de la estructura.<\/li>\n<li style=\"text-align: justify\">EPPI. &nbsp;Programa para la simulaci&oacute;n din&aacute;mica de mecanismos r&iacute;gidos y&nbsp;flexibles con capacidad de c&aacute;lculo en paralelo en plataformas de c&aacute;lculo&nbsp;distribu&iacute;do. Programado con un lenguage orientado a objetos (C++) y con&nbsp;comunicaciones basadas en la librer&iacute;a MPI, posee varios integradores&nbsp;expl&iacute;citos e impl&iacute;citos, s&oacute;lidos r&iacute;gidos y elementos deformables y&nbsp;diversos tipos de pares cinem&aacute;ticos. &nbsp;Es capaz de representar fen&oacute;menos de&nbsp;contacto.<\/li>\n<\/ul>\n<hr \/>\n<h4 class=\"\" style=\"text-align: justify\">Solicitud del servicio<\/h4>\n<hr \/>\n<p>Mediante correo electr&oacute;nico<\/p>\n<div class=\"pdfprnt-buttons pdfprnt-buttons-product pdfprnt-bottom-left\"><a href=\"https:\/\/www.upm.es\/recursosidi\/wp-json\/wp\/v2\/product\/11981?print=pdf\" class=\"pdfprnt-button pdfprnt-button-pdf\" target=\"_blank\"><span class=\"pdfprnt-button-title pdfprnt-button-pdf-title\">Descargar ficha<\/span><\/a><\/div>","protected":false},"excerpt":{"rendered":"<p>Simulaci\u00f3n computacional del comportamiento est\u00e1tico y din\u00e1mico de estructuras frente a distintos tipos de acciones (tr\u00e1fico, sismo, viento, impactos, explosiones, etc.) y de mecanismos<\/p>\n","protected":false},"featured_media":11977,"template":"","meta":{"_acf_changed":false},"product_cat":[2395],"product_tag":[8994,2335,2883,8996,8992,8990],"comunidades-upm":[],"quien":[],"mapa":[{"term_id":2405,"name":"Ciencia para la ingenier\u00eda y la arquitectura","slug":"ciencia-para-ingenieria-y-arquitectura","term_group":0,"term_taxonomy_id":2405,"taxonomy":"mapa","description":"","parent":0,"count":127,"filter":"raw","term_order":"7"}],"disponibilidad":[{"term_id":204,"name":"Disponible","slug":"disponible","term_group":0,"term_taxonomy_id":204,"taxonomy":"disponibilidad","description":"","parent":0,"count":110,"filter":"raw","term_order":"0"}],"donde":[{"term_id":1576,"name":"Computational Mechanics Group","slug":"en_computational-mechanics-group","term_group":0,"term_taxonomy_id":1576,"taxonomy":"donde","description":"","parent":0,"count":9,"filter":"raw","term_order":"0"},{"term_id":352,"name":"Grupo de Mec\u00e1nica Computacional","slug":"grupo-de-mecanica-computacional","term_group":0,"term_taxonomy_id":352,"taxonomy":"donde","description":"","parent":0,"count":9,"filter":"raw","term_order":"0"}],"infraestructura":[],"ods":[{"term_id":2247,"name":"Industria, Innovaci\u00f3n e Infraestructura","slug":"industria-innovacion-e-infraestructura","term_group":0,"term_taxonomy_id":2247,"taxonomy":"ods","description":"","parent":0,"count":171,"filter":"raw","term_order":"0"}],"origen":[{"term_id":196,"name":"Infraestructuras, Instalaci\u00f3n, Equipo","slug":"infraestructuras","term_group":0,"term_taxonomy_id":196,"taxonomy":"origen","description":"","parent":0,"count":180,"filter":"raw","term_order":"0"}],"familia_tax":false,"quien_tax":false,"donde_tax":false,"year":"2000-01-01","contacto":"ETSI Caminos, Canales y Puertos -UPM, c\/ Profesor Aranguren, 3, 28040, Madrid","telefono":"910674172","pagina_web":"http:\/\/www.mecanica.upm.es\/","email":"juancarlos.garcia@upm.es","id_ficha_portal":"458","video":"","adjuntos":false,"adjuntos_portal":"","inf":false,"departamento":"","acf":[],"lang":"es","translation":{"es":11981},"_links":{"self":[{"href":"https:\/\/www.upm.es\/recursosidi\/wp-json\/wp\/v2\/product\/11981"}],"collection":[{"href":"https:\/\/www.upm.es\/recursosidi\/wp-json\/wp\/v2\/product"}],"about":[{"href":"https:\/\/www.upm.es\/recursosidi\/wp-json\/wp\/v2\/types\/product"}],"wp:featuredmedia":[{"embeddable":true,"href":"https:\/\/www.upm.es\/recursosidi\/wp-json\/wp\/v2\/media\/11977"}],"wp:attachment":[{"href":"https:\/\/www.upm.es\/recursosidi\/wp-json\/wp\/v2\/media?parent=11981"}],"wp:term":[{"taxonomy":"product_cat","embeddable":true,"href":"https:\/\/www.upm.es\/recursosidi\/wp-json\/wp\/v2\/product_cat?post=11981"},{"taxonomy":"product_tag","embeddable":true,"href":"https:\/\/www.upm.es\/recursosidi\/wp-json\/wp\/v2\/product_tag?post=11981"},{"taxonomy":"comunidad_upm","embeddable":true,"href":"https:\/\/www.upm.es\/recursosidi\/wp-json\/wp\/v2\/comunidades-upm?post=11981"},{"taxonomy":"quien","embeddable":true,"href":"https:\/\/www.upm.es\/recursosidi\/wp-json\/wp\/v2\/quien?post=11981"},{"taxonomy":"mapa","embeddable":true,"href":"https:\/\/www.upm.es\/recursosidi\/wp-json\/wp\/v2\/mapa?post=11981"},{"taxonomy":"disponibilidad","embeddable":true,"href":"https:\/\/www.upm.es\/recursosidi\/wp-json\/wp\/v2\/disponibilidad?post=11981"},{"taxonomy":"donde","embeddable":true,"href":"https:\/\/www.upm.es\/recursosidi\/wp-json\/wp\/v2\/donde?post=11981"},{"taxonomy":"infraestructura","embeddable":true,"href":"https:\/\/www.upm.es\/recursosidi\/wp-json\/wp\/v2\/infraestructura?post=11981"},{"taxonomy":"ods","embeddable":true,"href":"https:\/\/www.upm.es\/recursosidi\/wp-json\/wp\/v2\/ods?post=11981"},{"taxonomy":"origen","embeddable":true,"href":"https:\/\/www.upm.es\/recursosidi\/wp-json\/wp\/v2\/origen?post=11981"}],"curies":[{"name":"wp","href":"https:\/\/api.w.org\/{rel}","templated":true}]}}