{"id":12009,"date":"2023-03-22T11:29:09","date_gmt":"2023-03-22T10:29:09","guid":{"rendered":"https:\/\/www.upm.es\/recursosidi\/offers-resources\/sin categor\u00eda\/hoop-2\/"},"modified":"2023-03-22T11:29:11","modified_gmt":"2023-03-22T10:29:11","slug":"hoop-2","status":"publish","type":"product","link":"https:\/\/www.upm.es\/recursosidi\/en\/offers-resources\/technological-solutions\/hoop-2\/","title":{"rendered":"HOOP"},"content":{"rendered":"<h4><strong>Brief description of the solution and the added value it delivers<\/strong><\/h4>\n<p style=\"text-align: justify\">Unlike other mobile apps and solutions, HOOP not only features physical, sensory-motor and cognitive exercises, but it also adapts the exercises to the needs of its users, who can choose their favourite songs for exercising, making rehabilitation more enjoyable. Our sensors (worn as a wrist or ankle bracelet) and the website are also hugely important, as they allow medical professionals to analyse users&#8217; progress and suggest the next exercises to be done.<\/p>\n<h4><strong>Description of the technological basis<\/strong><\/h4>\n<p style=\"text-align: justify\">HOOP is a comprehensive m-health solution. It consists or an app for Android mobile phones, a pair of six-axis inertial sensors with a BLE connection and a web portal for therapists and patients.<\/p>\n<p style=\"text-align: justify\">The app is the interface for the different rehabilitation activities proposed to the patient. Those activities are monitored by action recognition algorithms incorporated in the app, using data transmitted by the inertial sensors. The data are also transferred to the web application and processed there, for continuous monitoring and to allow the patient to manage their own progress. The inclusion of the algorithms with the exercises and the musical metrics, which help to stimulate the patient, represent a step forward in rehabilitation therapy.<\/p>\n<h4><strong>Business needs \/ application<\/strong><\/h4>\n<ul>\n<li>\n<p style=\"text-align: justify\">Patients have limited access to rehabilitation, due to its cost.<\/p>\n<\/li>\n<li>\n<p style=\"text-align: justify\">Therapists are able to monitor patients who live far away from Parkinson&#8217;s associations, day centres or rehabilitation facilities.<span style=\"font-size: small\"> <br \/><\/span><\/p>\n<\/li>\n<\/ul>\n<p style=\"text-align: center\"><em>&#8216;Mobile app with at-home rehabilitation exercises for patients with Parkinson&#8217;s disease, with music and remote monitoring by the rehabilitation therapist&#8217;<\/em><\/p>\n<h4>&nbsp;<\/h4>\n<h4><strong>Competitive advantages<\/strong><\/h4>\n<ul>\n<li>\n<p style=\"text-align: justify\">Rhythmic auditory stimulation (RAS) unblocks walking.<\/p>\n<\/li>\n<li style=\"text-align: justify\">\n<p>Monitoring and supervision of the patient in an unobtrusive and objective manner.<\/p>\n<\/li>\n<li style=\"text-align: justify\">\n<p>Improvement on current conventional therapy and means of early access to rehabilitation.<\/p>\n<\/li>\n<li>\n<p style=\"text-align: justify\">We have learnt from users and developed the technology according to their needs. The necessary specialisation involves a steep learning curve compared to other competitors who wish to imitate our solution.<\/p>\n<\/li>\n<\/ul>\n<h4><strong>References<\/strong><\/h4>\n<p style=\"text-align: justify\">Life Supporting Technologies (LifeSTech) is a UPM research, development and innovation group. Its work is focused on designing, developing, evaluating and enabling ICT-based services and applications for the creation and promotion of new ideas, methods and technological solutions across the value chain of organisations related to health and digital inclusion.<\/p>\n<h4><strong>Stage of development<\/strong><\/h4>\n<ul>\n<li>\n<p style=\"text-align: justify\">Concept<\/p>\n<\/li>\n<li style=\"text-align: justify\">\n<p>Research<\/p>\n<\/li>\n<li style=\"text-align: justify\">\n<p>Lab prototype<\/p>\n<\/li>\n<li style=\"text-align: justify\">\n<p><span style=\"text-decoration: underline\"> <strong>Industrial prototype<\/strong> <\/span><\/p>\n<\/li>\n<li>\n<p style=\"text-align: justify\">Production<\/p>\n<\/li>\n<\/ul>\n<h4><strong>Contact<\/strong><\/h4>\n<p style=\"text-align: justify\"><strong>HOOP contact<\/strong><\/p>\n<p style=\"text-align: justify\">Mar&iacute;a Fernanda Cabrera<\/p>\n<p style=\"text-align: justify\">e: <a href=\"mailto:<span rel=\"73313730b4311d316e310e319d310a31b5310f31c8311b3182313a31b131153165313131a431\" class=\"cryptex \" style=\"\"><span class=\"CryptexImg ctxd0JBc3gdZwQL16sOCkJoz7ET0h3LIUUHsjR4SKe0yzk\"><\/span><\/span>\"><span rel=\"73313730b4311d316e310e319d310a31b5310f31c8311b3182313a31b131153165313131a431\" class=\"cryptex \" style=\"\"><span class=\"CryptexImg ctxd0JBc3gdZwQL16sOCkJoz7ET0h3LIUUHsjR4SKe0yzk\"><\/span><\/span><\/a><\/p>\n<p style=\"text-align: justify\">&nbsp;<\/p>\n<p style=\"text-align: justify\"><strong>UPM contact<\/strong><\/p>\n<p style=\"text-align: justify\">Innovation and Entrepreneurship Programmes<\/p>\n<p style=\"text-align: justify\">Technological Innovation Support Centre (CAIT) &#8211; UPM<\/p>\n<p style=\"text-align: justify\">e: <span rel=\"73313730b0312531ae311a31b2310931a6311331c531283170313931a6310b31a5313b319d311531a1312d31ba310d3198312931be311e3160312e31c831\" class=\"cryptex \" style=\"\"><span class=\"CryptexImg ctxR7neImVV1tJoTSyttUGBAuiESKXKLLyzTwJSN1lk9Z0\"><\/span><\/span><\/p>\n<div class=\"pdfprnt-buttons pdfprnt-buttons-product pdfprnt-bottom-left\"><a href=\"https:\/\/www.upm.es\/recursosidi\/wp-json\/wp\/v2\/product\/12009?print=pdf\" class=\"pdfprnt-button pdfprnt-button-pdf\" target=\"_blank\"><span class=\"pdfprnt-button-title pdfprnt-button-pdf-title\">Descargar ficha<\/span><\/a><\/div>","protected":false},"excerpt":{"rendered":"<p>Change the rhythm of your Parkinson&#8217;s disease. A mobile app and inertial sensors for patients with Parkinson&#8217;s disease and a website for therapists, enabling remote rehabilitation,communication and monitoring between the two.<\/p>\n","protected":false},"featured_media":12008,"template":"","meta":{"_acf_changed":false},"product_cat":[2386],"product_tag":[8168],"comunidades-upm":[],"quien":[],"mapa":[{"term_id":37,"name":"Digital Technologies, Artificial Intelligence, Cybersecurity, 5G, Robotics","slug":"digital_technologies-ai-cybersecurity-5g-robotics","term_group":0,"term_taxonomy_id":37,"taxonomy":"mapa","description":"","parent":0,"count":83,"filter":"raw","term_order":"24"},{"term_id":38,"name":"Health and Wellbeing","slug":"health-and-wellbeing","term_group":0,"term_taxonomy_id":38,"taxonomy":"mapa","description":"","parent":0,"count":51,"filter":"raw","term_order":"18"}],"disponibilidad":[{"term_id":205,"name":"Consultar disponibilidad","slug":"consultar","term_group":0,"term_taxonomy_id":205,"taxonomy":"disponibilidad","description":"","parent":0,"count":290,"filter":"raw","term_order":"0"}],"donde":[{"term_id":1700,"name":"Life Support Technologies","slug":"en_life-support-technologies","term_group":0,"term_taxonomy_id":1700,"taxonomy":"donde","description":"Somos uno de los principales grupos europeos de investigaci\u00f3n e innovaci\u00f3n en el sector de la eSalud y la eInclusion social y mantenemos colaboraciones estables con el sector privado y p\u00fablico en diversas \u00e1reas de I+D+i.\r\nTenemos una larga trayectoria en el dise\u00f1o, desarrollo y evaluaci\u00f3n de servicios y aplicaciones basados en las Tecnolog\u00edas de la Informaci\u00f3n y la Comunicaci\u00f3n para la creaci\u00f3n y promoci\u00f3n de nuevas ideas, m\u00e9todos y soluciones tecnol\u00f3gicas en todos los aspectos de la cadena de valor de las organizaciones.\r\n\r\nNuestros principales ejes de investigaci\u00f3n son:\r\n\r\nTIC en sanidad y servicios sociales (e-salud y e-inclusi\u00f3n)\r\nNeurofot\u00f3nica\r\nRedes y Sensores Fot\u00f3nicos","parent":0,"count":16,"filter":"raw","term_order":"0"},{"term_id":476,"name":"Tecnolog\u00edas de Apoyo a la Vida","slug":"tecnologias-de-apoyo-a-la-vida","term_group":0,"term_taxonomy_id":476,"taxonomy":"donde","description":"Somos uno de los principales grupos europeos de investigaci\u00f3n e innovaci\u00f3n en el sector de la eSalud y la eInclusion social y mantenemos colaboraciones estables con el sector privado y p\u00fablico en diversas \u00e1reas de I+D+i.\r\nTenemos una larga trayectoria en el dise\u00f1o, desarrollo y evaluaci\u00f3n de servicios y aplicaciones basados en las Tecnolog\u00edas de la Informaci\u00f3n y la Comunicaci\u00f3n para la creaci\u00f3n y promoci\u00f3n de nuevas ideas, m\u00e9todos y soluciones tecnol\u00f3gicas en todos los aspectos de la cadena de valor de las organizaciones.\r\n\r\nNuestros principales ejes de investigaci\u00f3n son:\r\n\r\nTIC en sanidad y servicios sociales (e-salud y e-inclusi\u00f3n)\r\nNeurofot\u00f3nica\r\nRedes y Sensores Fot\u00f3nicos","parent":0,"count":23,"filter":"raw","term_order":"0"}],"infraestructura":[],"ods":[{"term_id":2273,"name":"Good Health and Well-Being","slug":"good-health-and-well-being","term_group":0,"term_taxonomy_id":2273,"taxonomy":"ods","description":"","parent":0,"count":54,"filter":"raw","term_order":"0"},{"term_id":2245,"name":"Reduced Inequalities","slug":"reduced-inequalities","term_group":0,"term_taxonomy_id":2245,"taxonomy":"ods","description":"","parent":0,"count":17,"filter":"raw","term_order":"0"}],"origen":[{"term_id":192,"name":"Soluciones tecnol\u00f3gicas","slug":"soluciones-tecnologicas","term_group":0,"term_taxonomy_id":192,"taxonomy":"origen","description":"","parent":0,"count":278,"filter":"raw","term_order":"0"}],"familia_tax":false,"quien_tax":false,"donde_tax":false,"year":"2020-01-01","contacto":"ETSI de Telecomunicaci\u00f3n - UPM, Avenida  Complutense, 30, Ciudad Universitaria, 28040, Madrid","telefono":"910671900","pagina_web":"https:\/\/www.etsit.upm.es\/","email":"mf.cabrera@upm.es","id_ficha_portal":"108","video":"","adjuntos":false,"adjuntos_portal":"","inf":false,"departamento":"","acf":[],"lang":"en","translation":{"en":12009,"es":12007},"_links":{"self":[{"href":"https:\/\/www.upm.es\/recursosidi\/wp-json\/wp\/v2\/product\/12009"}],"collection":[{"href":"https:\/\/www.upm.es\/recursosidi\/wp-json\/wp\/v2\/product"}],"about":[{"href":"https:\/\/www.upm.es\/recursosidi\/wp-json\/wp\/v2\/types\/product"}],"wp:featuredmedia":[{"embeddable":true,"href":"https:\/\/www.upm.es\/recursosidi\/wp-json\/wp\/v2\/media\/12008"}],"wp:attachment":[{"href":"https:\/\/www.upm.es\/recursosidi\/wp-json\/wp\/v2\/media?parent=12009"}],"wp:term":[{"taxonomy":"product_cat","embeddable":true,"href":"https:\/\/www.upm.es\/recursosidi\/wp-json\/wp\/v2\/product_cat?post=12009"},{"taxonomy":"product_tag","embeddable":true,"href":"https:\/\/www.upm.es\/recursosidi\/wp-json\/wp\/v2\/product_tag?post=12009"},{"taxonomy":"comunidad_upm","embeddable":true,"href":"https:\/\/www.upm.es\/recursosidi\/wp-json\/wp\/v2\/comunidades-upm?post=12009"},{"taxonomy":"quien","embeddable":true,"href":"https:\/\/www.upm.es\/recursosidi\/wp-json\/wp\/v2\/quien?post=12009"},{"taxonomy":"mapa","embeddable":true,"href":"https:\/\/www.upm.es\/recursosidi\/wp-json\/wp\/v2\/mapa?post=12009"},{"taxonomy":"disponibilidad","embeddable":true,"href":"https:\/\/www.upm.es\/recursosidi\/wp-json\/wp\/v2\/disponibilidad?post=12009"},{"taxonomy":"donde","embeddable":true,"href":"https:\/\/www.upm.es\/recursosidi\/wp-json\/wp\/v2\/donde?post=12009"},{"taxonomy":"infraestructura","embeddable":true,"href":"https:\/\/www.upm.es\/recursosidi\/wp-json\/wp\/v2\/infraestructura?post=12009"},{"taxonomy":"ods","embeddable":true,"href":"https:\/\/www.upm.es\/recursosidi\/wp-json\/wp\/v2\/ods?post=12009"},{"taxonomy":"origen","embeddable":true,"href":"https:\/\/www.upm.es\/recursosidi\/wp-json\/wp\/v2\/origen?post=12009"}],"curies":[{"name":"wp","href":"https:\/\/api.w.org\/{rel}","templated":true}]}}