{"id":12048,"date":"2023-03-23T02:52:20","date_gmt":"2023-03-23T01:52:20","guid":{"rendered":"https:\/\/www.upm.es\/recursosidi\/offers-resources\/sin%20categor\u00eda\/sistema-y-metodo-de-supervision-de-un-devanado-de-una-maquina-electrica\/"},"modified":"2024-10-31T02:28:45","modified_gmt":"2024-10-31T01:28:45","slug":"sistema-y-metodo-de-supervision-de-un-devanado-de-una-maquina-electrica","status":"publish","type":"product","link":"https:\/\/www.upm.es\/recursosidi\/offers-resources\/patentes\/sistema-y-metodo-de-supervision-de-un-devanado-de-una-maquina-electrica\/","title":{"rendered":"Sistema de supervisi\u00f3n de un devanado de una m\u00e1quina el\u00e9ctrica"},"content":{"rendered":"<h5>Descripci\u00f3n de la patente <\/h5>\n<p>Sistema (100) y m&eacute;todo de supervisi&oacute;n de un devanado<br \/>(200) de una m&aacute;quina el&eacute;ctrica. El sistema (100)<br \/>comprende: un medidor de tensi&oacute;n (101), un medidor de<br \/>corriente (I); un m&oacute;dulo de c&aacute;lculo de una resistencia<br \/>(103) configurado para calcular una resistencia, R, del<br \/>devanado (200); un sensor de temperatura (104), y; un<br \/>m&oacute;dulo de comparaci&oacute;n (105) de la resistencia, R,<br \/>calculada, con una caracter&iacute;stica resistencia-temperatura<br \/>(R-T) del mismo devanado (200) en condiciones sanas;<br \/>donde si el m&oacute;dulo de comparaci&oacute;n (105) verifica que la<br \/>resistencia, R, cumple que: Rref-&Delta;R &le; R &le; Rref+&Delta;R,<br \/>entonces se determina que el devanado (200) se<br \/>encuentra en condiciones de funcionamiento y seguridad<br \/>aceptables, y; donde si el m&oacute;dulo de comparaci&oacute;n (105)<br \/>verifica que la resistencia, R, cumple que: R &gt; Rref+&Delta;R, o<br \/>que: R &lt; Rref-&Delta;R, entonces se determina que el<br \/>devanado (200) no se encuentra en condiciones de<br \/>funcionamiento y seguridad aceptables.<\/p>\n<h5>Situaci\u00f3n <\/h5>\n<p>Concedida<\/p>\n<h5>N\u00famero de solicitud<\/h5>\n<p>U202430553<\/p>\n<h5>N\u00famero de publicaci\u00f3n<\/h5>\n<p>ES1309641U<\/p>\n<h5>Fecha de presentaci\u00f3n <\/h5>\n<p>22\/12\/2022<\/p>\n<h5>Fecha de publicaci\u00f3n <\/h5>\n<p>05\/08\/2024<\/p>\n<h5>Fecha de concesi\u00f3n <\/h5>\n<p>22\/10\/2024<\/p>\n<div class=\"pdfprnt-buttons pdfprnt-buttons-product pdfprnt-bottom-left\"><a href=\"https:\/\/www.upm.es\/recursosidi\/wp-json\/wp\/v2\/product\/12048?print=pdf\" class=\"pdfprnt-button pdfprnt-button-pdf\" target=\"_blank\"><span class=\"pdfprnt-button-title pdfprnt-button-pdf-title\">Descargar ficha<\/span><\/a><\/div>","protected":false},"excerpt":{"rendered":"<p>Descripci\u00f3n de la patente Sistema (100) y m&eacute;todo de supervisi&oacute;n de un devanado(200) de una m&aacute;quina el&eacute;ctrica. El sistema (100)comprende: un medidor de tensi&oacute;n (101),&hellip;<\/p>\n","protected":false},"featured_media":0,"template":"","meta":{"_acf_changed":false},"product_cat":[3946],"product_tag":[],"comunidades-upm":[],"quien":[],"mapa":[{"term_id":2405,"name":"Ciencia para la ingenier\u00eda y la arquitectura","slug":"ciencia-para-ingenieria-y-arquitectura","term_group":0,"term_taxonomy_id":2405,"taxonomy":"mapa","description":"","parent":0,"count":127,"filter":"raw","term_order":"7"},{"term_id":133,"name":"Clima, Energ\u00eda y Movilidad","slug":"clima-energia-movilidad","term_group":0,"term_taxonomy_id":133,"taxonomy":"mapa","description":"","parent":0,"count":129,"filter":"raw","term_order":"9"},{"term_id":135,"name":"Industria, materiales y econom\u00eda circular","slug":"industria-materiales-economia_circular","term_group":0,"term_taxonomy_id":135,"taxonomy":"mapa","description":"","parent":0,"count":165,"filter":"raw","term_order":"13"}],"disponibilidad":[],"donde":[{"term_id":546,"name":"Centro de Electr\u00f3nica Industrial (CEI)","slug":"centro-de-electronica-industrial-cei","term_group":0,"term_taxonomy_id":546,"taxonomy":"donde","description":"","parent":0,"count":25,"filter":"raw","term_order":"0"},{"term_id":374,"name":"Generaci\u00f3n el\u00e9ctrica con energ\u00eda e\u00f3lica","slug":"generacion-electrica-con-energia-eolica","term_group":0,"term_taxonomy_id":374,"taxonomy":"donde","description":"","parent":0,"count":70,"filter":"raw","term_order":"0"}],"infraestructura":[],"ods":[],"origen":[{"term_id":180,"name":"Patente","slug":"patente","term_group":0,"term_taxonomy_id":180,"taxonomy":"origen","description":"","parent":0,"count":614,"filter":"raw","term_order":"0"}],"familia_tax":false,"quien_tax":false,"donde_tax":false,"year":"","contacto":"<strong>Principales: <\/strong><ul><li>LUIS FERNANDEZ BEITES <blockquote><strong>luis.fbeites@upm.es<\/strong><\/blockquote><\/li><li>CARLOS ANTONIO PLATERO GAONA <blockquote><strong>carlosantonio.platero@upm.es<\/strong><\/blockquote><\/li><li>JOSE MANUEL GUERRERO GRANADOS <blockquote><strong>josemanuel.guerrero@upm.es<\/strong><\/blockquote><\/li><li>KUMAR VIJAY MAHTANI MAHTANI <blockquote><strong>kumar.mahtani@upm.es<\/strong><\/blockquote><\/li><\/ul>","telefono":"","pagina_web":"","email":"","id_ficha_portal":"1879","video":"","adjuntos":false,"adjuntos_portal":"https:\/\/www.upm.es\/S2i\/Acuse\/recuperarArchivo.jsp?id=1879&id_archivo=14802&tipo=patente&extension=fichero ","inf":false,"departamento":"","acf":[],"lang":"es","translation":{"es":12048},"_links":{"self":[{"href":"https:\/\/www.upm.es\/recursosidi\/wp-json\/wp\/v2\/product\/12048"}],"collection":[{"href":"https:\/\/www.upm.es\/recursosidi\/wp-json\/wp\/v2\/product"}],"about":[{"href":"https:\/\/www.upm.es\/recursosidi\/wp-json\/wp\/v2\/types\/product"}],"wp:attachment":[{"href":"https:\/\/www.upm.es\/recursosidi\/wp-json\/wp\/v2\/media?parent=12048"}],"wp:term":[{"taxonomy":"product_cat","embeddable":true,"href":"https:\/\/www.upm.es\/recursosidi\/wp-json\/wp\/v2\/product_cat?post=12048"},{"taxonomy":"product_tag","embeddable":true,"href":"https:\/\/www.upm.es\/recursosidi\/wp-json\/wp\/v2\/product_tag?post=12048"},{"taxonomy":"comunidad_upm","embeddable":true,"href":"https:\/\/www.upm.es\/recursosidi\/wp-json\/wp\/v2\/comunidades-upm?post=12048"},{"taxonomy":"quien","embeddable":true,"href":"https:\/\/www.upm.es\/recursosidi\/wp-json\/wp\/v2\/quien?post=12048"},{"taxonomy":"mapa","embeddable":true,"href":"https:\/\/www.upm.es\/recursosidi\/wp-json\/wp\/v2\/mapa?post=12048"},{"taxonomy":"disponibilidad","embeddable":true,"href":"https:\/\/www.upm.es\/recursosidi\/wp-json\/wp\/v2\/disponibilidad?post=12048"},{"taxonomy":"donde","embeddable":true,"href":"https:\/\/www.upm.es\/recursosidi\/wp-json\/wp\/v2\/donde?post=12048"},{"taxonomy":"infraestructura","embeddable":true,"href":"https:\/\/www.upm.es\/recursosidi\/wp-json\/wp\/v2\/infraestructura?post=12048"},{"taxonomy":"ods","embeddable":true,"href":"https:\/\/www.upm.es\/recursosidi\/wp-json\/wp\/v2\/ods?post=12048"},{"taxonomy":"origen","embeddable":true,"href":"https:\/\/www.upm.es\/recursosidi\/wp-json\/wp\/v2\/origen?post=12048"}],"curies":[{"name":"wp","href":"https:\/\/api.w.org\/{rel}","templated":true}]}}