{"id":12135,"date":"2023-06-08T02:29:37","date_gmt":"2023-06-08T00:29:37","guid":{"rendered":"https:\/\/www.upm.es\/recursosidi\/offers-resources\/sin%20categor\u00eda\/sistema-de-almacenamiento-de-energia-electrica-por-gravedad\/"},"modified":"2025-03-06T02:27:49","modified_gmt":"2025-03-06T01:27:49","slug":"sistema-de-almacenamiento-de-energia-electrica-por-gravedad","status":"publish","type":"product","link":"https:\/\/www.upm.es\/recursosidi\/offers-resources\/patentes\/sistema-de-almacenamiento-de-energia-electrica-por-gravedad\/","title":{"rendered":"SISTEMA DE ALMACENAMIENTO DE ENERG\u00cdA EL\u00c9CTRICA POR GRAVEDAD"},"content":{"rendered":"<h5>Descripci\u00f3n de la patente <\/h5>\n<p>Sistema de almacenamiento de energ&iacute;a el&eacute;ctrica por<br \/>gravedad que comprende una masa, situada en el<br \/>interior de un t&uacute;nel, y desplazable de manera<br \/>ascendente y descendente en el interior del t&uacute;nel<br \/>conectada a un subsistema de subida y bajada;<br \/>caracterizado por que comprende, adem&aacute;s, un<br \/>subsistema de turbinado e&oacute;lico, donde dicho<br \/>subsistema de turbinado comprende: al menos una<br \/>galer&iacute;a transitable por un flujo de aire en ambas<br \/>direcciones, que conecta el t&uacute;nel por el que se<br \/>desplaza la masa con un aliviadero al exterior; al<br \/>menos una turbina e&oacute;lica bidireccional configurada<br \/>para ser atravesada por el flujo de aire que transita la<br \/>al menos una galer&iacute;a; y un generador, asociado a la al<br \/>menos una turbina e&oacute;lica bidireccional, configurada<br \/>para generar energ&iacute;a el&eacute;ctrica a partir de la turbina.<\/p>\n<h5>Situaci\u00f3n <\/h5>\n<p>Concedida<\/p>\n<h5>N\u00famero de solicitud<\/h5>\n<p>P202330257<\/p>\n<h5>N\u00famero de publicaci\u00f3n<\/h5>\n<p>ES2942788A1<\/p>\n<h5>Fecha de presentaci\u00f3n <\/h5>\n<p>27\/03\/2023<\/p>\n<h5>Fecha de publicaci\u00f3n <\/h5>\n<p>06\/06\/2023<\/p>\n<h5>Fecha de concesi\u00f3n <\/h5>\n<p>18\/02\/2025<\/p>\n<div class=\"pdfprnt-buttons pdfprnt-buttons-product pdfprnt-bottom-left\"><a href=\"https:\/\/www.upm.es\/recursosidi\/wp-json\/wp\/v2\/product\/12135?print=pdf\" class=\"pdfprnt-button pdfprnt-button-pdf\" target=\"_blank\"><span class=\"pdfprnt-button-title pdfprnt-button-pdf-title\">Descargar ficha<\/span><\/a><\/div>","protected":false},"excerpt":{"rendered":"<p>Descripci\u00f3n de la patente Sistema de almacenamiento de energ&iacute;a el&eacute;ctrica porgravedad que comprende una masa, situada en elinterior de un t&uacute;nel, y desplazable de maneraascendente&hellip;<\/p>\n","protected":false},"featured_media":0,"template":"","meta":{"_acf_changed":false},"product_cat":[3946],"product_tag":[],"comunidades-upm":[],"quien":[],"mapa":[{"term_id":2405,"name":"Ciencia para la ingenier\u00eda y la arquitectura","slug":"ciencia-para-ingenieria-y-arquitectura","term_group":0,"term_taxonomy_id":2405,"taxonomy":"mapa","description":"","parent":0,"count":127,"filter":"raw","term_order":"7"},{"term_id":133,"name":"Clima, Energ\u00eda y Movilidad","slug":"clima-energia-movilidad","term_group":0,"term_taxonomy_id":133,"taxonomy":"mapa","description":"","parent":0,"count":129,"filter":"raw","term_order":"9"},{"term_id":135,"name":"Industria, materiales y econom\u00eda circular","slug":"industria-materiales-economia_circular","term_group":0,"term_taxonomy_id":135,"taxonomy":"mapa","description":"","parent":0,"count":165,"filter":"raw","term_order":"13"}],"disponibilidad":[],"donde":[{"term_id":374,"name":"Generaci\u00f3n el\u00e9ctrica con energ\u00eda e\u00f3lica","slug":"generacion-electrica-con-energia-eolica","term_group":0,"term_taxonomy_id":374,"taxonomy":"donde","description":"","parent":0,"count":70,"filter":"raw","term_order":"0"}],"infraestructura":[],"ods":[],"origen":[{"term_id":180,"name":"Patente","slug":"patente","term_group":0,"term_taxonomy_id":180,"taxonomy":"origen","description":"","parent":0,"count":614,"filter":"raw","term_order":"0"}],"familia_tax":false,"quien_tax":false,"donde_tax":false,"year":"","contacto":"<strong>Principales: <\/strong><ul><li>Carlos Antonio Platero Gaona <blockquote><strong>carlosantonio.platero@upm.es<\/strong><\/blockquote><\/li><li>PABLO RODRIGUEZ PAJARON <blockquote><strong>pablo.rpajaron@upm.es<\/strong><\/blockquote><\/li><li>JOSE MANUEL GUERRERO GRANADOS <blockquote><strong>josemanuel.guerrero@upm.es<\/strong><\/blockquote><\/li><li>Kumar Vijay Mahtani Mahtani <blockquote><strong>kumar.mahtani@upm.es<\/strong><\/blockquote><\/li><\/ul>","telefono":"","pagina_web":"","email":"","id_ficha_portal":"1906","video":"","adjuntos":false,"adjuntos_portal":"https:\/\/www.upm.es\/S2i\/Acuse\/recuperarArchivo.jsp?id=1906&id_archivo=15210&tipo=patente&extension=fichero","inf":false,"departamento":"","acf":[],"lang":"es","translation":{"es":12135},"_links":{"self":[{"href":"https:\/\/www.upm.es\/recursosidi\/wp-json\/wp\/v2\/product\/12135"}],"collection":[{"href":"https:\/\/www.upm.es\/recursosidi\/wp-json\/wp\/v2\/product"}],"about":[{"href":"https:\/\/www.upm.es\/recursosidi\/wp-json\/wp\/v2\/types\/product"}],"wp:attachment":[{"href":"https:\/\/www.upm.es\/recursosidi\/wp-json\/wp\/v2\/media?parent=12135"}],"wp:term":[{"taxonomy":"product_cat","embeddable":true,"href":"https:\/\/www.upm.es\/recursosidi\/wp-json\/wp\/v2\/product_cat?post=12135"},{"taxonomy":"product_tag","embeddable":true,"href":"https:\/\/www.upm.es\/recursosidi\/wp-json\/wp\/v2\/product_tag?post=12135"},{"taxonomy":"comunidad_upm","embeddable":true,"href":"https:\/\/www.upm.es\/recursosidi\/wp-json\/wp\/v2\/comunidades-upm?post=12135"},{"taxonomy":"quien","embeddable":true,"href":"https:\/\/www.upm.es\/recursosidi\/wp-json\/wp\/v2\/quien?post=12135"},{"taxonomy":"mapa","embeddable":true,"href":"https:\/\/www.upm.es\/recursosidi\/wp-json\/wp\/v2\/mapa?post=12135"},{"taxonomy":"disponibilidad","embeddable":true,"href":"https:\/\/www.upm.es\/recursosidi\/wp-json\/wp\/v2\/disponibilidad?post=12135"},{"taxonomy":"donde","embeddable":true,"href":"https:\/\/www.upm.es\/recursosidi\/wp-json\/wp\/v2\/donde?post=12135"},{"taxonomy":"infraestructura","embeddable":true,"href":"https:\/\/www.upm.es\/recursosidi\/wp-json\/wp\/v2\/infraestructura?post=12135"},{"taxonomy":"ods","embeddable":true,"href":"https:\/\/www.upm.es\/recursosidi\/wp-json\/wp\/v2\/ods?post=12135"},{"taxonomy":"origen","embeddable":true,"href":"https:\/\/www.upm.es\/recursosidi\/wp-json\/wp\/v2\/origen?post=12135"}],"curies":[{"name":"wp","href":"https:\/\/api.w.org\/{rel}","templated":true}]}}

https://www.upm.es/recursosidi/offers-resources/sin%20categoría/sistema-de-almacenamiento-de-energia-electrica-por-gravedad/

SISTEMA DE ALMACENAMIENTO DE ENERGÍA ELÉCTRICA POR GRAVEDAD

<h5>Descripción de la patente </h5>
<p>Sistema de almacenamiento de energ&iacute;a el&eacute;ctrica por<br />gravedad que comprende una masa, situada en el<br />interior de un t&uacute;nel, y desplazable de manera<br />ascendente y descendente en el interior del t&uacute;nel<br />conectada a un subsistema de subida y bajada;<br />caracterizado por que comprende, adem&aacute;s, un<br />subsistema de turbinado e&oacute;lico, donde dicho<br />subsistema de turbinado comprende: al menos una<br />galer&iacute;a transitable por un flujo de aire en ambas<br />direcciones, que conecta el t&uacute;nel por el que se<br />desplaza la masa con un aliviadero al exterior; al<br />menos una turbina e&oacute;lica bidireccional configurada<br />para ser atravesada por el flujo de aire que transita la<br />al menos una galer&iacute;a; y un generador, asociado a la al<br />menos una turbina e&oacute;lica bidireccional, configurada<br />para generar energ&iacute;a el&eacute;ctrica a partir de la turbina.</p>
<h5>Situación </h5>
<p>Concedida</p>
<h5>Número de solicitud</h5>
<p>P202330257</p>
<h5>Número de publicación</h5>
<p>ES2942788A1</p>
<h5>Fecha de presentación </h5>
<p>27/03/2023</p>
<h5>Fecha de publicación </h5>
<p>06/06/2023</p>
<h5>Fecha de concesión </h5>
<p>18/02/2025</p>
<div class="pdfprnt-buttons pdfprnt-buttons-product pdfprnt-bottom-left"><a href="https://www.upm.es/recursosidi/wp-json/wp/v2/product/12135?print=pdf" class="pdfprnt-button pdfprnt-button-pdf" target="_blank"><span class="pdfprnt-button-title pdfprnt-button-pdf-title">Descargar ficha</span></a></div>

<p>Descripción de la patente Sistema de almacenamiento de energ&iacute;a el&eacute;ctrica porgravedad que comprende una masa, situada en elinterior de un t&uacute;nel, y desplazable de maneraascendente&hellip;</p>

Ciencia para la ingeniería y la arquitectura

Clima, Energía y Movilidad

Industria, materiales y economía circular

Generación eléctrica con energía eólica
