{"id":12201,"date":"2024-02-02T02:29:58","date_gmt":"2024-02-02T01:29:58","guid":{"rendered":"https:\/\/www.upm.es\/recursosidi\/offers-resources\/sin categor\u00eda\/sensor-de-alarma-de-fuego-casa-y-mobiliario-que-comprende-dicho-sensor-y-metodo-de-fabricacion-de-sensor-de-alarma-de-fuego\/"},"modified":"2024-02-02T02:29:58","modified_gmt":"2024-02-02T01:29:58","slug":"sensor-de-alarma-de-fuego-casa-y-mobiliario-que-comprende-dicho-sensor-y-metodo-de-fabricacion-de-sensor-de-alarma-de-fuego","status":"publish","type":"product","link":"https:\/\/www.upm.es\/recursosidi\/offers-resources\/patentes\/sensor-de-alarma-de-fuego-casa-y-mobiliario-que-comprende-dicho-sensor-y-metodo-de-fabricacion-de-sensor-de-alarma-de-fuego\/","title":{"rendered":"Sensor de alarma de fuego, casa y mobiliario que comprende dicho sensor y m\u00e9todo de fabricaci\u00f3n de sensor de alarma de fuego"},"content":{"rendered":"<h4><strong>Descripci\u00f3n de la patente <\/strong><\/h4>\n<p>Sensor de alarma de fuego, casa y mobiliario que<br \/>comprende dicho sensor y m&eacute;todo de fabricaci&oacute;n de<br \/>sensor de alarma de fuego.<br \/>Sensor de alarma de fuego que comprende:<br \/>&#8211; un elemento de madera (1) que comprende una<br \/>primera zona (2.1) y una segunda zona (2.2)<br \/>sometidas a un proceso de inducci&oacute;n de grafeno<br \/>mediante l&aacute;ser,<br \/>&#8211; un elemento termo-resistivo (12) localizado en el<br \/>elemento de madera (1) conductor al elevarse su<br \/>temperatura que est&aacute; en contacto e intercalado entre<br \/>la primera zona (2.1) y la segunda zona (2.2),<br \/>&#8211; una fuente de potencia el&eacute;ctrica (15) que comprende<br \/>un primer borne y un segundo borne, estando el<br \/>primer borne conectado a la primera zona (2.1) del<br \/>elemento de madera (1),<br \/>&#8211; unos medios de aviso (17) conectados a la segunda<br \/>zona (2.2) del elemento de madera (1).<br \/>La primera zona (2.1), el elemento termo-resistivo<br \/>(12), la segunda zona (2.2), la fuente de potencia (15)<br \/>y los medios de aviso (17) formando un circuito<br \/>el&eacute;ctrico cerrado.<\/p>\n<h4><strong>Situaci\u00f3n<\/strong><\/h4>\n<p>Presentada<\/p>\n<h4><strong>N\u00famero de solicitud<\/h5>\n<p>P202330787<\/p>\n<h5>N\u00famero de publicaci\u00f3n<\/h5>\n<p>ES2957845<\/p>\n<h5>Fecha de presentaci\u00f3n <\/h5>\n<p>21\/09\/2023<\/p>\n<h5>Fecha de publicaci\u00f3n <\/h5>\n<p>26\/01\/2024<\/p>\n<div class=\"pdfprnt-buttons pdfprnt-buttons-product pdfprnt-bottom-left\"><a href=\"https:\/\/www.upm.es\/recursosidi\/wp-json\/wp\/v2\/product\/12201?print=pdf\" class=\"pdfprnt-button pdfprnt-button-pdf\" target=\"_blank\"><span class=\"pdfprnt-button-title pdfprnt-button-pdf-title\">Descargar ficha<\/span><\/a><\/div>","protected":false},"excerpt":{"rendered":"<p>Descripci\u00f3n de la patente Sensor de alarma de fuego, casa y mobiliario quecomprende dicho sensor y m&eacute;todo de fabricaci&oacute;n desensor de alarma de fuego.Sensor de&hellip;<\/p>\n","protected":false},"featured_media":0,"template":"","meta":{"_acf_changed":false},"product_cat":[3946],"product_tag":[],"comunidades-upm":[],"quien":[],"mapa":[],"disponibilidad":[],"donde":[{"term_id":1566,"name":"Advanced Structural Materials and Nanomaterials","slug":"en_advanced-structural-materials-and-nanomaterials","term_group":0,"term_taxonomy_id":1566,"taxonomy":"donde","description":"Llevamos m&aacute;s de 20 a&ntilde;os desarrollando numerosas t&eacute;cnicas experimentales con las que podemos estudiar y caracterizar casi cualquier tipo de material y geometr&iacute;a en una variedad muy amplia de condiciones de servicio.\n&nbsp;\nNuestras l&iacute;neas de investigaci&oacute;n se pueden resumir en:\n&nbsp;\n\nMateriales compuestos\nMateriales para la seguridad\nBiomateriales estructurales\nIntegridad y seguridad estructural\nMateriales para la construcci&oacute;n\nNanomateriales\n","parent":0,"count":22,"filter":"raw","term_order":"0"}],"infraestructura":[],"ods":[],"origen":[{"term_id":180,"name":"Patente","slug":"patente","term_group":0,"term_taxonomy_id":180,"taxonomy":"origen","description":"","parent":0,"count":614,"filter":"raw","term_order":"0"}],"familia_tax":false,"quien_tax":false,"donde_tax":false,"year":"","contacto":"<strong>Principales: <\/strong><ul><li>JOSE SANCHEZ DEL RIO SAEZ <blockquote><strong>jose.sanchezdelrio@upm.es<\/strong><\/blockquote><\/li><\/ul>","telefono":"","pagina_web":"","email":"","id_ficha_portal":"1920","video":"","adjuntos":false,"adjuntos_portal":"","inf":false,"departamento":"","acf":[],"lang":"es","translation":{"es":12201},"_links":{"self":[{"href":"https:\/\/www.upm.es\/recursosidi\/wp-json\/wp\/v2\/product\/12201"}],"collection":[{"href":"https:\/\/www.upm.es\/recursosidi\/wp-json\/wp\/v2\/product"}],"about":[{"href":"https:\/\/www.upm.es\/recursosidi\/wp-json\/wp\/v2\/types\/product"}],"wp:attachment":[{"href":"https:\/\/www.upm.es\/recursosidi\/wp-json\/wp\/v2\/media?parent=12201"}],"wp:term":[{"taxonomy":"product_cat","embeddable":true,"href":"https:\/\/www.upm.es\/recursosidi\/wp-json\/wp\/v2\/product_cat?post=12201"},{"taxonomy":"product_tag","embeddable":true,"href":"https:\/\/www.upm.es\/recursosidi\/wp-json\/wp\/v2\/product_tag?post=12201"},{"taxonomy":"comunidad_upm","embeddable":true,"href":"https:\/\/www.upm.es\/recursosidi\/wp-json\/wp\/v2\/comunidades-upm?post=12201"},{"taxonomy":"quien","embeddable":true,"href":"https:\/\/www.upm.es\/recursosidi\/wp-json\/wp\/v2\/quien?post=12201"},{"taxonomy":"mapa","embeddable":true,"href":"https:\/\/www.upm.es\/recursosidi\/wp-json\/wp\/v2\/mapa?post=12201"},{"taxonomy":"disponibilidad","embeddable":true,"href":"https:\/\/www.upm.es\/recursosidi\/wp-json\/wp\/v2\/disponibilidad?post=12201"},{"taxonomy":"donde","embeddable":true,"href":"https:\/\/www.upm.es\/recursosidi\/wp-json\/wp\/v2\/donde?post=12201"},{"taxonomy":"infraestructura","embeddable":true,"href":"https:\/\/www.upm.es\/recursosidi\/wp-json\/wp\/v2\/infraestructura?post=12201"},{"taxonomy":"ods","embeddable":true,"href":"https:\/\/www.upm.es\/recursosidi\/wp-json\/wp\/v2\/ods?post=12201"},{"taxonomy":"origen","embeddable":true,"href":"https:\/\/www.upm.es\/recursosidi\/wp-json\/wp\/v2\/origen?post=12201"}],"curies":[{"name":"wp","href":"https:\/\/api.w.org\/{rel}","templated":true}]}}