{"id":12382,"date":"2024-10-25T02:28:23","date_gmt":"2024-10-25T00:28:23","guid":{"rendered":"https:\/\/www.upm.es\/recursosidi\/offers-resources\/sin%20categor\u00eda\/sistema-y-metodo-de-produccion-de-gas-natural-licuado-gnl-con-captura-de-co2\/"},"modified":"2025-05-21T02:45:20","modified_gmt":"2025-05-21T00:45:20","slug":"sistema-y-metodo-de-produccion-de-gas-natural-licuado-gnl-con-captura-de-co2","status":"publish","type":"product","link":"https:\/\/www.upm.es\/recursosidi\/offers-resources\/patentes\/sistema-y-metodo-de-produccion-de-gas-natural-licuado-gnl-con-captura-de-co2\/","title":{"rendered":"Sistema y m\u00e9todo de producci\u00f3n de gas natural licuado GNL con captura de CO2"},"content":{"rendered":"<h5>Descripci\u00f3n de la patente <\/h5>\n<p>Sistema y m&eacute;todo de producci&oacute;n de gas natural<br \/>licuado GNL con captura de CO2 que comprenden:<br \/>-una caldera de generaci&oacute;n de vapor (300) para la<br \/>combusti&oacute;n con aire (4) del gas natural vaporizado (3)<br \/>generado en una etapa de expansi&oacute;n y separaci&oacute;n<br \/>(106),<br \/>-unos medios de captura del CO2 (200) contenido en<br \/>los gases de escape (5) de la caldera de generaci&oacute;n<br \/>de vapor (300) que comprenden etapas de absorci&oacute;n<br \/>(201) y de compresi&oacute;n (202).<br \/>La etapa de licuaci&oacute;n y subenfriamiento comprenden<br \/>un compresor de refrigerante (103, 105) y una turbina<br \/>de vapor a contrapresi&oacute;n (501, 502). La etapa de<br \/>absorci&oacute;n (201) comprende una alimentaci&oacute;n de vapor<br \/>de agua a baja presi&oacute;n (10, 11) procedente de las<br \/>turbinas de vapor a contrapresi&oacute;n (501, 502). La<br \/>caldera de generaci&oacute;n de vapor (300) genera de vapor<br \/>de alta presi&oacute;n (6) que alimenta las turbinas de vapor<br \/>a contrapresi&oacute;n (501, 502).<\/p>\n<h5>Situaci\u00f3n <\/h5>\n<p>Presentada<\/p>\n<h5>N\u00famero de solicitud<\/h5>\n<p>P202430434<\/p>\n<h5>N\u00famero de publicaci\u00f3n<\/h5>\n<p>ES2983357<\/p>\n<h5>Fecha de presentaci\u00f3n <\/h5>\n<p>28\/05\/2024<\/p>\n<h5>Fecha de publicaci\u00f3n <\/h5>\n<p>22\/10\/2024<\/p>\n<h4><strong>Extensiones Internacionales<\/strong><\/h4>\n<h5>PCT<\/h5>\n<p><strong>Referencia de la solicitud: <\/strong>PCT\/ES2025\/070276<br \/><strong>T\u00edtulo: <\/strong>SISTEMA Y M\u00c9TODO DE PRODUCCI\u00d3N DE GAS NATURAL LICUADO GNL CON CAPTURA DE CO2<\/p>\n<div class=\"pdfprnt-buttons pdfprnt-buttons-product pdfprnt-bottom-left\"><a href=\"https:\/\/www.upm.es\/recursosidi\/wp-json\/wp\/v2\/product\/12382?print=pdf\" class=\"pdfprnt-button pdfprnt-button-pdf\" target=\"_blank\"><span class=\"pdfprnt-button-title pdfprnt-button-pdf-title\">Descargar ficha<\/span><\/a><\/div>","protected":false},"excerpt":{"rendered":"<p>Descripci\u00f3n de la patente Sistema y m&eacute;todo de producci&oacute;n de gas naturallicuado GNL con captura de CO2 que comprenden:-una caldera de generaci&oacute;n de vapor (300)&hellip;<\/p>\n","protected":false},"featured_media":0,"template":"","meta":{"_acf_changed":false},"product_cat":[3946],"product_tag":[],"comunidades-upm":[],"quien":[],"mapa":[{"term_id":133,"name":"Clima, Energ\u00eda y Movilidad","slug":"clima-energia-movilidad","term_group":0,"term_taxonomy_id":133,"taxonomy":"mapa","description":"","parent":0,"count":129,"filter":"raw","term_order":"9"}],"disponibilidad":[],"donde":[{"term_id":3813,"name":"Termodin\u00e1mica de la Sostenibilidad","slug":"termodinamica-de-la-sostenibilidad","term_group":0,"term_taxonomy_id":3813,"taxonomy":"donde","description":"","parent":0,"count":4,"filter":"raw","term_order":"0"}],"infraestructura":[],"ods":[],"origen":[{"term_id":180,"name":"Patente","slug":"patente","term_group":0,"term_taxonomy_id":180,"taxonomy":"origen","description":"","parent":0,"count":614,"filter":"raw","term_order":"0"}],"familia_tax":false,"quien_tax":false,"donde_tax":false,"year":"","contacto":"<strong>Principales: <\/strong><ul><li>CARLOS RAFAEL ARNAIZ DEL POZO <blockquote><strong>cr.arnaiz@upm.es<\/strong><\/blockquote><\/li><\/ul>","telefono":"","pagina_web":"","email":"","id_ficha_portal":"1998","video":"","adjuntos":false,"adjuntos_portal":"","inf":false,"departamento":"","acf":[],"lang":"es","translation":{"es":12382},"_links":{"self":[{"href":"https:\/\/www.upm.es\/recursosidi\/wp-json\/wp\/v2\/product\/12382"}],"collection":[{"href":"https:\/\/www.upm.es\/recursosidi\/wp-json\/wp\/v2\/product"}],"about":[{"href":"https:\/\/www.upm.es\/recursosidi\/wp-json\/wp\/v2\/types\/product"}],"wp:attachment":[{"href":"https:\/\/www.upm.es\/recursosidi\/wp-json\/wp\/v2\/media?parent=12382"}],"wp:term":[{"taxonomy":"product_cat","embeddable":true,"href":"https:\/\/www.upm.es\/recursosidi\/wp-json\/wp\/v2\/product_cat?post=12382"},{"taxonomy":"product_tag","embeddable":true,"href":"https:\/\/www.upm.es\/recursosidi\/wp-json\/wp\/v2\/product_tag?post=12382"},{"taxonomy":"comunidad_upm","embeddable":true,"href":"https:\/\/www.upm.es\/recursosidi\/wp-json\/wp\/v2\/comunidades-upm?post=12382"},{"taxonomy":"quien","embeddable":true,"href":"https:\/\/www.upm.es\/recursosidi\/wp-json\/wp\/v2\/quien?post=12382"},{"taxonomy":"mapa","embeddable":true,"href":"https:\/\/www.upm.es\/recursosidi\/wp-json\/wp\/v2\/mapa?post=12382"},{"taxonomy":"disponibilidad","embeddable":true,"href":"https:\/\/www.upm.es\/recursosidi\/wp-json\/wp\/v2\/disponibilidad?post=12382"},{"taxonomy":"donde","embeddable":true,"href":"https:\/\/www.upm.es\/recursosidi\/wp-json\/wp\/v2\/donde?post=12382"},{"taxonomy":"infraestructura","embeddable":true,"href":"https:\/\/www.upm.es\/recursosidi\/wp-json\/wp\/v2\/infraestructura?post=12382"},{"taxonomy":"ods","embeddable":true,"href":"https:\/\/www.upm.es\/recursosidi\/wp-json\/wp\/v2\/ods?post=12382"},{"taxonomy":"origen","embeddable":true,"href":"https:\/\/www.upm.es\/recursosidi\/wp-json\/wp\/v2\/origen?post=12382"}],"curies":[{"name":"wp","href":"https:\/\/api.w.org\/{rel}","templated":true}]}}

https://www.upm.es/recursosidi/offers-resources/sin%20categoría/sistema-y-metodo-de-produccion-de-gas-natural-licuado-gnl-con-captura-de-co2/

Sistema y método de producción de gas natural licuado GNL con captura de CO2

<h5>Descripción de la patente </h5>
<p>Sistema y m&eacute;todo de producci&oacute;n de gas natural<br />licuado GNL con captura de CO2 que comprenden:<br />-una caldera de generaci&oacute;n de vapor (300) para la<br />combusti&oacute;n con aire (4) del gas natural vaporizado (3)<br />generado en una etapa de expansi&oacute;n y separaci&oacute;n<br />(106),<br />-unos medios de captura del CO2 (200) contenido en<br />los gases de escape (5) de la caldera de generaci&oacute;n<br />de vapor (300) que comprenden etapas de absorci&oacute;n<br />(201) y de compresi&oacute;n (202).<br />La etapa de licuaci&oacute;n y subenfriamiento comprenden<br />un compresor de refrigerante (103, 105) y una turbina<br />de vapor a contrapresi&oacute;n (501, 502). La etapa de<br />absorci&oacute;n (201) comprende una alimentaci&oacute;n de vapor<br />de agua a baja presi&oacute;n (10, 11) procedente de las<br />turbinas de vapor a contrapresi&oacute;n (501, 502). La<br />caldera de generaci&oacute;n de vapor (300) genera de vapor<br />de alta presi&oacute;n (6) que alimenta las turbinas de vapor<br />a contrapresi&oacute;n (501, 502).</p>
<h5>Situación </h5>
<p>Presentada</p>
<h5>Número de solicitud</h5>
<p>P202430434</p>
<h5>Número de publicación</h5>
<p>ES2983357</p>
<h5>Fecha de presentación </h5>
<p>28/05/2024</p>
<h5>Fecha de publicación </h5>
<p>22/10/2024</p>
<h4><strong>Extensiones Internacionales</strong></h4>
<h5>PCT</h5>
<p><strong>Referencia de la solicitud: </strong>PCT/ES2025/070276<br /><strong>Título: </strong>SISTEMA Y MÉTODO DE PRODUCCIÓN DE GAS NATURAL LICUADO GNL CON CAPTURA DE CO2</p>
<div class="pdfprnt-buttons pdfprnt-buttons-product pdfprnt-bottom-left"><a href="https://www.upm.es/recursosidi/wp-json/wp/v2/product/12382?print=pdf" class="pdfprnt-button pdfprnt-button-pdf" target="_blank"><span class="pdfprnt-button-title pdfprnt-button-pdf-title">Descargar ficha</span></a></div>

<p>Descripción de la patente Sistema y m&eacute;todo de producci&oacute;n de gas naturallicuado GNL con captura de CO2 que comprenden:-una caldera de generaci&oacute;n de vapor (300)&hellip;</p>

Clima, Energía y Movilidad

Termodinámica de la Sostenibilidad
