{"id":12391,"date":"2024-12-19T02:28:24","date_gmt":"2024-12-19T01:28:24","guid":{"rendered":"https:\/\/www.upm.es\/recursosidi\/offers-resources\/sin%20categor\u00eda\/suelo-portatil-triboelectrico\/"},"modified":"2025-04-26T02:29:12","modified_gmt":"2025-04-26T00:29:12","slug":"suelo-portatil-triboelectrico","status":"publish","type":"product","link":"https:\/\/www.upm.es\/recursosidi\/offers-resources\/patentes\/suelo-portatil-triboelectrico\/","title":{"rendered":"Suelo port\u00e1til triboel\u00e9ctrico"},"content":{"rendered":"<h5>Descripci\u00f3n de la patente <\/h5>\n<p>Suelo port&aacute;til triboel&eacute;ctrico que comprende m&oacute;dulos<br \/>de suelo (100) que encajan unos con otros. Los<br \/>m&oacute;dulos de suelo (100) comprenden una estructura<br \/>tipo s&aacute;ndwich, con una primera cubierta (4) y una<br \/>segunda cubierta (5) adheridas a un sustrato (1, 2, 3)<br \/>interno, que consta del sustrato principal (1), situado a<br \/>ambos lados de dos sustratos laterales (2, 3) unidos a<br \/>la segunda cubierta (5) y a la primera cubierta (4)<br \/>respectivamente. Cada sustrato (1, 2, 3) est&aacute; formado<br \/>por l&aacute;minas flexibles (1a, 2a, 3a) plegadas sobre s&iacute;<br \/>mismas a modo de muelle o acorde&oacute;n, formando<br \/>canales (1b, 2b, 3b) entre los pliegues. En cada canal<br \/>(1b, 2b, 3b) de cada sustrato (1, 2, 3) se insertan<br \/>nanogeneradores triboel&eacute;ctricos (TENGs),<br \/>conformados por finas l&aacute;minas de material: la capa<br \/>tribol&eacute;ctrica electropositiva (6), la capa triboel&eacute;ctrica<br \/>electronegativa (7) y los electrodos (8)<\/p>\n<h5>Situaci\u00f3n <\/h5>\n<p>Concedida<\/p>\n<h5>N\u00famero de solicitud<\/h5>\n<p>P202430278<\/p>\n<h5>N\u00famero de publicaci\u00f3n<\/h5>\n<p>ES2992537<\/p>\n<h5>Fecha de presentaci\u00f3n <\/h5>\n<p>12\/04\/2024<\/p>\n<h5>Fecha de publicaci\u00f3n <\/h5>\n<p>13\/12\/2024<\/p>\n<h5>Fecha de concesi\u00f3n <\/h5>\n<p>15\/04\/2025<\/p>\n<div class=\"pdfprnt-buttons pdfprnt-buttons-product pdfprnt-bottom-left\"><a href=\"https:\/\/www.upm.es\/recursosidi\/wp-json\/wp\/v2\/product\/12391?print=pdf\" class=\"pdfprnt-button pdfprnt-button-pdf\" target=\"_blank\"><span class=\"pdfprnt-button-title pdfprnt-button-pdf-title\">Descargar ficha<\/span><\/a><\/div>","protected":false},"excerpt":{"rendered":"<p>Descripci\u00f3n de la patente Suelo port&aacute;til triboel&eacute;ctrico que comprende m&oacute;dulosde suelo (100) que encajan unos con otros. Losm&oacute;dulos de suelo (100) comprenden una estructuratipo s&aacute;ndwich,&hellip;<\/p>\n","protected":false},"featured_media":0,"template":"","meta":{"_acf_changed":false},"product_cat":[3946],"product_tag":[],"comunidades-upm":[],"quien":[],"mapa":[{"term_id":133,"name":"Clima, Energ\u00eda y Movilidad","slug":"clima-energia-movilidad","term_group":0,"term_taxonomy_id":133,"taxonomy":"mapa","description":"","parent":0,"count":129,"filter":"raw","term_order":"9"}],"disponibilidad":[],"donde":[{"term_id":342,"name":"Materiales Estructurales Avanzados y Nanomateriales","slug":"materiales-estructurales-avanzados-y-nanomateriales","term_group":0,"term_taxonomy_id":342,"taxonomy":"donde","description":"Llevamos m&aacute;s de 20 a&ntilde;os desarrollando numerosas t&eacute;cnicas experimentales con las que podemos estudiar y caracterizar casi cualquier tipo de material y geometr&iacute;a en una variedad muy amplia de condiciones de servicio.\n&nbsp;\nNuestras l&iacute;neas de investigaci&oacute;n se pueden resumir en:\n&nbsp;\n\nMateriales compuestos\nMateriales para la seguridad\nBiomateriales estructurales\nIntegridad y seguridad estructural\nMateriales para la construcci&oacute;n\nNanomateriales\n","parent":0,"count":32,"filter":"raw","term_order":"0"}],"infraestructura":[],"ods":[],"origen":[{"term_id":180,"name":"Patente","slug":"patente","term_group":0,"term_taxonomy_id":180,"taxonomy":"origen","description":"","parent":0,"count":614,"filter":"raw","term_order":"0"}],"familia_tax":false,"quien_tax":false,"donde_tax":false,"year":"","contacto":"<strong>Principales: <\/strong><ul><li>Jos\u00e9 S\u00e1nchez del R\u00edo Saez <blockquote><strong>jose.sanchezdelrio@upm.es<\/strong><\/blockquote><\/li><\/ul><strong>Otros investigadores UPM: <\/strong><ul><li>Sof\u00eda Paramio Mart\u00ednez E.T.S. de Ingenier\u00eda y Dise\u00f1o Industrial<\/li><\/ul>","telefono":"","pagina_web":"","email":"","id_ficha_portal":"1999","video":"","adjuntos":false,"adjuntos_portal":"","inf":false,"departamento":"","acf":[],"lang":"es","translation":{"es":12391},"_links":{"self":[{"href":"https:\/\/www.upm.es\/recursosidi\/wp-json\/wp\/v2\/product\/12391"}],"collection":[{"href":"https:\/\/www.upm.es\/recursosidi\/wp-json\/wp\/v2\/product"}],"about":[{"href":"https:\/\/www.upm.es\/recursosidi\/wp-json\/wp\/v2\/types\/product"}],"wp:attachment":[{"href":"https:\/\/www.upm.es\/recursosidi\/wp-json\/wp\/v2\/media?parent=12391"}],"wp:term":[{"taxonomy":"product_cat","embeddable":true,"href":"https:\/\/www.upm.es\/recursosidi\/wp-json\/wp\/v2\/product_cat?post=12391"},{"taxonomy":"product_tag","embeddable":true,"href":"https:\/\/www.upm.es\/recursosidi\/wp-json\/wp\/v2\/product_tag?post=12391"},{"taxonomy":"comunidad_upm","embeddable":true,"href":"https:\/\/www.upm.es\/recursosidi\/wp-json\/wp\/v2\/comunidades-upm?post=12391"},{"taxonomy":"quien","embeddable":true,"href":"https:\/\/www.upm.es\/recursosidi\/wp-json\/wp\/v2\/quien?post=12391"},{"taxonomy":"mapa","embeddable":true,"href":"https:\/\/www.upm.es\/recursosidi\/wp-json\/wp\/v2\/mapa?post=12391"},{"taxonomy":"disponibilidad","embeddable":true,"href":"https:\/\/www.upm.es\/recursosidi\/wp-json\/wp\/v2\/disponibilidad?post=12391"},{"taxonomy":"donde","embeddable":true,"href":"https:\/\/www.upm.es\/recursosidi\/wp-json\/wp\/v2\/donde?post=12391"},{"taxonomy":"infraestructura","embeddable":true,"href":"https:\/\/www.upm.es\/recursosidi\/wp-json\/wp\/v2\/infraestructura?post=12391"},{"taxonomy":"ods","embeddable":true,"href":"https:\/\/www.upm.es\/recursosidi\/wp-json\/wp\/v2\/ods?post=12391"},{"taxonomy":"origen","embeddable":true,"href":"https:\/\/www.upm.es\/recursosidi\/wp-json\/wp\/v2\/origen?post=12391"}],"curies":[{"name":"wp","href":"https:\/\/api.w.org\/{rel}","templated":true}]}}