{"id":12423,"date":"2026-01-26T10:44:24","date_gmt":"2026-01-26T09:44:24","guid":{"rendered":"https:\/\/www.upm.es\/recursosidi\/offers-resources\/sin%20categor\u00eda\/leha-laboratorio-de-ensayos-y-homologacion-de-antenas\/"},"modified":"2026-02-10T10:50:36","modified_gmt":"2026-02-10T09:50:36","slug":"leha-laboratorio-de-ensayos-y-homologacion-de-antenas","status":"publish","type":"product","link":"https:\/\/www.upm.es\/recursosidi\/offers-resources\/servicios-cientifico-tecnologico\/servicios-servicios-cientifico-tecnologico\/leha-laboratorio-de-ensayos-y-homologacion-de-antenas\/","title":{"rendered":"LEHA (Laboratorio de Ensayos y Homologaci\u00f3n de Antenas)"},"content":{"rendered":"<h2>LEHA (Laboratorio de Ensayos y Homologaci\u00f3n de Antenas)<\/h2>\n<div>LEHA (Laboratorio de Ensayos y Homologaci\u00f3n de Antenas) ha estado trabajando en Mediciones de Antena desde 1980 para actividades industriales, investigaci\u00f3n y fines educativos, y est\u00e1 incluido en el Grupo de Radiaci\u00f3n (GR) del Departamento de SSR de la UPM.<\/div>\n<div><\/div>\n<div>El director de calidad de LEHA es el Prof. Manuel Sierra Casta\u00f1er y el director t\u00e9cnico es la Prof. Jos\u00e9 Manuel Fern\u00e1ndez Gonz\u00e1lez. El personal de LEHA esta formado por el ingeniero Xiaoliang Sun y el t\u00e9cnico Sergio Arranz. Un n\u00famero variable de estudiantes de tesis de maestr\u00eda tambi\u00e9n colabora en LEHA.<\/div>\n<div><\/div>\n<div>LEHA se reorganiza con la acreditaci\u00f3n ISO 17025 para la medici\u00f3n de antenas.<\/div>\n<div><\/div>\n<div>LEHA est\u00e1 incluido en la red: RLA de la iniciativa Madri+d (Comunidad de Madrid).<\/div>\n<div><\/div>\n<hr \/>\n<h4>Descripci\u00f3n de los servicios que se ofrecen <!-- y tarifas --><\/h4>\n<p>Medidas de antenas desde 660 MHz hasta 220 GHz con acreditacion ISO17025 Hasta 40 GHz.<!-- Recuerda que estas tarifas ser\u00e1n las oficiales aprobadas en Consejo de Direcci\u00f3n y Consejo Social. --><\/p>\n<hr \/>\n<h4>Sector o \u00e1rea de aplicaci\u00f3n<\/h4>\n<p>Defensa y Seguridad, Comunicaciones 5G, Comunicaciones por Sat\u00e9lite.<\/p>\n<hr \/>\n<h4>Referencias previas de prestaci\u00f3n<\/h4>\n<div>\u00a0Medici\u00f3n de antenas satelitales para CASA-EADS, SENER, TTI:<\/div>\n<div>Sat\u00e9lites Hispasat, Sat\u00e9lites Astra, Hispasat Amazon, paneles ASAR para Envisat, JUICE, BepiColombo, antenas para Intelsat, Eutelsat, Venus y Mars Express &#8230;<\/div>\n<div><\/div>\n<div>\u2022 Sistemas de telefon\u00eda celular:<\/div>\n<div>Mediciones de antenas y radomos para MOYANO, SIEMENS, Telef\u00f3nica, Vodafone ..<\/div>\n<div><\/div>\n<div>\u2022 Medici\u00f3n RCS de algunos materiales para constructores de barcos.<\/div>\n<div><\/div>\n<div>\u2022 Medici\u00f3n y dise\u00f1o de antenas en barcos.<\/div>\n<div><\/div>\n<div>\u2022 Dise\u00f1o y consultor\u00eda en sistemas de medici\u00f3n de antenas:<\/div>\n<div>Airbus, sistemas INDRA, Universidades (Alcal\u00e1, Oviedo, Valencia, Sevilla, &#8230;), DGTEL, &#8230;<\/div>\n<div><\/div>\n<hr \/>\n<h4>Solicitud del servicio<\/h4>\n<p>Solicita el servicio enviando un correo a <a href=\"mailto:<span rel=\"75313530b7312231b4312d317f311331b0313831a431213189312831aa311c3164312d31b831\" class=\"cryptex \" style=\"\"><span class=\"CryptexImg ctxBFvN_iVHBFnUj-RCOtmFrPwkQCs1hMgeXLScYNzcT1U\"><\/span><\/span>\"><span rel=\"75313530b7312231b4312d317f311331b0313831a431213189312831aa311c3164312d31b831\" class=\"cryptex \" style=\"\"><span class=\"CryptexImg ctxBFvN_iVHBFnUj-RCOtmFrPwkQCs1hMgeXLScYNzcT1U\"><\/span><\/span>\u00a0<\/a><\/p>\n<div class=\"pdfprnt-buttons pdfprnt-buttons-product pdfprnt-bottom-left\"><a href=\"https:\/\/www.upm.es\/recursosidi\/wp-json\/wp\/v2\/product\/12423?print=pdf\" class=\"pdfprnt-button pdfprnt-button-pdf\" target=\"_blank\"><span class=\"pdfprnt-button-title pdfprnt-button-pdf-title\">Descargar ficha<\/span><\/a><\/div>","protected":false},"excerpt":{"rendered":"<p>LEHA (Laboratorio de Ensayos y Homologaci\u00f3n de Antenas) ha estado trabajando en Mediciones de Antena desde 1980 para actividades industriales, investigaci\u00f3n y fines educativos.<\/p>\n","protected":false},"featured_media":12424,"template":"","meta":{"_acf_changed":false},"product_cat":[2395],"product_tag":[4241,4235,4236,4242,4237,4234,4239,4238,4240],"comunidades-upm":[11761],"quien":[],"mapa":[{"term_id":2405,"name":"Ciencia para la ingenier\u00eda y la arquitectura","slug":"ciencia-para-ingenieria-y-arquitectura","term_group":0,"term_taxonomy_id":2405,"taxonomy":"mapa","description":"","parent":0,"count":127,"filter":"raw","term_order":"7"},{"term_id":128,"name":"Espacio y Observaci\u00f3n de la Tierra","slug":"espacio-observacion_tierra","term_group":0,"term_taxonomy_id":128,"taxonomy":"mapa","description":"","parent":0,"count":19,"filter":"raw","term_order":"12"},{"term_id":126,"name":"Tecnolog\u00edas digitales, Inteligencia Artificial, ciberseguridad, 5G, rob\u00f3tica","slug":"tecnologias_digitales-ai-ciberseguridad-5g-robotica","term_group":0,"term_taxonomy_id":126,"taxonomy":"mapa","description":"","parent":0,"count":194,"filter":"raw","term_order":"23"}],"disponibilidad":[{"term_id":204,"name":"Disponible","slug":"disponible","term_group":0,"term_taxonomy_id":204,"taxonomy":"disponibilidad","description":"","parent":0,"count":110,"filter":"raw","term_order":"0"}],"donde":[{"term_id":460,"name":"Grupo de Radiaci\u00f3n","slug":"grupo-de-radiacion","term_group":0,"term_taxonomy_id":460,"taxonomy":"donde","description":"Nuestro grupo tiene una amplia experiencia en I+D+i en los siguientes temas:\n\n<strong>Dise&ntilde;o, construcci&oacute;n y medida de antenas<\/strong> para todo tipo de aplicaciones (Comunicaciones terrestres, comunicaciones por sat&eacute;lite, radar, etc.)\n<strong>An&aacute;lisis y Evaluaci&oacute;n de Compatibilidad Electromagn&eacute;tica de sistemas complejos<\/strong> (compatibilidad en buques, EMI, etc.)\n<strong>Dise&ntilde;o, construcci&oacute;n y Medida de Sistemas de Radiofrecuencia<\/strong> (Amplificadores de Bajo Nivel de Ruido, Mezcladores, Osciladores, componentes pasivos&hellip;) desde UHF hasta Terahercios.\n<strong>An&aacute;lisis y Dise&ntilde;o mediante Simulaci&oacute;n de Sistemas y Redes de Radiocomunicaciones<\/strong> (Sistemas v&iacute;a Sat&eacute;lite, Sistemas de Comunicaciones M&oacute;viles, Redes de Difusi&oacute;n de TV Digital)\n\n&nbsp;\nNuestro grupo trabaja en las siguientes <strong>l&iacute;neas de investigaci&oacute;n<\/strong>:\n\nDise&ntilde;o y prototipado de antenas reflectoras.\nDise&ntilde;o y prototipado de arrays de antenas.\nMedida de antenas y circuitos de radiofrecuencia.\nAntenas inteligentes y sistemas MIMO para Estaciones Base y Terminales.\nCircuitos de Radiofrecuencia.\nSimulaci&oacute;n y Emulaci&oacute;n de Sistemas de Comunicaciones.\n","parent":0,"count":7,"filter":"raw","term_order":"0"},{"term_id":642,"name":"Information Processing and Telecommunications Center (IPTC)","slug":"information-processing-and-telecommunications-center-iptc","term_group":0,"term_taxonomy_id":642,"taxonomy":"donde","description":"","parent":0,"count":74,"filter":"raw","term_order":"0"}],"infraestructura":[{"term_id":4067,"name":"LEHA (Laboratorio de Ensayos y Homologaci\u00f3n de Antenas)","slug":"leha-laboratorio-de-ensayos-y-homologacion-de-antenas","term_group":0,"term_taxonomy_id":4067,"taxonomy":"infraestructura","description":"","parent":0,"count":2,"filter":"raw","term_order":"0"}],"ods":[{"term_id":2239,"name":"Ciudades y Comunidades Sostenibles","slug":"ciudades-y-comunidades-sostenibles","term_group":0,"term_taxonomy_id":2239,"taxonomy":"ods","description":"","parent":0,"count":43,"filter":"raw","term_order":"0"},{"term_id":2267,"name":"Educaci\u00f3n de Calidad","slug":"educacion-de-calidad","term_group":0,"term_taxonomy_id":2267,"taxonomy":"ods","description":"","parent":0,"count":14,"filter":"raw","term_order":"0"},{"term_id":2263,"name":"Igualdad de G\u00e9nero","slug":"igualdad-de-genero","term_group":0,"term_taxonomy_id":2263,"taxonomy":"ods","description":"","parent":0,"count":1,"filter":"raw","term_order":"0"},{"term_id":2235,"name":"Producci\u00f3n y Consumo Responsables","slug":"produccion-y-consumo-responsables","term_group":0,"term_taxonomy_id":2235,"taxonomy":"ods","description":"","parent":0,"count":18,"filter":"raw","term_order":"0"},{"term_id":2243,"name":"Reducci\u00f3n de las Desigualdades","slug":"reduccion-de-las-desigualdades","term_group":0,"term_taxonomy_id":2243,"taxonomy":"ods","description":"","parent":0,"count":17,"filter":"raw","term_order":"0"}],"origen":[{"term_id":196,"name":"Infraestructuras, Instalaci\u00f3n, Equipo","slug":"infraestructuras","term_group":0,"term_taxonomy_id":196,"taxonomy":"origen","description":"","parent":0,"count":180,"filter":"raw","term_order":"0"}],"familia_tax":false,"quien_tax":false,"donde_tax":false,"year":"2010-01-01","contacto":"Despacho B031, Avenida Complutense N\u00ba30, E.T.S.I.Telecomunicaci\u00f3n, 28040 Madrid","telefono":"910672372","pagina_web":"https:\/\/www.gr.ssr.upm.es\/index.php\/es\/leha\/sobre-nosotros","email":"manuel.sierra@upm.es","id_ficha_portal":"355","video":"","adjuntos":false,"adjuntos_portal":"","inf":false,"departamento":"","acf":[],"lang":"es","translation":{"es":12423,"en":12428},"_links":{"self":[{"href":"https:\/\/www.upm.es\/recursosidi\/wp-json\/wp\/v2\/product\/12423"}],"collection":[{"href":"https:\/\/www.upm.es\/recursosidi\/wp-json\/wp\/v2\/product"}],"about":[{"href":"https:\/\/www.upm.es\/recursosidi\/wp-json\/wp\/v2\/types\/product"}],"wp:featuredmedia":[{"embeddable":true,"href":"https:\/\/www.upm.es\/recursosidi\/wp-json\/wp\/v2\/media\/12424"}],"wp:attachment":[{"href":"https:\/\/www.upm.es\/recursosidi\/wp-json\/wp\/v2\/media?parent=12423"}],"wp:term":[{"taxonomy":"product_cat","embeddable":true,"href":"https:\/\/www.upm.es\/recursosidi\/wp-json\/wp\/v2\/product_cat?post=12423"},{"taxonomy":"product_tag","embeddable":true,"href":"https:\/\/www.upm.es\/recursosidi\/wp-json\/wp\/v2\/product_tag?post=12423"},{"taxonomy":"comunidad_upm","embeddable":true,"href":"https:\/\/www.upm.es\/recursosidi\/wp-json\/wp\/v2\/comunidades-upm?post=12423"},{"taxonomy":"quien","embeddable":true,"href":"https:\/\/www.upm.es\/recursosidi\/wp-json\/wp\/v2\/quien?post=12423"},{"taxonomy":"mapa","embeddable":true,"href":"https:\/\/www.upm.es\/recursosidi\/wp-json\/wp\/v2\/mapa?post=12423"},{"taxonomy":"disponibilidad","embeddable":true,"href":"https:\/\/www.upm.es\/recursosidi\/wp-json\/wp\/v2\/disponibilidad?post=12423"},{"taxonomy":"donde","embeddable":true,"href":"https:\/\/www.upm.es\/recursosidi\/wp-json\/wp\/v2\/donde?post=12423"},{"taxonomy":"infraestructura","embeddable":true,"href":"https:\/\/www.upm.es\/recursosidi\/wp-json\/wp\/v2\/infraestructura?post=12423"},{"taxonomy":"ods","embeddable":true,"href":"https:\/\/www.upm.es\/recursosidi\/wp-json\/wp\/v2\/ods?post=12423"},{"taxonomy":"origen","embeddable":true,"href":"https:\/\/www.upm.es\/recursosidi\/wp-json\/wp\/v2\/origen?post=12423"}],"curies":[{"name":"wp","href":"https:\/\/api.w.org\/{rel}","templated":true}]}}