{"id":8203,"date":"2021-11-19T10:16:27","date_gmt":"2021-11-19T09:16:27","guid":{"rendered":"https:\/\/www.upm.es\/recursosidi\/offers-resources\/sin%20categor\u00eda\/entrena-vox-entrenavox\/"},"modified":"2023-11-28T02:31:13","modified_gmt":"2023-11-28T01:31:13","slug":"entrena-vox-entrenavox","status":"publish","type":"product","link":"https:\/\/www.upm.es\/recursosidi\/offers-resources\/software\/entrena-vox-entrenavox\/","title":{"rendered":"(Entrena Vox) &#8211; EntrenaVox"},"content":{"rendered":"<h4><strong>Descripci\u00f3n del software <\/strong><\/h4>\n<p>1.4\tResumen de la aplicaci\u00f3n<\/p>\n<p>El objetivo principal de la aplicaci\u00f3n EntrenaVox es el de evaluar, rehabilitar y trabajar la est\u00e9tica de la voz. Para ello se dota al terapeuta de la voz de una herramienta para la gesti\u00f3n de tratamientos particularizados para cada uno de los pacientes. As\u00ed mismo se proporciona la posibilidad de visualizar el grado de cumplimiento (tanto de forma cualitativa como cuantitativa) que alcance cada uno de los pacientes, haciendo uso de una herramienta visual que, mediante videojuegos, le permiten trabajar su voz, en base a diferentes par\u00e1metros de la misma.<br \/>\nLos par\u00e1metros que se toman como base de los diferentes tratamientos, y se entrenan mediante juegos son: a) la ejecuci\u00f3n de sonidos sonoros y sordos; b) la frecuencia fundamental o pitch; c) la intensidad de la voz<\/p>\n<p>1.5\tEstructura de la aplicaci\u00f3n y diagrama de flujo<br \/>\nLa aplicaci\u00f3n EntrenaVox est\u00e1 basada en una interfaz de usuario de ventanas tipo Windows programada en orientaci\u00f3n a objetos. Por tanto, no existe un diagrama de flujo como tal que recorre la aplicaci\u00f3n. El usuario, al arrancar el programa, se encuentra con la ventana principal que contiene el escritorio de la aplicaci\u00f3n, la barra de men\u00fas, y una serie de botones que aceleran la activaci\u00f3n de las m\u00e1s comunes. Seg\u00fan la secuencia de acciones que ordene el programa ejecutar\u00e1 un determinado \u00bfdiagrama de flujo\u00bf.<br \/>\nA continuaci\u00f3n se muestra el \u00bfDiagrama de Ventanas\u00bf de la aplicaci\u00f3n (Figura 1). En \u00e9l se pueden observar las interrelaciones entre cada una de las ventanas que componen el interfaz gr\u00e1fico de la aplicaci\u00f3n, as\u00ed como el control (se\u00f1alado sobre cada una de las fechas) que genera dicha interrelaci\u00f3n.<br \/>\nEn cuanto a su uso, y tal como est\u00e1 se\u00f1alado en la figura, se pueden distinguir tres tipos de ventanas:<br \/>\n\u00bf\tAccesibles por el perfil de usuario terapeuta.<br \/>\n\u00bf\tAccesibles por el perfil de usuario paciente.<br \/>\n\u00bf\tAccesible por ambos perfiles.<\/p>\n<h4><strong>Referencia<\/strong><\/h4>\n<p>M-0813\/2010<\/p>\n<div class=\"pdfprnt-buttons pdfprnt-buttons-product pdfprnt-bottom-left\"><a href=\"https:\/\/www.upm.es\/recursosidi\/wp-json\/wp\/v2\/product\/8203?print=pdf\" class=\"pdfprnt-button pdfprnt-button-pdf\" target=\"_blank\"><span class=\"pdfprnt-button-title pdfprnt-button-pdf-title\">Descargar ficha<\/span><\/a><\/div>","protected":false},"excerpt":{"rendered":"<p>Descripci\u00f3n del software 1.4 Resumen de la aplicaci\u00f3n El objetivo principal de la aplicaci\u00f3n EntrenaVox es el de evaluar, rehabilitar y trabajar la est\u00e9tica de&hellip;<\/p>\n","protected":false},"featured_media":0,"template":"","meta":{"_acf_changed":false},"product_cat":[3948],"product_tag":[],"comunidades-upm":[],"quien":[],"mapa":[{"term_id":122,"name":"Salud y bienestar","slug":"salud-y-bienestar","term_group":0,"term_taxonomy_id":122,"taxonomy":"mapa","description":"","parent":0,"count":105,"filter":"raw","term_order":"17"}],"disponibilidad":[],"donde":[{"term_id":636,"name":"Aplicaciones MultiMedia y Ac\u00fastica (GAMMA)","slug":"aplicaciones-multimedia-y-acustica-gamma","term_group":0,"term_taxonomy_id":636,"taxonomy":"donde","description":"","parent":0,"count":9,"filter":"raw","term_order":"0"},{"term_id":596,"name":"Centro de Investigaci\u00f3n en Tecnolog\u00edas del Software y Sistemas Multimedia para la Sostenibilidad (CITSEM)","slug":"centro-de-investigacion-en-tecnologias-del-software-y-sistemas-multimedia-para-la-sostenibilidad-citsem","term_group":0,"term_taxonomy_id":596,"taxonomy":"donde","description":"","parent":0,"count":11,"filter":"raw","term_order":"0"},{"term_id":670,"name":"Grupo de Investigaci\u00f3n en Bioingenier\u00eda y Optoelectr\u00f3nica","slug":"grupo-de-investigacion-en-bioingenieria-y-optoelectronica","term_group":0,"term_taxonomy_id":670,"taxonomy":"donde","description":"","parent":0,"count":4,"filter":"raw","term_order":"0"}],"infraestructura":[],"ods":[],"origen":[{"term_id":184,"name":"Software","slug":"software","term_group":0,"term_taxonomy_id":184,"taxonomy":"origen","description":"","parent":0,"count":133,"filter":"raw","term_order":"0"}],"familia_tax":false,"quien_tax":false,"donde_tax":false,"year":"","contacto":"<strong>Investigadores principales: <\/strong><ul><li>JUAN IGNACIO GODINO LLORENTE <blockquote><strong>ignacio.godino@upm.es<\/strong><\/blockquote><\/li><li>RUBEN FRAILE MU\u00d1OZ <blockquote><strong>r.fraile@upm.es<\/strong><\/blockquote><\/li><li>VICTOR JOSE OSMA RUIZ <blockquote><strong>v.osma@upm.es<\/strong><\/blockquote><\/li><\/ul><strong>Otros investigadores UPM: <\/strong><ul><li>Antonio Montes Ortega<\/li><li>Nicol\u00e1s S\u00e1enz Lech\u00f3n<\/li><\/ul>","telefono":"","pagina_web":"","email":"","id_ficha_portal":"486","video":"","adjuntos":false,"adjuntos_portal":"","inf":false,"departamento":"","acf":[],"lang":"es","translation":{"es":8203,"en":10774},"_links":{"self":[{"href":"https:\/\/www.upm.es\/recursosidi\/wp-json\/wp\/v2\/product\/8203"}],"collection":[{"href":"https:\/\/www.upm.es\/recursosidi\/wp-json\/wp\/v2\/product"}],"about":[{"href":"https:\/\/www.upm.es\/recursosidi\/wp-json\/wp\/v2\/types\/product"}],"wp:attachment":[{"href":"https:\/\/www.upm.es\/recursosidi\/wp-json\/wp\/v2\/media?parent=8203"}],"wp:term":[{"taxonomy":"product_cat","embeddable":true,"href":"https:\/\/www.upm.es\/recursosidi\/wp-json\/wp\/v2\/product_cat?post=8203"},{"taxonomy":"product_tag","embeddable":true,"href":"https:\/\/www.upm.es\/recursosidi\/wp-json\/wp\/v2\/product_tag?post=8203"},{"taxonomy":"comunidad_upm","embeddable":true,"href":"https:\/\/www.upm.es\/recursosidi\/wp-json\/wp\/v2\/comunidades-upm?post=8203"},{"taxonomy":"quien","embeddable":true,"href":"https:\/\/www.upm.es\/recursosidi\/wp-json\/wp\/v2\/quien?post=8203"},{"taxonomy":"mapa","embeddable":true,"href":"https:\/\/www.upm.es\/recursosidi\/wp-json\/wp\/v2\/mapa?post=8203"},{"taxonomy":"disponibilidad","embeddable":true,"href":"https:\/\/www.upm.es\/recursosidi\/wp-json\/wp\/v2\/disponibilidad?post=8203"},{"taxonomy":"donde","embeddable":true,"href":"https:\/\/www.upm.es\/recursosidi\/wp-json\/wp\/v2\/donde?post=8203"},{"taxonomy":"infraestructura","embeddable":true,"href":"https:\/\/www.upm.es\/recursosidi\/wp-json\/wp\/v2\/infraestructura?post=8203"},{"taxonomy":"ods","embeddable":true,"href":"https:\/\/www.upm.es\/recursosidi\/wp-json\/wp\/v2\/ods?post=8203"},{"taxonomy":"origen","embeddable":true,"href":"https:\/\/www.upm.es\/recursosidi\/wp-json\/wp\/v2\/origen?post=8203"}],"curies":[{"name":"wp","href":"https:\/\/api.w.org\/{rel}","templated":true}]}}