{"id":8209,"date":"2021-11-19T10:16:35","date_gmt":"2021-11-19T09:16:35","guid":{"rendered":"https:\/\/www.upm.es\/recursosidi\/offers-resources\/sin categor\u00eda\/aplicacion-avanzada-de-filtrado-colaborativo-aplicacion-avanzada-de-filtrado-colaborativo\/"},"modified":"2023-11-28T02:31:16","modified_gmt":"2023-11-28T01:31:16","slug":"aplicacion-avanzada-de-filtrado-colaborativo-aplicacion-avanzada-de-filtrado-colaborativo","status":"publish","type":"product","link":"https:\/\/www.upm.es\/recursosidi\/offers-resources\/software\/aplicacion-avanzada-de-filtrado-colaborativo-aplicacion-avanzada-de-filtrado-colaborativo\/","title":{"rendered":"(Aplicaci\u00f3n Avanzada de Filtrado Colaborativo) &#8211; Aplicaci\u00f3n Avanzada de Filtrado Colaborativo"},"content":{"rendered":"<h4><strong>Descripci\u00f3n del software <\/strong><\/h4>\n<p>1. Descripci\u00f3n del programa de ordenador<br \/>\nEsta aplicaci\u00f3n, que tambi\u00e9n se proporciona como API, es capaz de procesar bases de datos de valoraciones num\u00e9ricas o enumeradas que un conjunto de usuarios ha realizado sobre un conjunto de elementos (por ejemplo usuarios de una agencia de viajes acerca de los diferentes destinos ofertados).<br \/>\nTomando como entrada estas valoraciones, la aplicaci\u00f3n realiza procesamientos cl\u00e1sicos de filtrado colaborativo basado en contenido, empleando tanto ecuaciones matem\u00e1ticas conocidas como ecuaciones matem\u00e1ticas originales y propias, fruto de la labor de investigaci\u00f3n desarrollada por los autores en el campo de la recomendaci\u00f3n de sistemas.<br \/>\nLos resultados obtenidos permiten ofrecer recomendaciones certeras a los usuarios basadas en las valoraciones existentes de un conjunto variable de usuarios que se consideran m\u00e1s parecidos a cada uno de los que son recomendados.<br \/>\nLa aplicaci\u00f3n, as\u00ed mismo, proporciona medidas de la calidad de los resultados, con el objetivo de tratar de minimizar los errores existentes entre las estimaciones calculadas por el sistema y las valoraciones de cada usuario.<br \/>\nAl estar estructurado el software como un API, resulta posible utilizarlo como base para la creaci\u00f3n modular de sistemas de mayor tama\u00f1o.<\/p>\n<p>2. Lenguaje de programaci\u00f3n<br \/>\nJava<\/p>\n<p>3. Entorno operativo<br \/>\nMultiplataforma (basado en la m\u00e1quina virtual Java)<\/p>\n<h4><strong>Referencia<\/strong><\/h4>\n<p>M-000407\/2009<\/p>\n<div class=\"pdfprnt-buttons pdfprnt-buttons-product pdfprnt-bottom-left\"><a href=\"https:\/\/www.upm.es\/recursosidi\/wp-json\/wp\/v2\/product\/8209?print=pdf\" class=\"pdfprnt-button pdfprnt-button-pdf\" target=\"_blank\"><span class=\"pdfprnt-button-title pdfprnt-button-pdf-title\">Descargar ficha<\/span><\/a><\/div>","protected":false},"excerpt":{"rendered":"<p>Descripci\u00f3n del software 1. Descripci\u00f3n del programa de ordenador Esta aplicaci\u00f3n, que tambi\u00e9n se proporciona como API, es capaz de procesar bases de datos de&hellip;<\/p>\n","protected":false},"featured_media":0,"template":"","meta":{"_acf_changed":false},"product_cat":[3948],"product_tag":[],"comunidades-upm":[],"quien":[],"mapa":[{"term_id":126,"name":"Tecnolog\u00edas digitales, Inteligencia Artificial, ciberseguridad, 5G, rob\u00f3tica","slug":"tecnologias_digitales-ai-ciberseguridad-5g-robotica","term_group":0,"term_taxonomy_id":126,"taxonomy":"mapa","description":"","parent":0,"count":194,"filter":"raw","term_order":"23"}],"disponibilidad":[],"donde":[{"term_id":240,"name":"Instituto Universitario de Investigaci\u00f3n del Autom\u00f3vil (INSIA)","slug":"instituto-universitario-de-investigacion-del-automovil-insia","term_group":0,"term_taxonomy_id":240,"taxonomy":"donde","description":"","parent":0,"count":18,"filter":"raw","term_order":"0"},{"term_id":3411,"name":"KNOwledge Discovery and Information Systems (KNODIS)","slug":"knowledge-discovery-and-information-systems-knodis","term_group":0,"term_taxonomy_id":3411,"taxonomy":"donde","description":"","parent":0,"count":3,"filter":"raw","term_order":"0"},{"term_id":544,"name":"MERCATOR: Tecnolog\u00edas de la GeoInformaci\u00f3n y Sistemas Inteligentes","slug":"mercator-tecnologias-de-la-geoinformacion-y-sistemas-inteligentes","term_group":0,"term_taxonomy_id":544,"taxonomy":"donde","description":"Los miembros del grupo desarrollan su actividad en &aacute;mbitos vinculados con la informaci&oacute;n geogr&aacute;fica y sistemas inteligentes con <em>soft-computing<\/em> a trav&eacute;s de las siguientes l&iacute;neas de investigaci&oacute;n:\n&nbsp;\n\nInfraestructuras de Datos Espaciales (IDE) y SIG.\nIngenier&iacute;a de Servicios Basados en Localizaci&oacute;n (LBS) y Control Inteligente.\nModelizaci&oacute;n y gesti&oacute;n de grandes bases de datos Espacio-temporales: clim&aacute;ticas, meteorol&oacute;gicas, tur&iacute;sticas y catastrales.\nIncentivaci&oacute;n y explotaci&oacute;n de Informaci&oacute;n Geogr&aacute;fica Voluntaria.\nAgentes de informaci&oacute;n, redes de neuronas, computaci&oacute;n evolutiva, l&oacute;gica borrosa, sistemas de recomendaci&oacute;n, sistemas Bioinspirados y Vida Artificial.\n","parent":0,"count":6,"filter":"raw","term_order":"0"}],"infraestructura":[],"ods":[],"origen":[{"term_id":184,"name":"Software","slug":"software","term_group":0,"term_taxonomy_id":184,"taxonomy":"origen","description":"","parent":0,"count":133,"filter":"raw","term_order":"0"}],"familia_tax":false,"quien_tax":false,"donde_tax":false,"year":"","contacto":"<strong>Investigadores principales: <\/strong><ul><li>FRANCISCO SERRADILLA GARCIA <blockquote><strong>francisco.serradilla@upm.es<\/strong><\/blockquote><\/li><li>JESUS BOBADILLA SANCHO <blockquote><strong>jesus.bobadilla@upm.es<\/strong><\/blockquote><\/li><\/ul>","telefono":"","pagina_web":"","email":"","id_ficha_portal":"323","video":"","adjuntos":false,"adjuntos_portal":"","inf":false,"departamento":"","acf":[],"lang":"es","translation":{"es":8209,"en":10776},"_links":{"self":[{"href":"https:\/\/www.upm.es\/recursosidi\/wp-json\/wp\/v2\/product\/8209"}],"collection":[{"href":"https:\/\/www.upm.es\/recursosidi\/wp-json\/wp\/v2\/product"}],"about":[{"href":"https:\/\/www.upm.es\/recursosidi\/wp-json\/wp\/v2\/types\/product"}],"wp:attachment":[{"href":"https:\/\/www.upm.es\/recursosidi\/wp-json\/wp\/v2\/media?parent=8209"}],"wp:term":[{"taxonomy":"product_cat","embeddable":true,"href":"https:\/\/www.upm.es\/recursosidi\/wp-json\/wp\/v2\/product_cat?post=8209"},{"taxonomy":"product_tag","embeddable":true,"href":"https:\/\/www.upm.es\/recursosidi\/wp-json\/wp\/v2\/product_tag?post=8209"},{"taxonomy":"comunidad_upm","embeddable":true,"href":"https:\/\/www.upm.es\/recursosidi\/wp-json\/wp\/v2\/comunidades-upm?post=8209"},{"taxonomy":"quien","embeddable":true,"href":"https:\/\/www.upm.es\/recursosidi\/wp-json\/wp\/v2\/quien?post=8209"},{"taxonomy":"mapa","embeddable":true,"href":"https:\/\/www.upm.es\/recursosidi\/wp-json\/wp\/v2\/mapa?post=8209"},{"taxonomy":"disponibilidad","embeddable":true,"href":"https:\/\/www.upm.es\/recursosidi\/wp-json\/wp\/v2\/disponibilidad?post=8209"},{"taxonomy":"donde","embeddable":true,"href":"https:\/\/www.upm.es\/recursosidi\/wp-json\/wp\/v2\/donde?post=8209"},{"taxonomy":"infraestructura","embeddable":true,"href":"https:\/\/www.upm.es\/recursosidi\/wp-json\/wp\/v2\/infraestructura?post=8209"},{"taxonomy":"ods","embeddable":true,"href":"https:\/\/www.upm.es\/recursosidi\/wp-json\/wp\/v2\/ods?post=8209"},{"taxonomy":"origen","embeddable":true,"href":"https:\/\/www.upm.es\/recursosidi\/wp-json\/wp\/v2\/origen?post=8209"}],"curies":[{"name":"wp","href":"https:\/\/api.w.org\/{rel}","templated":true}]}}