{"id":8210,"date":"2021-11-19T10:16:37","date_gmt":"2021-11-19T09:16:37","guid":{"rendered":"https:\/\/www.upm.es\/recursosidi\/offers-resources\/sin categor\u00eda\/geobuddies-camino-de-santiago-geobuddies-camino-de-santiago\/"},"modified":"2023-11-28T02:31:17","modified_gmt":"2023-11-28T01:31:17","slug":"geobuddies-camino-de-santiago-geobuddies-camino-de-santiago","status":"publish","type":"product","link":"https:\/\/www.upm.es\/recursosidi\/offers-resources\/software\/geobuddies-camino-de-santiago-geobuddies-camino-de-santiago\/","title":{"rendered":"(GeoBuddies-Camino de Santiago) &#8211; GeoBuddies-Camino de Santiago"},"content":{"rendered":"<h4><strong>Descripci\u00f3n del software <\/strong><\/h4>\n<p>1. Definici\u00f3n del sistema<br \/>\nEl objetivo de este proyecto consiste en el desarrollo de una infraestructura tecnol\u00f3gica que permita a los peregrinos del Camino de Santiago la consulta de informaci\u00f3n a trav\u00e9s de dispositivos m\u00f3viles. Para ello se crear\u00e1 una comunidad virtual de usuarios del Camino de Santiago en la que sus miembros (a trav\u00e9s de sus dispositivos m\u00f3viles) introducir\u00e1n y consultar\u00e1n informaci\u00f3n relevante sobre diferentes aspectos del Camino de Santiago: manejar\u00e1n informaci\u00f3n geogr\u00e1fica y podr\u00e1n anotar sem\u00e1nticamente dicha informaci\u00f3n para almacenarla en la comunidad virtual, de modo que sus miembros puedan hacer uso de dicha informaci\u00f3n. Adem\u00e1s de la comunidad virtual se desarrollar\u00e1 una Arquitectura Orientada a Servicios que permitir\u00e1 a los usuarios acceder a toda la informaci\u00f3n disponible en cualquier momento y en cualquier lugar.<br \/>\n2. Descripci\u00f3n de las funcionalidades del sistema.<br \/>\nGeoBuddies agrupa el siguiente grupo funcionalidades:<br \/>\nl. B\u00fasqueda de recursos. Entendemos por recursos los descritos en el apartado de Especificaci\u00f3n de requisitos. Los usuarios buscan activamente recursos anotados geogr\u00e1ficamente.<br \/>\n2. Recomendaci\u00f3n de recursos. El sistema genera recomendaciones para los usuarios, en base a su perfil y a las contribuciones que haya hecho este al sistema.<br \/>\n3. Introducci\u00f3n de recursos. Todo usuario puede crear recursos con los que contribuye a enriquecer el sistema, agregando nuevos datos.<br \/>\n4. Anotaci\u00f3n de recursos. Los usuarios valoran, comentan y anotan (con tags) los recursos del sistema contribuyendo tambi\u00e9n a enriquecer el sistema, esta vez desde un punto de vista sem\u00e1ntico.<br \/>\n5. Gesti\u00f3n de usuarios. Los usuarios pueden identificarse para acceder a los servicios de la plataforma. El sistema de gesti\u00f3n de usuarios permite elaborar para estos un tratamiento individualizado.<br \/>\n6. Navegaci\u00f3n y posicionamiento geogr\u00e1fico. El software cliente representa mapas a trav\u00e9s de los cuales los usuarios pueden navegar y ver representados todo su historial de recursos (buscados, creados y recomendados). El sistema les ofrece mecanismos para posicionarse en el mapa (posicionamiento por GPS, GPS asistido, triangulaci\u00f3n de se\u00f1al portadora y localizaci\u00f3n por top\u00f3nimo).<br \/>\n\u00bf\tGZipFilter: servicio de compresi\u00f3n de datos.<br \/>\n\u00bf\tGBMapas: servicio de acceso a mapas.<br \/>\n\u00bf\tGBUpload: servicio de subida de informaci\u00f3n.<\/p>\n<h4><strong>Referencia<\/strong><\/h4>\n<p>M-000413\/2009<\/p>\n<div class=\"pdfprnt-buttons pdfprnt-buttons-product pdfprnt-bottom-left\"><a href=\"https:\/\/www.upm.es\/recursosidi\/wp-json\/wp\/v2\/product\/8210?print=pdf\" class=\"pdfprnt-button pdfprnt-button-pdf\" target=\"_blank\"><span class=\"pdfprnt-button-title pdfprnt-button-pdf-title\">Descargar ficha<\/span><\/a><\/div>","protected":false},"excerpt":{"rendered":"<p>Descripci\u00f3n del software 1. Definici\u00f3n del sistema El objetivo de este proyecto consiste en el desarrollo de una infraestructura tecnol\u00f3gica que permita a los peregrinos&hellip;<\/p>\n","protected":false},"featured_media":0,"template":"","meta":{"_acf_changed":false},"product_cat":[3948],"product_tag":[],"comunidades-upm":[],"quien":[],"mapa":[{"term_id":122,"name":"Salud y bienestar","slug":"salud-y-bienestar","term_group":0,"term_taxonomy_id":122,"taxonomy":"mapa","description":"","parent":0,"count":105,"filter":"raw","term_order":"17"},{"term_id":126,"name":"Tecnolog\u00edas digitales, Inteligencia Artificial, ciberseguridad, 5G, rob\u00f3tica","slug":"tecnologias_digitales-ai-ciberseguridad-5g-robotica","term_group":0,"term_taxonomy_id":126,"taxonomy":"mapa","description":"","parent":0,"count":194,"filter":"raw","term_order":"23"}],"disponibilidad":[],"donde":[{"term_id":664,"name":"Centro de I+D+i en Inteligencia Artificial (AI.nnovation Space)","slug":"centro-de-idi-en-inteligencia-artificial-ai-nnovation-space","term_group":0,"term_taxonomy_id":664,"taxonomy":"donde","description":"","parent":0,"count":44,"filter":"raw","term_order":"0"},{"term_id":526,"name":"Ontology Engineering Group","slug":"ontology-engineering-group","term_group":0,"term_taxonomy_id":526,"taxonomy":"donde","description":"Trabajamos en las siguientes l&iacute;neas:\n&nbsp;\n\n<strong>Ingenier&iacute;a Ontol&oacute;gica.<\/strong> Construimos ontolog&iacute;as en dominios muy diversos, as&iacute; como m&eacute;todos y herramientas para facilitar esta tarea.\n<strong>Web Sem&aacute;ntica y Linked Data<\/strong>. Hemos creado Linked Data para organizaciones como la Biblioteca Nacional de Espa&ntilde;a, Instituto Geogr&aacute;fico Nacional, Ayuntamiento de Zaragoza, etc. Tambi&eacute;n hemos creado un gran n&uacute;mero de aplicaciones basadas en estos datos.\n<strong>Ingenier&iacute;a Ling&uuml;&iacute;stica.<\/strong> Aplicamos t&eacute;cnicas de procesamiento de lenguaje natural para la construcci&oacute;n de ontolog&iacute;as y la anotaci&oacute;n de textos, as&iacute; como el tratamiento de la multilingualidad.\n<strong>Integraci&oacute;n de datos.<\/strong> Creamos herramientas para integrar datos de bases de datos relacionales, hojas de c&aacute;lculo, streams de datos,, etc.\n<strong>e-Ciencia Sem&aacute;ntica.<\/strong> Facilitamos la labor de investigadores de varias disciplinas mediante el uso de tecnolog&iacute;as sem&aacute;nticas.\n","parent":0,"count":45,"filter":"raw","term_order":"0"}],"infraestructura":[],"ods":[],"origen":[{"term_id":184,"name":"Software","slug":"software","term_group":0,"term_taxonomy_id":184,"taxonomy":"origen","description":"","parent":0,"count":133,"filter":"raw","term_order":"0"}],"familia_tax":false,"quien_tax":false,"donde_tax":false,"year":"","contacto":"<strong>Investigadores principales: <\/strong><ul><li>OSCAR CORCHO GARCIA <blockquote><strong>oscar.corcho@upm.es<\/strong><\/blockquote><\/li><li>ASUNCION DE MARIA GOMEZ PEREZ <blockquote><strong>asunciondemaria.gomez@upm.es<\/strong><\/blockquote><\/li><li>VICTOR SAQUICELA GALARZA <blockquote><strong><\/strong><\/blockquote><\/li><\/ul><strong>Otros autores: <\/strong><ul><li>RodrigoLago Manteiga Universita Degli Studi Delle Tuscia<\/li> <li> ManuelLama Pen\u00edn Universita Degli Studi Delle Tuscia<\/li> <li>Eduardo ManuelS\u00e1nchez Vila Universita Degli Studi Delle Tuscia<\/li> <li>RodrigoLago Manteiga Universita Degli Studi Delle Tuscia<\/li> <li> ManuelLama Pen\u00edn Universita Degli Studi Delle Tuscia<\/li> <li>Eduardo ManuelS\u00e1nchez Vila Universita Degli Studi Delle Tuscia<\/li> <\/ul>","telefono":"","pagina_web":"","email":"","id_ficha_portal":"324","video":"","adjuntos":false,"adjuntos_portal":"","inf":false,"departamento":"","acf":[],"lang":"es","translation":{"es":8210,"en":10777},"_links":{"self":[{"href":"https:\/\/www.upm.es\/recursosidi\/wp-json\/wp\/v2\/product\/8210"}],"collection":[{"href":"https:\/\/www.upm.es\/recursosidi\/wp-json\/wp\/v2\/product"}],"about":[{"href":"https:\/\/www.upm.es\/recursosidi\/wp-json\/wp\/v2\/types\/product"}],"wp:attachment":[{"href":"https:\/\/www.upm.es\/recursosidi\/wp-json\/wp\/v2\/media?parent=8210"}],"wp:term":[{"taxonomy":"product_cat","embeddable":true,"href":"https:\/\/www.upm.es\/recursosidi\/wp-json\/wp\/v2\/product_cat?post=8210"},{"taxonomy":"product_tag","embeddable":true,"href":"https:\/\/www.upm.es\/recursosidi\/wp-json\/wp\/v2\/product_tag?post=8210"},{"taxonomy":"comunidad_upm","embeddable":true,"href":"https:\/\/www.upm.es\/recursosidi\/wp-json\/wp\/v2\/comunidades-upm?post=8210"},{"taxonomy":"quien","embeddable":true,"href":"https:\/\/www.upm.es\/recursosidi\/wp-json\/wp\/v2\/quien?post=8210"},{"taxonomy":"mapa","embeddable":true,"href":"https:\/\/www.upm.es\/recursosidi\/wp-json\/wp\/v2\/mapa?post=8210"},{"taxonomy":"disponibilidad","embeddable":true,"href":"https:\/\/www.upm.es\/recursosidi\/wp-json\/wp\/v2\/disponibilidad?post=8210"},{"taxonomy":"donde","embeddable":true,"href":"https:\/\/www.upm.es\/recursosidi\/wp-json\/wp\/v2\/donde?post=8210"},{"taxonomy":"infraestructura","embeddable":true,"href":"https:\/\/www.upm.es\/recursosidi\/wp-json\/wp\/v2\/infraestructura?post=8210"},{"taxonomy":"ods","embeddable":true,"href":"https:\/\/www.upm.es\/recursosidi\/wp-json\/wp\/v2\/ods?post=8210"},{"taxonomy":"origen","embeddable":true,"href":"https:\/\/www.upm.es\/recursosidi\/wp-json\/wp\/v2\/origen?post=8210"}],"curies":[{"name":"wp","href":"https:\/\/api.w.org\/{rel}","templated":true}]}}