{"id":8215,"date":"2021-11-19T10:16:43","date_gmt":"2021-11-19T09:16:43","guid":{"rendered":"https:\/\/www.upm.es\/recursosidi\/offers-resources\/sin%20categor\u00eda\/ibse-ibse\/"},"modified":"2023-11-28T02:31:03","modified_gmt":"2023-11-28T01:31:03","slug":"ibse-ibse","status":"publish","type":"product","link":"https:\/\/www.upm.es\/recursosidi\/offers-resources\/software\/ibse-ibse\/","title":{"rendered":"(IBSE) &#8211; IBSE"},"content":{"rendered":"<h4><strong>Descripci\u00f3n del software <\/strong><\/h4>\n<p>Descripci\u00f3n:<br \/>\nEl programa IBSE (Interoperability Benchmark Suite Executor) es una infraestructura de evaluaci\u00f3n que ejecuta autom\u00e1ticamente experimentos de interoperabilidad entre tecnolog\u00edas sem\u00e1nticas utilizando RDF(S) y OWL como lenguajes de intercambio. La herramienta permite, de una forma simple, tanto ejecutar los experimentos como incluir nuevas herramientas en la infraestructura.<br \/>\nAdem\u00e1s, IBSE incluye dos conjuntos de pruebas para evaluar la interoperabilidad de las tecnolog\u00edas sem\u00e1nticas. La RDF(S) Import Benchmark Suite, que sirve para evaluar la interoperabilidad utilizando RDF(S) como lenguaje de intercambio, y la OWL Lite Import Benchmark Suite, que sirve para evaluar la interoperabilidad utilizando OWL como lenguaje de intercambio.<br \/>\nPor cada una de las ontolog\u00edas incluidas en los conjuntos de pruebas, la ontolog\u00eda es importada por la herramienta origen, es exportada al lenguaje de intercambio, es importada a su vez por la herramienta destino, y es exportada de nuevo. Los resultados de los experimentos se obtienen mediante la comparaci\u00f3n de las ontolog\u00edas resultantes en cada paso.<\/p>\n<p>Lenguaje de programaci\u00f3n:<br \/>\nEl software est\u00e1 desarrollado \u00edntegramente en lenguaje java, en concreto utilizando la versi\u00f3n 5.0 de la plataforma J2SE.<\/p>\n<p>Entorno operativo:<br \/>\nAl estar desarrollado en java, podr\u00e1 ejecutarse en cualquier sistema que cuente con la m\u00e1quina virtual java en su versi\u00f3n 5.0 o posteriores, aunque solamente ha sido probado sobre los sistemas operativos Windows XP y Mac OSX. IBSE utiliza la librer\u00eda de manejo de ontolog\u00edas Jena (versi\u00f3n 2.3) y los programas Pellet (versi\u00f3n 1.5.2), KAON2 OWL Tools (0.27) y rdf-utils (0.23b) como soporte a la comparaci\u00f3n de las ontolog\u00edas.<\/p>\n<h4><strong>Referencia<\/strong><\/h4>\n<p>M-004546\/2009<\/p>\n<div class=\"pdfprnt-buttons pdfprnt-buttons-product pdfprnt-bottom-left\"><a href=\"https:\/\/www.upm.es\/recursosidi\/wp-json\/wp\/v2\/product\/8215?print=pdf\" class=\"pdfprnt-button pdfprnt-button-pdf\" target=\"_blank\"><span class=\"pdfprnt-button-title pdfprnt-button-pdf-title\">Descargar ficha<\/span><\/a><\/div>","protected":false},"excerpt":{"rendered":"<p>Descripci\u00f3n del software Descripci\u00f3n: El programa IBSE (Interoperability Benchmark Suite Executor) es una infraestructura de evaluaci\u00f3n que ejecuta autom\u00e1ticamente experimentos de interoperabilidad entre tecnolog\u00edas sem\u00e1nticas&hellip;<\/p>\n","protected":false},"featured_media":0,"template":"","meta":{"_acf_changed":false},"product_cat":[3948],"product_tag":[],"comunidades-upm":[],"quien":[],"mapa":[{"term_id":126,"name":"Tecnolog\u00edas digitales, Inteligencia Artificial, ciberseguridad, 5G, rob\u00f3tica","slug":"tecnologias_digitales-ai-ciberseguridad-5g-robotica","term_group":0,"term_taxonomy_id":126,"taxonomy":"mapa","description":"","parent":0,"count":194,"filter":"raw","term_order":"23"}],"disponibilidad":[],"donde":[{"term_id":664,"name":"Centro de I+D+i en Inteligencia Artificial (AI.nnovation Space)","slug":"centro-de-idi-en-inteligencia-artificial-ai-nnovation-space","term_group":0,"term_taxonomy_id":664,"taxonomy":"donde","description":"","parent":0,"count":44,"filter":"raw","term_order":"0"},{"term_id":526,"name":"Ontology Engineering Group","slug":"ontology-engineering-group","term_group":0,"term_taxonomy_id":526,"taxonomy":"donde","description":"Trabajamos en las siguientes l&iacute;neas:\n&nbsp;\n\n<strong>Ingenier&iacute;a Ontol&oacute;gica.<\/strong> Construimos ontolog&iacute;as en dominios muy diversos, as&iacute; como m&eacute;todos y herramientas para facilitar esta tarea.\n<strong>Web Sem&aacute;ntica y Linked Data<\/strong>. Hemos creado Linked Data para organizaciones como la Biblioteca Nacional de Espa&ntilde;a, Instituto Geogr&aacute;fico Nacional, Ayuntamiento de Zaragoza, etc. Tambi&eacute;n hemos creado un gran n&uacute;mero de aplicaciones basadas en estos datos.\n<strong>Ingenier&iacute;a Ling&uuml;&iacute;stica.<\/strong> Aplicamos t&eacute;cnicas de procesamiento de lenguaje natural para la construcci&oacute;n de ontolog&iacute;as y la anotaci&oacute;n de textos, as&iacute; como el tratamiento de la multilingualidad.\n<strong>Integraci&oacute;n de datos.<\/strong> Creamos herramientas para integrar datos de bases de datos relacionales, hojas de c&aacute;lculo, streams de datos,, etc.\n<strong>e-Ciencia Sem&aacute;ntica.<\/strong> Facilitamos la labor de investigadores de varias disciplinas mediante el uso de tecnolog&iacute;as sem&aacute;nticas.\n","parent":0,"count":45,"filter":"raw","term_order":"0"}],"infraestructura":[],"ods":[],"origen":[{"term_id":184,"name":"Software","slug":"software","term_group":0,"term_taxonomy_id":184,"taxonomy":"origen","description":"","parent":0,"count":133,"filter":"raw","term_order":"0"}],"familia_tax":false,"quien_tax":false,"donde_tax":false,"year":"","contacto":"<strong>Investigadores principales: <\/strong><ul><li>RAUL GARCIA CASTRO <blockquote><strong>r.garcia@upm.es<\/strong><\/blockquote><\/li><li>ASUNCION DE MARIA GOMEZ PEREZ <blockquote><strong>asunciondemaria.gomez@upm.es<\/strong><\/blockquote><\/li><\/ul>","telefono":"","pagina_web":"","email":"","id_ficha_portal":"465","video":"","adjuntos":false,"adjuntos_portal":"","inf":false,"departamento":"","acf":[],"lang":"es","translation":{"es":8215,"en":10767},"_links":{"self":[{"href":"https:\/\/www.upm.es\/recursosidi\/wp-json\/wp\/v2\/product\/8215"}],"collection":[{"href":"https:\/\/www.upm.es\/recursosidi\/wp-json\/wp\/v2\/product"}],"about":[{"href":"https:\/\/www.upm.es\/recursosidi\/wp-json\/wp\/v2\/types\/product"}],"wp:attachment":[{"href":"https:\/\/www.upm.es\/recursosidi\/wp-json\/wp\/v2\/media?parent=8215"}],"wp:term":[{"taxonomy":"product_cat","embeddable":true,"href":"https:\/\/www.upm.es\/recursosidi\/wp-json\/wp\/v2\/product_cat?post=8215"},{"taxonomy":"product_tag","embeddable":true,"href":"https:\/\/www.upm.es\/recursosidi\/wp-json\/wp\/v2\/product_tag?post=8215"},{"taxonomy":"comunidad_upm","embeddable":true,"href":"https:\/\/www.upm.es\/recursosidi\/wp-json\/wp\/v2\/comunidades-upm?post=8215"},{"taxonomy":"quien","embeddable":true,"href":"https:\/\/www.upm.es\/recursosidi\/wp-json\/wp\/v2\/quien?post=8215"},{"taxonomy":"mapa","embeddable":true,"href":"https:\/\/www.upm.es\/recursosidi\/wp-json\/wp\/v2\/mapa?post=8215"},{"taxonomy":"disponibilidad","embeddable":true,"href":"https:\/\/www.upm.es\/recursosidi\/wp-json\/wp\/v2\/disponibilidad?post=8215"},{"taxonomy":"donde","embeddable":true,"href":"https:\/\/www.upm.es\/recursosidi\/wp-json\/wp\/v2\/donde?post=8215"},{"taxonomy":"infraestructura","embeddable":true,"href":"https:\/\/www.upm.es\/recursosidi\/wp-json\/wp\/v2\/infraestructura?post=8215"},{"taxonomy":"ods","embeddable":true,"href":"https:\/\/www.upm.es\/recursosidi\/wp-json\/wp\/v2\/ods?post=8215"},{"taxonomy":"origen","embeddable":true,"href":"https:\/\/www.upm.es\/recursosidi\/wp-json\/wp\/v2\/origen?post=8215"}],"curies":[{"name":"wp","href":"https:\/\/api.w.org\/{rel}","templated":true}]}}