{"id":8276,"date":"2021-11-19T10:18:03","date_gmt":"2021-11-19T09:18:03","guid":{"rendered":"https:\/\/www.upm.es\/recursosidi\/offers-resources\/sin categor\u00eda\/inno-modeling-tool\/"},"modified":"2026-04-22T02:32:05","modified_gmt":"2026-04-22T00:32:05","slug":"inno-modeling-tool","status":"publish","type":"product","link":"https:\/\/www.upm.es\/recursosidi\/offers-resources\/software\/inno-modeling-tool\/","title":{"rendered":"INNO Modeling Tool"},"content":{"rendered":"<h4><strong>Descripci\u00f3n del software <\/strong><\/h4>\n<p>Herramienta de modelado espec\u00edfica de dominio que permite modelar la innovaci\u00f3n de un resultado en la ingenier\u00eda software, entendiendo por resultado uno o varios productos, servicios o procesos software.<\/p>\n<h4><strong>Referencia<\/strong><\/h4>\n<p>M-3999\/2013<\/p>\n<div class=\"pdfprnt-buttons pdfprnt-buttons-product pdfprnt-bottom-left\"><a href=\"https:\/\/www.upm.es\/recursosidi\/wp-json\/wp\/v2\/product\/8276?print=pdf\" class=\"pdfprnt-button pdfprnt-button-pdf\" target=\"_blank\"><span class=\"pdfprnt-button-title pdfprnt-button-pdf-title\">Descargar ficha<\/span><\/a><\/div>","protected":false},"excerpt":{"rendered":"<p>Descripci\u00f3n del software Herramienta de modelado espec\u00edfica de dominio que permite modelar la innovaci\u00f3n de un resultado en la ingenier\u00eda software, entendiendo por resultado uno&hellip;<\/p>\n","protected":false},"featured_media":0,"template":"","meta":{"_acf_changed":false},"product_cat":[3948],"product_tag":[],"comunidades-upm":[],"quien":[],"mapa":[],"disponibilidad":[],"donde":[{"term_id":482,"name":"Grupo de tecnolog\u00eda de software y sistemas","slug":"grupo-de-tecnologia-de-software-y-sistemas","term_group":0,"term_taxonomy_id":482,"taxonomy":"donde","description":"&nbsp;Nuestro grupo tiene una amplia experiencia en:\n&nbsp;\n\nDesarrollo de software global\nArquitectura y modelado de productos software\nInnovaci&oacute;n en ingenier&iacute;a de software\nRedes inteligentes de energ&iacute;a y ciudades inteligentes\n","parent":0,"count":2,"filter":"raw","term_order":"0"}],"infraestructura":[],"ods":[],"origen":[{"term_id":184,"name":"Software","slug":"software","term_group":0,"term_taxonomy_id":184,"taxonomy":"origen","description":"","parent":0,"count":133,"filter":"raw","term_order":"0"}],"familia_tax":false,"quien_tax":false,"donde_tax":false,"year":"","contacto":"<strong>Investigadores principales: <\/strong><ul><li>AGUSTIN YAGUE PANADERO <blockquote><strong>agustin.yague@upm.es<\/strong><\/blockquote><\/li><li>JUAN GARBAJOSA SOPE\u00d1A <blockquote><strong>juan.garbajosa@upm.es<\/strong><\/blockquote><\/li><li>JENIFER PEREZ BENEDI <blockquote><strong>jenifer.perez@upm.es<\/strong><\/blockquote><\/li><li>JESSICA DIAZ FERNANDEZ <blockquote><strong>yesica.diaz@upm.es<\/strong><\/blockquote><\/li><\/ul><strong>Otros investigadores UPM: <\/strong><ul><li>Lilibeth Rodr\u00edguez Fidalgo<\/li><\/ul>","telefono":"","pagina_web":"","email":"","id_ficha_portal":"771","video":"","adjuntos":false,"adjuntos_portal":"","inf":false,"departamento":"","acf":[],"lang":"es","translation":{"es":8276,"en":10709},"_links":{"self":[{"href":"https:\/\/www.upm.es\/recursosidi\/wp-json\/wp\/v2\/product\/8276"}],"collection":[{"href":"https:\/\/www.upm.es\/recursosidi\/wp-json\/wp\/v2\/product"}],"about":[{"href":"https:\/\/www.upm.es\/recursosidi\/wp-json\/wp\/v2\/types\/product"}],"wp:attachment":[{"href":"https:\/\/www.upm.es\/recursosidi\/wp-json\/wp\/v2\/media?parent=8276"}],"wp:term":[{"taxonomy":"product_cat","embeddable":true,"href":"https:\/\/www.upm.es\/recursosidi\/wp-json\/wp\/v2\/product_cat?post=8276"},{"taxonomy":"product_tag","embeddable":true,"href":"https:\/\/www.upm.es\/recursosidi\/wp-json\/wp\/v2\/product_tag?post=8276"},{"taxonomy":"comunidad_upm","embeddable":true,"href":"https:\/\/www.upm.es\/recursosidi\/wp-json\/wp\/v2\/comunidades-upm?post=8276"},{"taxonomy":"quien","embeddable":true,"href":"https:\/\/www.upm.es\/recursosidi\/wp-json\/wp\/v2\/quien?post=8276"},{"taxonomy":"mapa","embeddable":true,"href":"https:\/\/www.upm.es\/recursosidi\/wp-json\/wp\/v2\/mapa?post=8276"},{"taxonomy":"disponibilidad","embeddable":true,"href":"https:\/\/www.upm.es\/recursosidi\/wp-json\/wp\/v2\/disponibilidad?post=8276"},{"taxonomy":"donde","embeddable":true,"href":"https:\/\/www.upm.es\/recursosidi\/wp-json\/wp\/v2\/donde?post=8276"},{"taxonomy":"infraestructura","embeddable":true,"href":"https:\/\/www.upm.es\/recursosidi\/wp-json\/wp\/v2\/infraestructura?post=8276"},{"taxonomy":"ods","embeddable":true,"href":"https:\/\/www.upm.es\/recursosidi\/wp-json\/wp\/v2\/ods?post=8276"},{"taxonomy":"origen","embeddable":true,"href":"https:\/\/www.upm.es\/recursosidi\/wp-json\/wp\/v2\/origen?post=8276"}],"curies":[{"name":"wp","href":"https:\/\/api.w.org\/{rel}","templated":true}]}}