{"id":8340,"date":"2021-11-25T14:03:31","date_gmt":"2021-11-25T13:03:31","guid":{"rendered":"https:\/\/www.upm.es\/recursosidi\/offers-resources\/sin categor\u00eda\/metodo-de-transmision-recepcion-retrocompatible-para-sistemas-mimo\/"},"modified":"2022-08-10T02:00:40","modified_gmt":"2022-08-10T00:00:40","slug":"metodo-de-transmision-recepcion-retrocompatible-para-sistemas-mimo","status":"publish","type":"product","link":"https:\/\/www.upm.es\/recursosidi\/offers-resources\/patentes\/metodo-de-transmision-recepcion-retrocompatible-para-sistemas-mimo\/","title":{"rendered":"M\u00e9todo de transmisi\u00f3n-recepci\u00f3n retrocompatible para sistemas MIMO"},"content":{"rendered":"<h5>Descripci\u00f3n de la patente <\/h5>\n<p>M\u00e9todo de codificaci\u00f3n\/decodificaci\u00f3n espacio-temporal para un sistema MIMO retrocompatible con cualquier sistema que no utilice t\u00e9cnicas espacio-temporales en el receptor caracterizado porque comprende, al menos:<br \/>\n(a) un subproceso de transmisi\u00f3n de se\u00f1al, que comprende a su vez las siguientes etapas:<br \/>\n(i) una primera etapa de modulaci\u00f3n digital de la se\u00f1al;<br \/>\n(ii) una segunda etapa de inserci\u00f3n de pilotos y formaci\u00f3n de trama para correcci\u00f3n de fase, frecuencia y estimaci\u00f3n del canal;<br \/>\n(iii) una tercera etapa de modulaci\u00f3n OFDM, donde se realiza una transformada IFFT;<br \/>\n(iv) una cuarta etapa de codificaci\u00f3n espacio-frecuencial, de tal forma que se combinen las se\u00f1ales y conformar el transmisor del sistema MIMO, distribuyendo las se\u00f1ales por cada una de las antenas transmisoras (8a,8b) y factores de amplitud diferentes para cada antena transmisora;<br \/>\n(v) una quinta etapa de conversi\u00f3n A\/D de las se\u00f1ales digitales para cada una de los subcanales de transmisi\u00f3n, y donde adem\u00e1s se suben en frecuencia;<br \/>\n(vi) una sexta etapa de amplificaci\u00f3n y filtrado;<br \/>\n(vii) una s\u00e9ptima etapa de transmisi\u00f3n al medio; y<br \/>\n(b) un subproceso de recepci\u00f3n de las se\u00f1ales.<\/p>\n<h5>Situaci\u00f3n <\/h5>\n<p>Concedida<\/p>\n<h5>N\u00famero de solicitud<\/h5>\n<p>P200802213<\/p>\n<h5>N\u00famero de publicaci\u00f3n<\/h5>\n<p>ES2352128<\/p>\n<h5>Fecha de presentaci\u00f3n <\/h5>\n<p>24\/07\/2008<\/p>\n<h5>Fecha de concesi\u00f3n <\/h5>\n<p>10\/06\/2011<\/p>\n<div class=\"pdfprnt-buttons pdfprnt-buttons-product pdfprnt-bottom-left\"><a href=\"https:\/\/www.upm.es\/recursosidi\/wp-json\/wp\/v2\/product\/8340?print=pdf\" class=\"pdfprnt-button pdfprnt-button-pdf\" target=\"_blank\"><span class=\"pdfprnt-button-title pdfprnt-button-pdf-title\">Descargar ficha<\/span><\/a><\/div>","protected":false},"excerpt":{"rendered":"<p>Descripci\u00f3n de la patente M\u00e9todo de codificaci\u00f3n\/decodificaci\u00f3n espacio-temporal para un sistema MIMO retrocompatible con cualquier sistema que no utilice t\u00e9cnicas espacio-temporales en el receptor caracterizado&hellip;<\/p>\n","protected":false},"featured_media":0,"template":"","meta":{"_acf_changed":false},"product_cat":[3946],"product_tag":[],"comunidades-upm":[],"quien":[],"mapa":[],"disponibilidad":[],"donde":[{"term_id":460,"name":"Grupo de Radiaci\u00f3n","slug":"grupo-de-radiacion","term_group":0,"term_taxonomy_id":460,"taxonomy":"donde","description":"Nuestro grupo tiene una amplia experiencia en I+D+i en los siguientes temas:\n\n<strong>Dise&ntilde;o, construcci&oacute;n y medida de antenas<\/strong> para todo tipo de aplicaciones (Comunicaciones terrestres, comunicaciones por sat&eacute;lite, radar, etc.)\n<strong>An&aacute;lisis y Evaluaci&oacute;n de Compatibilidad Electromagn&eacute;tica de sistemas complejos<\/strong> (compatibilidad en buques, EMI, etc.)\n<strong>Dise&ntilde;o, construcci&oacute;n y Medida de Sistemas de Radiofrecuencia<\/strong> (Amplificadores de Bajo Nivel de Ruido, Mezcladores, Osciladores, componentes pasivos&hellip;) desde UHF hasta Terahercios.\n<strong>An&aacute;lisis y Dise&ntilde;o mediante Simulaci&oacute;n de Sistemas y Redes de Radiocomunicaciones<\/strong> (Sistemas v&iacute;a Sat&eacute;lite, Sistemas de Comunicaciones M&oacute;viles, Redes de Difusi&oacute;n de TV Digital)\n\n&nbsp;\nNuestro grupo trabaja en las siguientes <strong>l&iacute;neas de investigaci&oacute;n<\/strong>:\n\nDise&ntilde;o y prototipado de antenas reflectoras.\nDise&ntilde;o y prototipado de arrays de antenas.\nMedida de antenas y circuitos de radiofrecuencia.\nAntenas inteligentes y sistemas MIMO para Estaciones Base y Terminales.\nCircuitos de Radiofrecuencia.\nSimulaci&oacute;n y Emulaci&oacute;n de Sistemas de Comunicaciones.\n","parent":0,"count":7,"filter":"raw","term_order":"0"},{"term_id":642,"name":"Information Processing and Telecommunications Center (IPTC)","slug":"information-processing-and-telecommunications-center-iptc","term_group":0,"term_taxonomy_id":642,"taxonomy":"donde","description":"","parent":0,"count":74,"filter":"raw","term_order":"0"}],"infraestructura":[],"ods":[],"origen":[{"term_id":180,"name":"Patente","slug":"patente","term_group":0,"term_taxonomy_id":180,"taxonomy":"origen","description":"","parent":0,"count":614,"filter":"raw","term_order":"0"}],"familia_tax":false,"quien_tax":false,"donde_tax":false,"year":"","contacto":"<strong>Principales: <\/strong><ul><li>RAMON MARTINEZ RODRIGUEZ-OSORIO <blockquote><strong>ramon.martinez@upm.es<\/strong><\/blockquote><\/li><li>LEANDRO DE HARO ARIET <blockquote><strong>leandro.deharo.ariet@upm.es<\/strong><\/blockquote><\/li><li>CARLOS G\u00d3MEZ CALERO <blockquote><strong><\/strong><\/blockquote><\/li><\/ul>","telefono":"","pagina_web":"","email":"","id_ficha_portal":"268","video":"","adjuntos":false,"adjuntos_portal":"https:\/\/www.upm.es\/S2i\/Acuse\/recuperarArchivo.jsp?id=268&id_archivo=603&tipo=patente&extension=fichero ","inf":false,"departamento":"","acf":[],"lang":"es","translation":{"es":8340},"_links":{"self":[{"href":"https:\/\/www.upm.es\/recursosidi\/wp-json\/wp\/v2\/product\/8340"}],"collection":[{"href":"https:\/\/www.upm.es\/recursosidi\/wp-json\/wp\/v2\/product"}],"about":[{"href":"https:\/\/www.upm.es\/recursosidi\/wp-json\/wp\/v2\/types\/product"}],"wp:attachment":[{"href":"https:\/\/www.upm.es\/recursosidi\/wp-json\/wp\/v2\/media?parent=8340"}],"wp:term":[{"taxonomy":"product_cat","embeddable":true,"href":"https:\/\/www.upm.es\/recursosidi\/wp-json\/wp\/v2\/product_cat?post=8340"},{"taxonomy":"product_tag","embeddable":true,"href":"https:\/\/www.upm.es\/recursosidi\/wp-json\/wp\/v2\/product_tag?post=8340"},{"taxonomy":"comunidad_upm","embeddable":true,"href":"https:\/\/www.upm.es\/recursosidi\/wp-json\/wp\/v2\/comunidades-upm?post=8340"},{"taxonomy":"quien","embeddable":true,"href":"https:\/\/www.upm.es\/recursosidi\/wp-json\/wp\/v2\/quien?post=8340"},{"taxonomy":"mapa","embeddable":true,"href":"https:\/\/www.upm.es\/recursosidi\/wp-json\/wp\/v2\/mapa?post=8340"},{"taxonomy":"disponibilidad","embeddable":true,"href":"https:\/\/www.upm.es\/recursosidi\/wp-json\/wp\/v2\/disponibilidad?post=8340"},{"taxonomy":"donde","embeddable":true,"href":"https:\/\/www.upm.es\/recursosidi\/wp-json\/wp\/v2\/donde?post=8340"},{"taxonomy":"infraestructura","embeddable":true,"href":"https:\/\/www.upm.es\/recursosidi\/wp-json\/wp\/v2\/infraestructura?post=8340"},{"taxonomy":"ods","embeddable":true,"href":"https:\/\/www.upm.es\/recursosidi\/wp-json\/wp\/v2\/ods?post=8340"},{"taxonomy":"origen","embeddable":true,"href":"https:\/\/www.upm.es\/recursosidi\/wp-json\/wp\/v2\/origen?post=8340"}],"curies":[{"name":"wp","href":"https:\/\/api.w.org\/{rel}","templated":true}]}}

https://www.upm.es/recursosidi/offers-resources/sin categoría/metodo-de-transmision-recepcion-retrocompatible-para-sistemas-mimo/

Método de transmisión-recepción retrocompatible para sistemas MIMO

<h5>Descripción de la patente </h5>
<p>Método de codificación/decodificación espacio-temporal para un sistema MIMO retrocompatible con cualquier sistema que no utilice técnicas espacio-temporales en el receptor caracterizado porque comprende, al menos:<br />
(a) un subproceso de transmisión de señal, que comprende a su vez las siguientes etapas:<br />
(i) una primera etapa de modulación digital de la señal;<br />
(ii) una segunda etapa de inserción de pilotos y formación de trama para corrección de fase, frecuencia y estimación del canal;<br />
(iii) una tercera etapa de modulación OFDM, donde se realiza una transformada IFFT;<br />
(iv) una cuarta etapa de codificación espacio-frecuencial, de tal forma que se combinen las señales y conformar el transmisor del sistema MIMO, distribuyendo las señales por cada una de las antenas transmisoras (8a,8b) y factores de amplitud diferentes para cada antena transmisora;<br />
(v) una quinta etapa de conversión A/D de las señales digitales para cada una de los subcanales de transmisión, y donde además se suben en frecuencia;<br />
(vi) una sexta etapa de amplificación y filtrado;<br />
(vii) una séptima etapa de transmisión al medio; y<br />
(b) un subproceso de recepción de las señales.</p>
<h5>Situación </h5>
<p>Concedida</p>
<h5>Número de solicitud</h5>
<p>P200802213</p>
<h5>Número de publicación</h5>
<p>ES2352128</p>
<h5>Fecha de presentación </h5>
<p>24/07/2008</p>
<h5>Fecha de concesión </h5>
<p>10/06/2011</p>
<div class="pdfprnt-buttons pdfprnt-buttons-product pdfprnt-bottom-left"><a href="https://www.upm.es/recursosidi/wp-json/wp/v2/product/8340?print=pdf" class="pdfprnt-button pdfprnt-button-pdf" target="_blank"><span class="pdfprnt-button-title pdfprnt-button-pdf-title">Descargar ficha</span></a></div>

<p>Descripción de la patente Método de codificación/decodificación espacio-temporal para un sistema MIMO retrocompatible con cualquier sistema que no utilice técnicas espacio-temporales en el receptor caracterizado&hellip;</p>

Grupo de Radiación

<strong>Principales: </strong><ul><li>RAMON MARTINEZ RODRIGUEZ-OSORIO <blockquote><strong>ramon.martinez@upm.es</strong></blockquote></li><li>LEANDRO DE HARO ARIET <blockquote><strong>leandro.deharo.ariet@upm.es</strong></blockquote></li><li>CARLOS GÓMEZ CALERO <blockquote><strong></strong></blockquote></li></ul>
